{"id":1302,"date":"2023-12-30T13:48:05","date_gmt":"2023-12-30T12:48:05","guid":{"rendered":"https:\/\/agora.xtec.cat\/insalfonscostafreda\/?page_id=1302"},"modified":"2026-02-04T09:50:45","modified_gmt":"2026-02-04T08:50:45","slug":"innovacio-i-recerca","status":"publish","type":"page","link":"https:\/\/agora.xtec.cat\/insalfonscostafreda\/projectes\/innovacio-i-recerca\/","title":{"rendered":"Hist\u00f2ric de programes d&#8217;innovaci\u00f3"},"content":{"rendered":"\n<figure class=\"wp-block-table\"><table><tbody><tr><td><img decoding=\"async\" src=\"https:\/\/clic.xtec.cat\/pub\/innovacio\/logos\/catskills.webp\" alt=\"Campionat de Catalunya de l'FP i proves t\u00e8cniques de les Olimp\u00edades d'FP - SKILLS\" style=\"width: 50px;\"><\/td><td>Campionat de Catalunya de l&#8217;FP i proves t\u00e8nciques de les Olimp\u00edades d&#8217;FP -SKILLS<br><em>Curs 2018-2019<\/em><\/td><\/tr><tr><td><img decoding=\"async\" src=\"https:\/\/clic.xtec.cat\/pub\/innovacio\/logos\/mufps.webp\" alt=\"Comunitat de centres formadors\" style=\"width: 50px;\"><\/td><td>Comunitat de centres formadors<br><em>Cursos 2022-2023, 2023-2024, 2024-2025 *<\/em><\/td><\/tr><tr><td><img decoding=\"async\" src=\"https:\/\/clic.xtec.cat\/pub\/innovacio\/logos\/gep.webp\" alt=\"Generaci\u00f3 pluriling\u00fce (GEP)\" style=\"width: 50px;\"><\/td><td>Generaci\u00f3 pluriling\u00fcisme (GEP)<br><em>Curs 2015-2016<\/em><\/td><\/tr><tr><td><img decoding=\"async\" src=\"https:\/\/clic.xtec.cat\/pub\/innovacio\/logos\/pee.webp\" alt=\"Plans educatius d'entorn 0-20\" style=\"width: 50px;\"><\/td><td>Plans educatius d&#8217;entorn 0-20<br><em>Cursos 2018-2019, 2019-2020, 2020-2021, 2021-2022<\/em><\/td><\/tr><tr><td><img decoding=\"async\" src=\"https:\/\/clic.xtec.cat\/pub\/innovacio\/logos\/mufps.webp\" alt=\"Pr\u00e0ctiques en centres educatius del m\u00e0ster universitari de formaci\u00f3 del professorat d\u2019ESO, Batxillerat, FP i Idiomes\" style=\"width: 50px;\"><\/td><td>Pr\u00e0ctiques en centres educatis del m\u00e0ster universitari de formaci\u00f3 del professorat d&#8217;ESO, Batxillerat, FP i idiomes<br><em>Cursos 2022-2023, 2023-2024, 2024-2025*<\/em><\/td><\/tr><tr><td><img decoding=\"async\" src=\"https:\/\/clic.xtec.cat\/pub\/innovacio\/logos\/activafp.webp\" alt=\"Programa Activa FP\" style=\"width: 50px;\"><\/td><td>Programa activaFP<br><em>Cursos 2020-2021, 2021-2022, 2022-2023, 2023-2024<\/em><\/td><\/tr><tr><td><img decoding=\"async\" src=\"https:\/\/clic.xtec.cat\/pub\/innovacio\/logos\/assessorament_fp.webp\" alt=\"Programa d'assessorament professional a les persones i a les empreses\" style=\"width: 65px;\"><\/td><td>Programa d&#8217;assessorament professional a les persones i a les empreses <br><em>Curs 202-2019<\/em><\/td><\/tr><tr><td><img decoding=\"async\" src=\"https:\/\/clic.xtec.cat\/pub\/innovacio\/logos\/emprenfp.webp\" alt=\"Programa d'innovaci\u00f3 pedag\u00f2gica Empr\u00e8nFP\" style=\"width: 50px;\"><\/td><td>Programa d&#8217;innovaci\u00f3 pedag\u00f2gica Empr\u00e8nFP<br><em>Cursos 2020-2021-2021-2022, 2002-2023, 2023-2024<\/em><\/td><\/tr><tr><td><img decoding=\"async\" style=\"width: 50px;\" src=\"https:\/\/clic.xtec.cat\/pub\/innovacio\/logos\/innova_fp.webp\" alt=\"Programa d\u00b4innovaci\u00f3 i transfer\u00e8ncia de coneixement  InnovaFP\"><\/td><td>Programa d&#8217;innovaci\u00f3 i transfer\u00e8ncia de coneixement InnovaFP<br><em>Cursos 2020-2021-2021-2022, 2002-2023, 2023-2024<\/em><\/td><\/tr><tr><td><img decoding=\"async\" style=\"width: 65px;\" src=\"https:\/\/clic.xtec.cat\/pub\/innovacio\/logos\/fpdual.webp\" alt=\"Programa de formaci\u00f3 en alternan\u00e7a en els ensenyaments de FPI\"><\/td><td>Programa de formaci\u00f3 en alternan\u00e7a en els ensenyaments de FPI<br><em>Cursos 2015-2026, 2016-2017, 2017-2018, 2018-2019, 2019-2020, 2020-2021, 2021-2022, 2022-2023, 2023-2024<\/em><\/td><\/tr><tr><td><img decoding=\"async\" src=\"https:\/\/clic.xtec.cat\/pub\/innovacio\/logos\/mobilitat.webp\" alt=\"Programa de mobilitat formativa i cooperaci\u00f3 europea i internacional en els ensenyaments professionals\" style=\"width: 50px;\"><\/td><td>Programa de mobilitat formativa i cooperaci\u00f3 europea i internacional en els ensenyaments professionals<br><em>Cursos 2016-2017, 2017-2018, 2018-2019, 2019-2020, 2020-2021, 2021-2022, 2022-2023, 2023-2024<\/em><\/td><\/tr><tr><td><img decoding=\"async\" src=\"https:\/\/clic.xtec.cat\/pub\/innovacio\/logos\/qualitat_millora.webp\" alt=\"Programa de Qualitat i Millora cont\u00ednua\" style=\"width: 65px;\"><\/td><td>Programa de Qualitat i millora cont\u00ednua<br><em>Cursos 2015-2026,<\/em> <em>2016-2017, 2017-2018, 2018-2019, 2019-2020, 2020-2021, 2021-2022, 2022-2023, 2023-2024<\/em><\/td><\/tr><tr><td><img decoding=\"async\" src=\"https:\/\/clic.xtec.cat\/pub\/innovacio\/logos\/assessorament_fp.webp\" alt=\"Programa EmpresaFP\" style=\"width: 65px;\"><\/td><td>Programa EmpresaFP<br>Cursos <em>2020-2021, 2021-2022, 2022-2023, 2023-2024<\/em><\/td><\/tr><tr><td><img decoding=\"async\" src=\"https:\/\/clic.xtec.cat\/pub\/innovacio\/logos\/orientafp.webp\" alt=\"Programa OrientaFP\" style=\"width: 50px;\"><\/td><td>Programa OrientaFP<br><em>Cursos 2019-2020,<\/em> <em>2020-2021, 2021-2022, 2022-2023, 2023-2024<\/em><\/td><\/tr><tr><td><img decoding=\"async\" src=\"https:\/\/clic.xtec.cat\/pub\/innovacio\/logos\/gep.webp\" alt=\"Xarxa centres GEP\" style=\"width: 50px;\"><\/td><td>Xarxa centres GEP<br><em>Curs 2020-2021*<\/em><\/td><\/tr><tr><td><img decoding=\"async\" src=\"https:\/\/clic.xtec.cat\/pub\/innovacio\/logos\/xcdc.webp\" alt=\"Xarxa Comissi\u00f3 Digital de Centre\" style=\"width: 50px;\"><\/td><td>Xarxa Comissi\u00f3 Digital de Centre<br>Curs <em>2024-2025*<\/em><\/td><\/tr><tr><td><img decoding=\"async\" style=\"width: 50px;\" src=\"https:\/\/clic.xtec.cat\/pub\/innovacio\/logos\/xcdc.webp\" alt=\"Xarxa Comissi\u00f3 Digital de Centre\"><\/td><td>Xarxa Coordinaci\u00f3 Digital Centre<br><em>Curs 2024-2025*<\/em><\/td><\/tr><tr><td><img decoding=\"async\" src=\"https:\/\/clic.xtec.cat\/pub\/innovacio\/logos\/xarxa_competencies.webp\" alt=\"Xarxa de compet\u00e8ncies\" style=\"width: 50px;\"><\/td><td>Xarxa de compet\u00e8ncies <br><em>Cursos <\/em>2028-2019, 2019-2020, <em>2020-2021, 2021-2022, 2022-2023, 2023-2024<\/em>, <em>2024-2025*<\/em><\/td><\/tr><tr><td><img decoding=\"async\" src=\"https:\/\/clic.xtec.cat\/pub\/innovacio\/logos\/xev.webp\" alt=\"Xarxa Escoles Verdes\" style=\"width: 50px;\"><\/td><td>Xarxa Escoles Verdes<br><em>Cursos<\/em><em> 2023-2024<\/em>, <em>2024-2025*<\/em><\/td><\/tr><\/tbody><\/table><figcaption class=\"wp-element-caption\"><em>*: Participaci\u00f3 en curs<\/em><\/figcaption><\/figure>\n\n\n\n<p>Mapa d&#8217;innovaci\u00f3 pedag\u00f2gica: <a href=\"https:\/\/innovacio.xtec.gencat.cat\/centre\/25006781\">https:\/\/innovacio.xtec.gencat.cat\/centre\/25006781<\/a><\/p>\n","protected":false},"excerpt":{"rendered":"<p>Campionat de Catalunya de l&#8217;FP i proves t\u00e8nciques de les Olimp\u00edades d&#8217;FP -SKILLSCurs 2018-2019 Comunitat de centres formadorsCursos 2022-2023, 2023-2024, 2024-2025 * Generaci\u00f3 pluriling\u00fcisme (GEP)Curs 2015-2016 Plans educatius d&#8217;entorn 0-20Cursos 2018-2019, 2019-2020, 2020-2021, 2021-2022 Pr\u00e0ctiques en centres educatis del m\u00e0ster universitari de formaci\u00f3 del professorat d&#8217;ESO, Batxillerat, FP i idiomesCursos 2022-2023, 2023-2024, 2024-2025* Programa activaFPCursos [&hellip;]<\/p>\n","protected":false},"author":1,"featured_media":0,"parent":535,"menu_order":11,"comment_status":"closed","ping_status":"closed","template":"page-templates\/side-menu.php","meta":{"_bbp_topic_count":0,"_bbp_reply_count":0,"_bbp_total_topic_count":0,"_bbp_total_reply_count":0,"_bbp_voice_count":0,"_bbp_anonymous_reply_count":0,"_bbp_topic_count_hidden":0,"_bbp_reply_count_hidden":0,"_bbp_forum_subforum_count":0,"site-sidebar-layout":"default","site-content-layout":"","ast-site-content-layout":"","site-content-style":"default","site-sidebar-style":"default","ast-global-header-display":"","ast-banner-title-visibility":"","ast-main-header-display":"","ast-hfb-above-header-display":"","ast-hfb-below-header-display":"","ast-hfb-mobile-header-display":"","site-post-title":"","ast-breadcrumbs-content":"","ast-featured-img":"","footer-sml-layout":"","theme-transparent-header-meta":"","adv-header-id-meta":"","stick-header-meta":"","header-above-stick-meta":"","header-main-stick-meta":"","header-below-stick-meta":"","astra-migrate-meta-layouts":"default","ast-page-background-enabled":"default","ast-page-background-meta":{"desktop":{"background-color":"var(--ast-global-color-4)","background-image":"","background-repeat":"repeat","background-position":"center center","background-size":"auto","background-attachment":"scroll","background-type":"","background-media":"","overlay-type":"","overlay-color":"","overlay-opacity":"","overlay-gradient":""},"tablet":{"background-color":"","background-image":"","background-repeat":"repeat","background-position":"center center","background-size":"auto","background-attachment":"scroll","background-type":"","background-media":"","overlay-type":"","overlay-color":"","overlay-opacity":"","overlay-gradient":""},"mobile":{"background-color":"","background-image":"","background-repeat":"repeat","background-position":"center center","background-size":"auto","background-attachment":"scroll","background-type":"","background-media":"","overlay-type":"","overlay-color":"","overlay-opacity":"","overlay-gradient":""}},"ast-content-background-meta":{"desktop":{"background-color":"var(--ast-global-color-5)","background-image":"","background-repeat":"repeat","background-position":"center center","background-size":"auto","background-attachment":"scroll","background-type":"","background-media":"","overlay-type":"","overlay-color":"","overlay-opacity":"","overlay-gradient":""},"tablet":{"background-color":"var(--ast-global-color-5)","background-image":"","background-repeat":"repeat","background-position":"center center","background-size":"auto","background-attachment":"scroll","background-type":"","background-media":"","overlay-type":"","overlay-color":"","overlay-opacity":"","overlay-gradient":""},"mobile":{"background-color":"var(--ast-global-color-5)","background-image":"","background-repeat":"repeat","background-position":"center center","background-size":"auto","background-attachment":"scroll","background-type":"","background-media":"","overlay-type":"","overlay-color":"","overlay-opacity":"","overlay-gradient":""}},"footnotes":""},"class_list":["post-1302","page","type-page","status-publish","hentry"],"post_mailing_queue_ids":[],"_links":{"self":[{"href":"https:\/\/agora.xtec.cat\/insalfonscostafreda\/wp-json\/wp\/v2\/pages\/1302","targetHints":{"allow":["GET"]}}],"collection":[{"href":"https:\/\/agora.xtec.cat\/insalfonscostafreda\/wp-json\/wp\/v2\/pages"}],"about":[{"href":"https:\/\/agora.xtec.cat\/insalfonscostafreda\/wp-json\/wp\/v2\/types\/page"}],"author":[{"embeddable":true,"href":"https:\/\/agora.xtec.cat\/insalfonscostafreda\/wp-json\/wp\/v2\/users\/1"}],"replies":[{"embeddable":true,"href":"https:\/\/agora.xtec.cat\/insalfonscostafreda\/wp-json\/wp\/v2\/comments?post=1302"}],"version-history":[{"count":6,"href":"https:\/\/agora.xtec.cat\/insalfonscostafreda\/wp-json\/wp\/v2\/pages\/1302\/revisions"}],"predecessor-version":[{"id":14475,"href":"https:\/\/agora.xtec.cat\/insalfonscostafreda\/wp-json\/wp\/v2\/pages\/1302\/revisions\/14475"}],"up":[{"embeddable":true,"href":"https:\/\/agora.xtec.cat\/insalfonscostafreda\/wp-json\/wp\/v2\/pages\/535"}],"wp:attachment":[{"href":"https:\/\/agora.xtec.cat\/insalfonscostafreda\/wp-json\/wp\/v2\/media?parent=1302"}],"curies":[{"name":"wp","href":"https:\/\/api.w.org\/{rel}","templated":true}]}}