{"id":27,"date":"2014-09-17T16:24:03","date_gmt":"2014-09-17T16:24:03","guid":{"rendered":"http:\/\/agora.xtec.cat\/iesalbadelvalles\/?page_id=27"},"modified":"2023-09-25T12:18:29","modified_gmt":"2023-09-25T10:18:29","slug":"historia","status":"publish","type":"page","link":"https:\/\/agora.xtec.cat\/insalba\/linstitut\/historia\/","title":{"rendered":"Qui som"},"content":{"rendered":"<p align=\"justify\">L&#8217;institut Alba del Vall\u00e8s \u00e9s el centre de refer\u00e8ncia dels pobles de\u00a0<b>Sant Fost de Campsentelles, Martorelles i Santa Maria de Martorelles<\/b>. El nostre nom, molt po\u00e8tic, es deu a ser el primer poble del Vall\u00e8s Oriental en rebre cada dia la llum del sol.<\/p>\n<p align=\"justify\">Desenvolupem les nostres activitats des del curs 1995-96. En les nostres instal\u00b7lacions hi conviuen di\u00e0riament m\u00e9s de 700 alumnes i m\u00e9s de 70 professionals.<\/p>\n<p align=\"justify\">Impartim formaci\u00f3 secund\u00e0ria obligat\u00f2ria i batxillerat, tant cient\u00edfic com d&#8217;humanitats. Treballem estrat\u00e8gicament, comptem amb un pla d&#8217;atenci\u00f3 a la diversitat, projectes did\u00e0ctics propis, atenci\u00f3 tutorial personalitzada, plans de qualitat i excel\u00b7l\u00e8ncia&#8230;i molt bona conviv\u00e8ncia fruit de la import\u00e0ncia que li donem a la cohesi\u00f3 social. Per aix\u00f2 potenciem diferents celebracions de caire cultural i l\u00fadic: Nadal, Carnestoltes i Sant Jordi, entre d\u2019altres.<\/p>\n<p align=\"justify\">Programem activitats complement\u00e0ries i extraescolars amb la col\u00b7laboraci\u00f3 de l\u2019AMPA.<\/p>\n<p>Benvinguts a l&#8217;Alba del Vall\u00e8s!<\/p>\n<p>&nbsp;<\/p>\n<p><iframe loading=\"lazy\" id=\"iframe_container\" src=\"https:\/\/prezi.com\/embed\/a2poksfvz1mf\/?bgcolor=ffffff&amp;lock_to_path=0&amp;autoplay=0&amp;autohide_ctrls=0#\" width=\"700\" height=\"509\" frameborder=\"0\" allowfullscreen=\"allowfullscreen\"><\/iframe><\/p>\n","protected":false},"excerpt":{"rendered":"<p>L&#8217;institut Alba del Vall\u00e8s \u00e9s el centre de refer\u00e8ncia dels pobles de\u00a0Sant Fost de Campsentelles, Martorelles i Santa Maria de Martorelles. El nostre nom, molt po\u00e8tic, es deu a ser el primer poble del Vall\u00e8s Oriental en rebre cada dia la llum del sol. Desenvolupem les nostres activitats des del curs 1995-96. En les nostres [&hellip;]<\/p>\n","protected":false},"author":1,"featured_media":0,"parent":19,"menu_order":20,"comment_status":"closed","ping_status":"closed","template":"page-templates\/side-menu.php","meta":{"_bbp_topic_count":0,"_bbp_reply_count":0,"_bbp_total_topic_count":0,"_bbp_total_reply_count":0,"_bbp_voice_count":0,"_bbp_anonymous_reply_count":0,"_bbp_topic_count_hidden":0,"_bbp_reply_count_hidden":0,"_bbp_forum_subforum_count":0,"site-sidebar-layout":"default","site-content-layout":"","ast-site-content-layout":"","site-content-style":"default","site-sidebar-style":"default","ast-global-header-display":"","ast-banner-title-visibility":"","ast-main-header-display":"","ast-hfb-above-header-display":"","ast-hfb-below-header-display":"","ast-hfb-mobile-header-display":"","site-post-title":"","ast-breadcrumbs-content":"","ast-featured-img":"","footer-sml-layout":"","theme-transparent-header-meta":"","adv-header-id-meta":"","stick-header-meta":"","header-above-stick-meta":"","header-main-stick-meta":"","header-below-stick-meta":"","astra-migrate-meta-layouts":"default","ast-page-background-enabled":"default","ast-page-background-meta":{"desktop":{"background-color":"var(--ast-global-color-5)","background-image":"","background-repeat":"repeat","background-position":"center center","background-size":"auto","background-attachment":"scroll","background-type":"","background-media":"","overlay-type":"","overlay-color":"","overlay-opacity":"","overlay-gradient":""},"tablet":{"background-color":"","background-image":"","background-repeat":"repeat","background-position":"center center","background-size":"auto","background-attachment":"scroll","background-type":"","background-media":"","overlay-type":"","overlay-color":"","overlay-opacity":"","overlay-gradient":""},"mobile":{"background-color":"","background-image":"","background-repeat":"repeat","background-position":"center center","background-size":"auto","background-attachment":"scroll","background-type":"","background-media":"","overlay-type":"","overlay-color":"","overlay-opacity":"","overlay-gradient":""}},"ast-content-background-meta":{"desktop":{"background-color":"var(--ast-global-color-4)","background-image":"","background-repeat":"repeat","background-position":"center center","background-size":"auto","background-attachment":"scroll","background-type":"","background-media":"","overlay-type":"","overlay-color":"","overlay-opacity":"","overlay-gradient":""},"tablet":{"background-color":"var(--ast-global-color-4)","background-image":"","background-repeat":"repeat","background-position":"center center","background-size":"auto","background-attachment":"scroll","background-type":"","background-media":"","overlay-type":"","overlay-color":"","overlay-opacity":"","overlay-gradient":""},"mobile":{"background-color":"var(--ast-global-color-4)","background-image":"","background-repeat":"repeat","background-position":"center center","background-size":"auto","background-attachment":"scroll","background-type":"","background-media":"","overlay-type":"","overlay-color":"","overlay-opacity":"","overlay-gradient":""}},"footnotes":""},"class_list":["post-27","page","type-page","status-publish","hentry"],"post_mailing_queue_ids":[],"_links":{"self":[{"href":"https:\/\/agora.xtec.cat\/insalba\/wp-json\/wp\/v2\/pages\/27","targetHints":{"allow":["GET"]}}],"collection":[{"href":"https:\/\/agora.xtec.cat\/insalba\/wp-json\/wp\/v2\/pages"}],"about":[{"href":"https:\/\/agora.xtec.cat\/insalba\/wp-json\/wp\/v2\/types\/page"}],"author":[{"embeddable":true,"href":"https:\/\/agora.xtec.cat\/insalba\/wp-json\/wp\/v2\/users\/1"}],"replies":[{"embeddable":true,"href":"https:\/\/agora.xtec.cat\/insalba\/wp-json\/wp\/v2\/comments?post=27"}],"version-history":[{"count":4,"href":"https:\/\/agora.xtec.cat\/insalba\/wp-json\/wp\/v2\/pages\/27\/revisions"}],"predecessor-version":[{"id":21669,"href":"https:\/\/agora.xtec.cat\/insalba\/wp-json\/wp\/v2\/pages\/27\/revisions\/21669"}],"up":[{"embeddable":true,"href":"https:\/\/agora.xtec.cat\/insalba\/wp-json\/wp\/v2\/pages\/19"}],"wp:attachment":[{"href":"https:\/\/agora.xtec.cat\/insalba\/wp-json\/wp\/v2\/media?parent=27"}],"curies":[{"name":"wp","href":"https:\/\/api.w.org\/{rel}","templated":true}]}}