{"id":595,"date":"2022-01-29T20:19:32","date_gmt":"2022-01-29T19:19:32","guid":{"rendered":"https:\/\/agora.xtec.cat\/insagmundet\/?page_id=595"},"modified":"2026-03-06T11:39:20","modified_gmt":"2026-03-06T10:39:20","slug":"auxiliar-de-confeccio-en-textil-i-pell","status":"publish","type":"page","link":"https:\/\/agora.xtec.cat\/insagmundet\/estudis\/cicles-formatius\/pfi\/auxiliar-de-confeccio-en-textil-i-pell\/","title":{"rendered":"Auxiliar de Confecci\u00f3 en T\u00e8xtil i Pell"},"content":{"rendered":"<p>Informaci\u00f3 <a href=\"https:\/\/triaeducativa.gencat.cat\/ca\/estudis?auxiliar-confeccio-textil-pell&amp;p_id=2791\">Tria educativa<\/a><\/p>\n","protected":false},"excerpt":{"rendered":"<p>Informaci\u00f3 <a href=\"https:\/\/triaeducativa.gencat.cat\/ca\/estudis?auxiliar-confeccio-textil-pell&amp;p_id=2791\">Tria educativa<\/a><\/p>\n","protected":false},"author":1,"featured_media":0,"parent":567,"menu_order":0,"comment_status":"closed","ping_status":"closed","template":"page-templates\/side-menu.php","meta":{"_bbp_topic_count":0,"_bbp_reply_count":0,"_bbp_total_topic_count":0,"_bbp_total_reply_count":0,"_bbp_voice_count":0,"_bbp_anonymous_reply_count":0,"_bbp_topic_count_hidden":0,"_bbp_reply_count_hidden":0,"_bbp_forum_subforum_count":0,"footnotes":""},"class_list":["post-595","page","type-page","status-publish","hentry"],"post_mailing_queue_ids":[],"_links":{"self":[{"href":"https:\/\/agora.xtec.cat\/insagmundet\/wp-json\/wp\/v2\/pages\/595","targetHints":{"allow":["GET"]}}],"collection":[{"href":"https:\/\/agora.xtec.cat\/insagmundet\/wp-json\/wp\/v2\/pages"}],"about":[{"href":"https:\/\/agora.xtec.cat\/insagmundet\/wp-json\/wp\/v2\/types\/page"}],"author":[{"embeddable":true,"href":"https:\/\/agora.xtec.cat\/insagmundet\/wp-json\/wp\/v2\/users\/1"}],"replies":[{"embeddable":true,"href":"https:\/\/agora.xtec.cat\/insagmundet\/wp-json\/wp\/v2\/comments?post=595"}],"version-history":[{"count":2,"href":"https:\/\/agora.xtec.cat\/insagmundet\/wp-json\/wp\/v2\/pages\/595\/revisions"}],"predecessor-version":[{"id":2329,"href":"https:\/\/agora.xtec.cat\/insagmundet\/wp-json\/wp\/v2\/pages\/595\/revisions\/2329"}],"up":[{"embeddable":true,"href":"https:\/\/agora.xtec.cat\/insagmundet\/wp-json\/wp\/v2\/pages\/567"}],"wp:attachment":[{"href":"https:\/\/agora.xtec.cat\/insagmundet\/wp-json\/wp\/v2\/media?parent=595"}],"curies":[{"name":"wp","href":"https:\/\/api.w.org\/{rel}","templated":true}]}}