{"id":2337,"date":"2024-09-16T14:47:55","date_gmt":"2024-09-16T12:47:55","guid":{"rendered":"https:\/\/agora.xtec.cat\/insaferrer\/?page_id=2337"},"modified":"2025-08-31T21:24:00","modified_gmt":"2025-08-31T19:24:00","slug":"mapa-de-persones-de-les-visites-de-formacio-docent","status":"publish","type":"page","link":"https:\/\/agora.xtec.cat\/insaferrer\/programa-angeleta-ferrer\/mapa-de-persones-de-les-visites-de-formacio-docent\/","title":{"rendered":"Mapa de persones de les visites de formaci\u00f3 docent"},"content":{"rendered":"<h5>Mapa de persones de les visites de formaci\u00f3 docent<\/h5>\n<p><iframe loading=\"lazy\" src=\"https:\/\/www.google.com\/maps\/d\/embed?mid=1Kc0EsOj0Tp4-691FQWnrufRWH1KbrWU&amp;ehbc=2E312F&amp;noprof=1\" width=\"640\" height=\"480\"><\/iframe><\/p>\n<h5>Perfil de les persones visitants<\/h5>\n<p>En el Programa Angeleta Ferrer, hem rebut diferents persones a les nostres visites de formaci\u00f3, amb perfils diferents i que tenien objectius diferents de la seva visita, encara que tots relacionats amb <strong>la formaci\u00f3 docent i amb la recerca educativa i cient\u00edfica.<\/strong><\/p>\n<p>Els perfils de persones que ens han visitat aquest curs el podem classificar entre docents i equips directius, inspeccions educatives, persones que es dediquen a la formaci\u00f3 de docents (novells i en exercici), recercadors tant del m\u00f3n educatiu com del m\u00f3n de la ci\u00e8ncia i les STEAM, representants institucionals i mitjans de comunicaci\u00f3.<\/p>\n<h5>Visites de formaci\u00f3 del curs 2023-2024<\/h5>\n<p>En aquesta taula podem veure un resum del nombre de persones que ens han visitat segons aquests perfils:<\/p>\n<table class=\" aligncenter\" style=\"height: 489px; width: 37.5635%;\">\n<colgroup>\n<col width=\"204\" \/>\n<col width=\"72\" \/><\/colgroup>\n<tbody>\n<tr style=\"height: 71px;\">\n<td style=\"width: 50.3241%; text-align: center; height: 71px;\">\n<p dir=\"ltr\"><strong>Docents<\/strong><\/p>\n<\/td>\n<td style=\"width: 285.193%; text-align: center; height: 71px;\">\n<p dir=\"ltr\"><strong>486<\/strong><\/p>\n<\/td>\n<\/tr>\n<tr style=\"height: 71px;\">\n<td style=\"width: 50.3241%; text-align: center; height: 71px;\">\n<p dir=\"ltr\"><strong>Equips directius<\/strong><\/p>\n<\/td>\n<td style=\"width: 285.193%; text-align: center; height: 71px;\">\n<p dir=\"ltr\"><strong>190<\/strong><\/p>\n<\/td>\n<\/tr>\n<tr style=\"height: 71px;\">\n<td style=\"width: 50.3241%; text-align: center; height: 71px;\">\n<p dir=\"ltr\"><strong>Formador de docents<\/strong><\/p>\n<\/td>\n<td style=\"width: 285.193%; text-align: center; height: 71px;\">\n<p dir=\"ltr\"><strong>47<\/strong><\/p>\n<\/td>\n<\/tr>\n<tr style=\"height: 71px;\">\n<td style=\"width: 50.3241%; text-align: center; height: 71px;\">\n<p dir=\"ltr\"><strong>Recerca cient\u00edfica o educativa<\/strong><\/p>\n<\/td>\n<td style=\"width: 285.193%; text-align: center; height: 71px;\">\n<p dir=\"ltr\"><strong>34<\/strong><\/p>\n<\/td>\n<\/tr>\n<tr style=\"height: 71px;\">\n<td style=\"width: 50.3241%; text-align: center; height: 71px;\">\n<p dir=\"ltr\"><strong>Representants institucionals<\/strong><\/p>\n<\/td>\n<td style=\"width: 285.193%; text-align: center; height: 71px;\">\n<p dir=\"ltr\"><strong>77<\/strong><\/p>\n<\/td>\n<\/tr>\n<tr style=\"height: 71px;\">\n<td style=\"width: 50.3241%; text-align: center; height: 71px;\">\n<p dir=\"ltr\"><strong>Mitjans de comunicaci\u00f3<\/strong><\/p>\n<\/td>\n<td style=\"width: 285.193%; text-align: center; height: 71px;\">\n<p dir=\"ltr\"><strong>5<\/strong><\/p>\n<\/td>\n<\/tr>\n<tr style=\"height: 71px;\">\n<td style=\"width: 50.3241%; text-align: center; height: 71px;\">\n<p dir=\"ltr\"><strong>Inspecci\u00f3<\/strong><\/p>\n<\/td>\n<td style=\"width: 285.193%; text-align: center; height: 71px;\">\n<p dir=\"ltr\"><strong>18<\/strong><\/p>\n<\/td>\n<\/tr>\n<\/tbody>\n<\/table>\n<p>&nbsp;<\/p>\n<p>&nbsp;<\/p>\n<p>&nbsp;<\/p>\n<p>&nbsp;<\/p>\n<p>Algunes de les persones que ens visiten tenen m\u00e9s d\u2019un perfil. Per aix\u00f2, encara que ens han visitat <strong>670 persones durant el curs 2023-2024<\/strong>, en aquesta taula tenim m\u00e9s de 670 perfils. \u00c9s molt important tenir en compte que, d\u2019acord amb els objectius del nostre programa, ens interessa augmentar el nombre de visites d\u2019alguns perfils. Els docents i equips directius els haur\u00edem de mantenir.<\/p>\n<p>En canvi, d\u2019una banda, les visites de representants d\u2019institucions ens ajuden a tenir un major impacte en la societat. D\u2019altra banda, les persones que es dediquen a la recerca educativa i que formen docents tamb\u00e9 tenen molta influ\u00e8ncia tant en la formaci\u00f3 novella com en la formaci\u00f3 continuada. I no ens podem oblidar de la recerca cient\u00edfica, ja que una de les nostres missions t\u00e9 relaci\u00f3 amb la incorporaci\u00f3 de cient\u00edfics al m\u00f3n educatiu. Per tant, aquests perfils els treballarem durant el curs vinent per tenir un major impacte.<\/p>\n<h5>Visites de formaci\u00f3 del curs 2024-2025<\/h5>\n<p>(pendent d&#8217;actualitzaci\u00f3)<\/p>\n<p>Estem orgullosos i feli\u00e7os que el Programa desperti tan inter\u00e8s i poder contribuir a l&#8217;educaci\u00f3 catalana.<\/p>\n<p>&nbsp;<\/p>\n<p>&nbsp;<\/p>\n<p>&nbsp;<\/p>\n","protected":false},"excerpt":{"rendered":"<p>Mapa de persones de les visites de formaci\u00f3 docent<\/p>\n<p>Perfil de les persones visitants<br \/>\nEn el Programa Angeleta Ferrer, hem rebut diferents persones a les nostres visites de formaci\u00f3, amb perfils diferents i que tenien objectius diferents de la seva visita, encara que tots relacionats amb la&hellip;  <a href=\"https:\/\/agora.xtec.cat\/insaferrer\/programa-angeleta-ferrer\/mapa-de-persones-de-les-visites-de-formacio-docent\/\" title=\"Read Mapa de persones de les visites de formaci\u00f3 docent\">Llegeix m\u00e9s\u00bb<\/a><\/p>\n","protected":false},"author":3,"featured_media":0,"parent":1808,"menu_order":5,"comment_status":"closed","ping_status":"closed","template":"page-templates\/side-menu.php","meta":{"_bbp_topic_count":0,"_bbp_reply_count":0,"_bbp_total_topic_count":0,"_bbp_total_reply_count":0,"_bbp_voice_count":0,"_bbp_anonymous_reply_count":0,"_bbp_topic_count_hidden":0,"_bbp_reply_count_hidden":0,"_bbp_forum_subforum_count":0,"footnotes":""},"class_list":["post-2337","page","type-page","status-publish","hentry"],"post_mailing_queue_ids":[],"_links":{"self":[{"href":"https:\/\/agora.xtec.cat\/insaferrer\/wp-json\/wp\/v2\/pages\/2337","targetHints":{"allow":["GET"]}}],"collection":[{"href":"https:\/\/agora.xtec.cat\/insaferrer\/wp-json\/wp\/v2\/pages"}],"about":[{"href":"https:\/\/agora.xtec.cat\/insaferrer\/wp-json\/wp\/v2\/types\/page"}],"author":[{"embeddable":true,"href":"https:\/\/agora.xtec.cat\/insaferrer\/wp-json\/wp\/v2\/users\/3"}],"replies":[{"embeddable":true,"href":"https:\/\/agora.xtec.cat\/insaferrer\/wp-json\/wp\/v2\/comments?post=2337"}],"version-history":[{"count":6,"href":"https:\/\/agora.xtec.cat\/insaferrer\/wp-json\/wp\/v2\/pages\/2337\/revisions"}],"predecessor-version":[{"id":2811,"href":"https:\/\/agora.xtec.cat\/insaferrer\/wp-json\/wp\/v2\/pages\/2337\/revisions\/2811"}],"up":[{"embeddable":true,"href":"https:\/\/agora.xtec.cat\/insaferrer\/wp-json\/wp\/v2\/pages\/1808"}],"wp:attachment":[{"href":"https:\/\/agora.xtec.cat\/insaferrer\/wp-json\/wp\/v2\/media?parent=2337"}],"curies":[{"name":"wp","href":"https:\/\/api.w.org\/{rel}","templated":true}]}}

Mapa de persones de les visites de formació docent

<h5>Mapa de persones de les visites de formació docent</h5>
<p><iframe loading="lazy" src="https://www.google.com/maps/d/embed?mid=1Kc0EsOj0Tp4-691FQWnrufRWH1KbrWU&amp;ehbc=2E312F&amp;noprof=1" width="640" height="480"></iframe></p>
<h5>Perfil de les persones visitants</h5>
<p>En el Programa Angeleta Ferrer, hem rebut diferents persones a les nostres visites de formació, amb perfils diferents i que tenien objectius diferents de la seva visita, encara que tots relacionats amb <strong>la formació docent i amb la recerca educativa i científica.</strong></p>
<p>Els perfils de persones que ens han visitat aquest curs el podem classificar entre docents i equips directius, inspeccions educatives, persones que es dediquen a la formació de docents (novells i en exercici), recercadors tant del món educatiu com del món de la ciència i les STEAM, representants institucionals i mitjans de comunicació.</p>
<h5>Visites de formació del curs 2023-2024</h5>
<p>En aquesta taula podem veure un resum del nombre de persones que ens han visitat segons aquests perfils:</p>
<table class=" aligncenter" style="height: 489px; width: 37.5635%;">
<colgroup>
<col width="204" />
<col width="72" /></colgroup>
<tbody>
<tr style="height: 71px;">
<td style="width: 50.3241%; text-align: center; height: 71px;">
<p dir="ltr"><strong>Docents</strong></p>
</td>
<td style="width: 285.193%; text-align: center; height: 71px;">
<p dir="ltr"><strong>486</strong></p>
</td>
</tr>
<tr style="height: 71px;">
<td style="width: 50.3241%; text-align: center; height: 71px;">
<p dir="ltr"><strong>Equips directius</strong></p>
</td>
<td style="width: 285.193%; text-align: center; height: 71px;">
<p dir="ltr"><strong>190</strong></p>
</td>
</tr>
<tr style="height: 71px;">
<td style="width: 50.3241%; text-align: center; height: 71px;">
<p dir="ltr"><strong>Formador de docents</strong></p>
</td>
<td style="width: 285.193%; text-align: center; height: 71px;">
<p dir="ltr"><strong>47</strong></p>
</td>
</tr>
<tr style="height: 71px;">
<td style="width: 50.3241%; text-align: center; height: 71px;">
<p dir="ltr"><strong>Recerca científica o educativa</strong></p>
</td>
<td style="width: 285.193%; text-align: center; height: 71px;">
<p dir="ltr"><strong>34</strong></p>
</td>
</tr>
<tr style="height: 71px;">
<td style="width: 50.3241%; text-align: center; height: 71px;">
<p dir="ltr"><strong>Representants institucionals</strong></p>
</td>
<td style="width: 285.193%; text-align: center; height: 71px;">
<p dir="ltr"><strong>77</strong></p>
</td>
</tr>
<tr style="height: 71px;">
<td style="width: 50.3241%; text-align: center; height: 71px;">
<p dir="ltr"><strong>Mitjans de comunicació</strong></p>
</td>
<td style="width: 285.193%; text-align: center; height: 71px;">
<p dir="ltr"><strong>5</strong></p>
</td>
</tr>
<tr style="height: 71px;">
<td style="width: 50.3241%; text-align: center; height: 71px;">
<p dir="ltr"><strong>Inspecció</strong></p>
</td>
<td style="width: 285.193%; text-align: center; height: 71px;">
<p dir="ltr"><strong>18</strong></p>
</td>
</tr>
</tbody>
</table>
<p>&nbsp;</p>
<p>&nbsp;</p>
<p>&nbsp;</p>
<p>&nbsp;</p>
<p>Algunes de les persones que ens visiten tenen més d’un perfil. Per això, encara que ens han visitat <strong>670 persones durant el curs 2023-2024</strong>, en aquesta taula tenim més de 670 perfils. És molt important tenir en compte que, d’acord amb els objectius del nostre programa, ens interessa augmentar el nombre de visites d’alguns perfils. Els docents i equips directius els hauríem de mantenir.</p>
<p>En canvi, d’una banda, les visites de representants d’institucions ens ajuden a tenir un major impacte en la societat. D’altra banda, les persones que es dediquen a la recerca educativa i que formen docents també tenen molta influència tant en la formació novella com en la formació continuada. I no ens podem oblidar de la recerca científica, ja que una de les nostres missions té relació amb la incorporació de científics al món educatiu. Per tant, aquests perfils els treballarem durant el curs vinent per tenir un major impacte.</p>
<h5>Visites de formació del curs 2024-2025</h5>
<p>(pendent d&#8217;actualització)</p>
<p>Estem orgullosos i feliços que el Programa desperti tan interès i poder contribuir a l&#8217;educació catalana.</p>
<p>&nbsp;</p>
<p>&nbsp;</p>
<p>&nbsp;</p>

<p>Mapa de persones de les visites de formació docent</p>
<p>Perfil de les persones visitants<br />
En el Programa Angeleta Ferrer, hem rebut diferents persones a les nostres visites de formació, amb perfils diferents i que tenien objectius diferents de la seva visita, encara que tots relacionats amb la&hellip;  <a href="https://agora.xtec.cat/insaferrer/programa-angeleta-ferrer/mapa-de-persones-de-les-visites-de-formacio-docent/" title="Read Mapa de persones de les visites de formació docent">Llegeix més»</a></p>
