{"id":2186,"date":"2024-06-14T08:48:50","date_gmt":"2024-06-14T06:48:50","guid":{"rendered":"https:\/\/agora.xtec.cat\/insaferrer\/?page_id=2186"},"modified":"2024-10-21T19:24:34","modified_gmt":"2024-10-21T17:24:34","slug":"noticies-afa","status":"publish","type":"page","link":"https:\/\/agora.xtec.cat\/insaferrer\/noticies-afa\/","title":{"rendered":"Informaci\u00f3"},"content":{"rendered":"<h3>Not\u00edcies<\/h3>\n<ul>\n<li>21\/10\/2024:\n<ul>\n<li><a href=\"#sessio-pablo-neruda\">Sessi\u00f3 informativa remodelaci\u00f3 pla\u00e7a Pablo Neruda<\/a><\/li>\n<\/ul>\n<\/li>\n<\/ul>\n<h4><a id=\"sessio-pablo-neruda\"><\/a><br \/>\n<strong>Sessi\u00f3 informativa remodelaci\u00f3 pla\u00e7a Pablo Neruda<\/strong><\/h4>\n<p style=\"font-weight: 400;\">En nom de la Regidoria del Districte de l\u2019Eixample ens plau convocar-vos a la\u00a0<em>Sessi\u00f3 informativa sobre el projecte de remodelaci\u00f3 de la pla\u00e7a de Pablo Neruda<\/em>\u00a0que tindr\u00e0 lloc el\u00a0<strong>dimecres 23 d\u2019octubre a les 18.30 h<\/strong>, a la sala d\u2019actes de l\u2019Escola Ramon Llull, avinguda Diagonal, 275, amb l\u2019ordre del dia seg\u00fcent:<\/p>\n<p style=\"font-weight: 400;\">18.30 h Benvinguda institucional<\/p>\n<p style=\"font-weight: 400;\">18.35 h Explicaci\u00f3 del projecte de remodelaci\u00f3<\/p>\n<p style=\"font-weight: 400;\">19.10 h Torn obert de paraules<\/p>\n<p style=\"font-weight: 400;\"><strong>Us demanem, si us plau, que us inscriviu a la sessi\u00f3 a trav\u00e9s de l\u2019enlla\u00e7 seg\u00fcent:\u00a0<a href=\"https:\/\/inscripcions.barcelona.cat\/pablo_neruda_informativa\/\" data-saferedirecturl=\"https:\/\/www.google.com\/url?q=https:\/\/inscripcions.barcelona.cat\/pablo_neruda_informativa\/&amp;source=gmail&amp;ust=1729616166824000&amp;usg=AOvVaw3O_LTDnQHQkmiprk9FEI9M\">https:\/\/inscripcions.barcelona.cat\/pablo_neruda_informativa\/<\/a><\/strong><\/p>\n","protected":false},"excerpt":{"rendered":"<p>Not\u00edcies<\/p>\n<ul>\n<li>21\/10\/2024:\n<ul>\n<li><a href=\"#sessio-pablo-neruda\">Sessi\u00f3 informativa remodelaci\u00f3 pla\u00e7a Pablo Neruda<\/a><\/li>\n<\/ul>\n<\/li>\n<\/ul>\n<p><a id=\"sessio-pablo-neruda\"><\/a><br \/>\nSessi\u00f3 informativa remodelaci\u00f3 pla\u00e7a Pablo Neruda<br \/>\nEn nom de la Regidoria del Districte de l\u2019Eixample ens plau convocar-vos a la\u00a0Sessi\u00f3 informativa sobre el projecte de remodelaci\u00f3 de la pla\u00e7a de Pablo Neruda\u00a0que tindr\u00e0 lloc el\u00a0dimecres 23 d\u2019octubre a les&hellip;  <a href=\"https:\/\/agora.xtec.cat\/insaferrer\/noticies-afa\/\" title=\"Read Informaci\u00f3\">Llegeix m\u00e9s\u00bb<\/a><\/p>\n","protected":false},"author":1,"featured_media":0,"parent":0,"menu_order":0,"comment_status":"closed","ping_status":"closed","template":"","meta":{"_bbp_topic_count":0,"_bbp_reply_count":0,"_bbp_total_topic_count":0,"_bbp_total_reply_count":0,"_bbp_voice_count":0,"_bbp_anonymous_reply_count":0,"_bbp_topic_count_hidden":0,"_bbp_reply_count_hidden":0,"_bbp_forum_subforum_count":0,"footnotes":""},"class_list":["post-2186","page","type-page","status-publish","hentry"],"post_mailing_queue_ids":[],"_links":{"self":[{"href":"https:\/\/agora.xtec.cat\/insaferrer\/wp-json\/wp\/v2\/pages\/2186","targetHints":{"allow":["GET"]}}],"collection":[{"href":"https:\/\/agora.xtec.cat\/insaferrer\/wp-json\/wp\/v2\/pages"}],"about":[{"href":"https:\/\/agora.xtec.cat\/insaferrer\/wp-json\/wp\/v2\/types\/page"}],"author":[{"embeddable":true,"href":"https:\/\/agora.xtec.cat\/insaferrer\/wp-json\/wp\/v2\/users\/1"}],"replies":[{"embeddable":true,"href":"https:\/\/agora.xtec.cat\/insaferrer\/wp-json\/wp\/v2\/comments?post=2186"}],"version-history":[{"count":6,"href":"https:\/\/agora.xtec.cat\/insaferrer\/wp-json\/wp\/v2\/pages\/2186\/revisions"}],"predecessor-version":[{"id":2401,"href":"https:\/\/agora.xtec.cat\/insaferrer\/wp-json\/wp\/v2\/pages\/2186\/revisions\/2401"}],"wp:attachment":[{"href":"https:\/\/agora.xtec.cat\/insaferrer\/wp-json\/wp\/v2\/media?parent=2186"}],"curies":[{"name":"wp","href":"https:\/\/api.w.org\/{rel}","templated":true}]}}

Informació

<h3>Notícies</h3>
<ul>
<li>21/10/2024:
<ul>
<li><a href="#sessio-pablo-neruda">Sessió informativa remodelació plaça Pablo Neruda</a></li>
</ul>
</li>
</ul>
<h4><a id="sessio-pablo-neruda"></a><br />
<strong>Sessió informativa remodelació plaça Pablo Neruda</strong></h4>
<p style="font-weight: 400;">En nom de la Regidoria del Districte de l’Eixample ens plau convocar-vos a la <em>Sessió informativa sobre el projecte de remodelació de la plaça de Pablo Neruda</em> que tindrà lloc el <strong>dimecres 23 d’octubre a les 18.30 h</strong>, a la sala d’actes de l’Escola Ramon Llull, avinguda Diagonal, 275, amb l’ordre del dia següent:</p>
<p style="font-weight: 400;">18.30 h Benvinguda institucional</p>
<p style="font-weight: 400;">18.35 h Explicació del projecte de remodelació</p>
<p style="font-weight: 400;">19.10 h Torn obert de paraules</p>
<p style="font-weight: 400;"><strong>Us demanem, si us plau, que us inscriviu a la sessió a través de l’enllaç següent: <a href="https://inscripcions.barcelona.cat/pablo_neruda_informativa/" data-saferedirecturl="https://www.google.com/url?q=https://inscripcions.barcelona.cat/pablo_neruda_informativa/&amp;source=gmail&amp;ust=1729616166824000&amp;usg=AOvVaw3O_LTDnQHQkmiprk9FEI9M">https://inscripcions.barcelona.cat/pablo_neruda_informativa/</a></strong></p>

<p>Notícies</p>
<ul>
<li>21/10/2024:
<ul>
<li><a href="#sessio-pablo-neruda">Sessió informativa remodelació plaça Pablo Neruda</a></li>
</ul>
</li>
</ul>
<p><a id="sessio-pablo-neruda"></a><br />
Sessió informativa remodelació plaça Pablo Neruda<br />
En nom de la Regidoria del Districte de l’Eixample ens plau convocar-vos a la Sessió informativa sobre el projecte de remodelació de la plaça de Pablo Neruda que tindrà lloc el dimecres 23 d’octubre a les&hellip;  <a href="https://agora.xtec.cat/insaferrer/noticies-afa/" title="Read Informació">Llegeix més»</a></p>
