{"id":1848,"date":"2023-12-28T18:36:12","date_gmt":"2023-12-28T17:36:12","guid":{"rendered":"https:\/\/agora.xtec.cat\/insaferrer\/?page_id=1848"},"modified":"2025-07-15T09:21:44","modified_gmt":"2025-07-15T07:21:44","slug":"desenvolupament-professional-dels-docents-del-centre","status":"publish","type":"page","link":"https:\/\/agora.xtec.cat\/insaferrer\/programa-angeleta-ferrer\/desenvolupament-professional-dels-docents-del-centre\/","title":{"rendered":"Desenvolupament professional dels docents del centre"},"content":{"rendered":"<p>L&#8217;aprenentatge professional <strong>docent autodirigit, responsable i capacitador<\/strong> a l\u2019institut \u00e9s fonamental per al desenvolupament continu, personal i professional dels docents de l&#8217;institut Angeleta Ferrer. Aquest enfocament posa \u00e8mfasi en la responsabilitat personal i la iniciativa pr\u00f2pia, cosa que permet a cada docent prendre el control del seu propi <a href=\"https:\/\/agora.xtec.cat\/insaferrer\/programa-angeleta-ferrer\/desenvolupament-professional-dels-docents-del-centre\/\">desenvolupament professional<\/a>.<\/p>\n<p>Tot el professorat del centre desenvolupa la seva doc\u00e8ncia en equips docents compactes, alhora que es desenvolupa professionalment. La doc\u00e8ncia a l&#8217;Institut Angeleta es considera un entorn d&#8217;aprenentatge professional docent i el <a href=\"https:\/\/agora.xtec.cat\/insaferrer\/programa-angeleta-ferrer\/\">programa Angeleta Ferrer<\/a> assigna recursos per aquesta capacitaci\u00f3 permanent.<\/p>\n<p><img loading=\"lazy\" decoding=\"async\" class=\"size-large wp-image-1853\" src=\"https:\/\/agora.xtec.cat\/insaferrer\/wp-content\/uploads\/usu2510\/2023\/12\/Captura-de-pantalla-2023-12-28-184331-1024x574.png\" alt=\"Itinerari de formaci\u00f3 docent - Curs 2023-2024 \" width=\"1024\" height=\"574\" srcset=\"https:\/\/agora.xtec.cat\/insaferrer\/wp-content\/uploads\/usu2510\/2023\/12\/Captura-de-pantalla-2023-12-28-184331-1024x574.png 1024w, https:\/\/agora.xtec.cat\/insaferrer\/wp-content\/uploads\/usu2510\/2023\/12\/Captura-de-pantalla-2023-12-28-184331-300x168.png 300w, https:\/\/agora.xtec.cat\/insaferrer\/wp-content\/uploads\/usu2510\/2023\/12\/Captura-de-pantalla-2023-12-28-184331-768x431.png 768w, https:\/\/agora.xtec.cat\/insaferrer\/wp-content\/uploads\/usu2510\/2023\/12\/Captura-de-pantalla-2023-12-28-184331.png 1221w\" sizes=\"auto, (max-width: 1024px) 100vw, 1024px\" \/><\/p>\n<p>L&#8217;aprenentatge autodirigit implica que els docents del centre <strong>prenguin la responsabilitat de la seva pr\u00f2pia formaci\u00f3 i millora<\/strong>. Aix\u00f2 requereix una mentalitat oberta i una motivaci\u00f3 intr\u00ednseca per aprendre i cr\u00e9ixer, com la que volem fomentar en el nostre alumnat. Els educadors hem de fer-nos conscients de les nostres pr\u00f2pies necessitats de desenvolupament i establir objectius personals que estiguin alineats amb les nostres \u00e0rees d&#8217;inter\u00e8s i les de la resta de l\u2019institut. <a href=\"https:\/\/agora.xtec.cat\/insaferrer\/programa-angeleta-ferrer\/conversa-desenvolupament-professional\/\">Les converses de desenvolupament professional<\/a> s\u00f3n un recurs formatiu per a establir necessitats i objectius professionals.<\/p>\n<p>La responsabilitat en aquest context significa <strong>recon\u00e8ixer les \u00e0rees de millora i tamb\u00e9 prendre accions concretes per abordar-les<\/strong>. Aix\u00f2 pot incloure la participaci\u00f3 en cursos de formaci\u00f3, la lectura de textos educatius de refer\u00e8ncia, l&#8217;observaci\u00f3 de les pr\u00e0ctiques dels companys docents, la reflexi\u00f3 sobre la nostra pr\u00f2pia pr\u00e0ctica, etc. que tracta d\u2019emmarcar aquest cat\u00e0leg. La responsabilitat tamb\u00e9 implica acceptar <strong>retroalimentaci\u00f3 constructiva i buscar oportunitats per millorar en cada situaci\u00f3 del dia a dia a les aules amb els nostres estudiants<\/strong>. Amb aquest enfocament, el programa proposa un cat\u00e0leg de propostes a partir del nostre dia a dia i el que del que estem desenvolupant en el <a href=\"https:\/\/twitter.com\/hashtag\/CeFoRe?src=hashtag_click\">CeFoRe<\/a>.<\/p>\n<p>Respectant el principi de simetria amb els nostres estudiants, l\u2019enfocament de l\u2019aprenentatge hauria de ser <strong>globalitzat<\/strong>, <strong>personalitzat<\/strong> i <strong>competencial<\/strong>. I, naturalment, implica aprendre amb i dels altres docents. El component capacitador d&#8217;aquest tipus d&#8217;aprenentatge implica compartir els nostres coneixements i habilitats amb els altres docents. El treball en equip \u00e9s essencial per al creixement professional i per la nostra cultura de centre. La col\u00b7laboraci\u00f3 entre docents crea oportunitats per intercanviar idees, compartir experi\u00e8ncies i abordar reptes comuns. Com en l\u2019itinerari personal d&#8217;aprenentatge (IPA) dels estudiants, volem desenvolupar un aprenentatge conjunt: si b\u00e9 ning\u00fa no pot aprendre en el nostre lloc, no volem que ning\u00fa aprengui sol.<\/p>\n<p>Cada docent del centre t\u00e9 la capacitat i responsabilitat de <strong>planificar, desenvolupar i avaluar el teu itinerari personal d\u2019aprenentatge<\/strong> docent a partir de les propostes de formaci\u00f3 que fa el programa i de les que, entre tot l&#8217;equip docent, puguem generar.<\/p>\n<p><a title=\"Itinerari personalitzat d'aprenentage docent\" href=\"https:\/\/www.flickr.com\/photos\/insaferrer\/albums\/72177720313572005\" data-flickr-embed=\"true\"><img loading=\"lazy\" decoding=\"async\" class=\"aligncenter\" src=\"https:\/\/live.staticflickr.com\/65535\/53360896133_3f550ac18a_z.jpg\" alt=\"Itinerari personalitzat d'aprenentage docent\" width=\"640\" height=\"480\" \/><\/a><script async src=\"\/\/embedr.flickr.com\/assets\/client-code.js\" charset=\"utf-8\"><\/script><\/p>\n","protected":false},"excerpt":{"rendered":"<p>L&#8217;aprenentatge professional docent autodirigit, responsable i capacitador a l\u2019institut \u00e9s fonamental per al desenvolupament continu, personal i professional dels docents de l&#8217;institut Angeleta Ferrer. Aquest enfocament posa \u00e8mfasi en la responsabilitat personal i la iniciativa pr\u00f2pia, cosa que permet a cada docent prendre el control&hellip;  <a href=\"https:\/\/agora.xtec.cat\/insaferrer\/programa-angeleta-ferrer\/desenvolupament-professional-dels-docents-del-centre\/\" title=\"Read Desenvolupament professional dels docents del centre\">Llegeix m\u00e9s\u00bb<\/a><\/p>\n","protected":false},"author":3,"featured_media":0,"parent":1808,"menu_order":0,"comment_status":"closed","ping_status":"closed","template":"page-templates\/side-menu.php","meta":{"_bbp_topic_count":0,"_bbp_reply_count":0,"_bbp_total_topic_count":0,"_bbp_total_reply_count":0,"_bbp_voice_count":0,"_bbp_anonymous_reply_count":0,"_bbp_topic_count_hidden":0,"_bbp_reply_count_hidden":0,"_bbp_forum_subforum_count":0,"footnotes":""},"class_list":["post-1848","page","type-page","status-publish","hentry"],"post_mailing_queue_ids":[],"_links":{"self":[{"href":"https:\/\/agora.xtec.cat\/insaferrer\/wp-json\/wp\/v2\/pages\/1848","targetHints":{"allow":["GET"]}}],"collection":[{"href":"https:\/\/agora.xtec.cat\/insaferrer\/wp-json\/wp\/v2\/pages"}],"about":[{"href":"https:\/\/agora.xtec.cat\/insaferrer\/wp-json\/wp\/v2\/types\/page"}],"author":[{"embeddable":true,"href":"https:\/\/agora.xtec.cat\/insaferrer\/wp-json\/wp\/v2\/users\/3"}],"replies":[{"embeddable":true,"href":"https:\/\/agora.xtec.cat\/insaferrer\/wp-json\/wp\/v2\/comments?post=1848"}],"version-history":[{"count":6,"href":"https:\/\/agora.xtec.cat\/insaferrer\/wp-json\/wp\/v2\/pages\/1848\/revisions"}],"predecessor-version":[{"id":2803,"href":"https:\/\/agora.xtec.cat\/insaferrer\/wp-json\/wp\/v2\/pages\/1848\/revisions\/2803"}],"up":[{"embeddable":true,"href":"https:\/\/agora.xtec.cat\/insaferrer\/wp-json\/wp\/v2\/pages\/1808"}],"wp:attachment":[{"href":"https:\/\/agora.xtec.cat\/insaferrer\/wp-json\/wp\/v2\/media?parent=1848"}],"curies":[{"name":"wp","href":"https:\/\/api.w.org\/{rel}","templated":true}]}}

<p>L&#8217;aprenentatge professional <strong>docent autodirigit, responsable i capacitador</strong> a l’institut és fonamental per al desenvolupament continu, personal i professional dels docents de l&#8217;institut Angeleta Ferrer. Aquest enfocament posa èmfasi en la responsabilitat personal i la iniciativa pròpia, cosa que permet a cada docent prendre el control del seu propi <a href="https://agora.xtec.cat/insaferrer/programa-angeleta-ferrer/desenvolupament-professional-dels-docents-del-centre/">desenvolupament professional</a>.</p>
<p>Tot el professorat del centre desenvolupa la seva docència en equips docents compactes, alhora que es desenvolupa professionalment. La docència a l&#8217;Institut Angeleta es considera un entorn d&#8217;aprenentatge professional docent i el <a href="https://agora.xtec.cat/insaferrer/programa-angeleta-ferrer/">programa Angeleta Ferrer</a> assigna recursos per aquesta capacitació permanent.</p>
<p><img loading="lazy" decoding="async" class="size-large wp-image-1853" src="https://agora.xtec.cat/insaferrer/wp-content/uploads/usu2510/2023/12/Captura-de-pantalla-2023-12-28-184331-1024x574.png" alt="Itinerari de formació docent - Curs 2023-2024 " width="1024" height="574" srcset="https://agora.xtec.cat/insaferrer/wp-content/uploads/usu2510/2023/12/Captura-de-pantalla-2023-12-28-184331-1024x574.png 1024w, https://agora.xtec.cat/insaferrer/wp-content/uploads/usu2510/2023/12/Captura-de-pantalla-2023-12-28-184331-300x168.png 300w, https://agora.xtec.cat/insaferrer/wp-content/uploads/usu2510/2023/12/Captura-de-pantalla-2023-12-28-184331-768x431.png 768w, https://agora.xtec.cat/insaferrer/wp-content/uploads/usu2510/2023/12/Captura-de-pantalla-2023-12-28-184331.png 1221w" sizes="auto, (max-width: 1024px) 100vw, 1024px" /></p>
<p>L&#8217;aprenentatge autodirigit implica que els docents del centre <strong>prenguin la responsabilitat de la seva pròpia formació i millora</strong>. Això requereix una mentalitat oberta i una motivació intrínseca per aprendre i créixer, com la que volem fomentar en el nostre alumnat. Els educadors hem de fer-nos conscients de les nostres pròpies necessitats de desenvolupament i establir objectius personals que estiguin alineats amb les nostres àrees d&#8217;interès i les de la resta de l’institut. <a href="https://agora.xtec.cat/insaferrer/programa-angeleta-ferrer/conversa-desenvolupament-professional/">Les converses de desenvolupament professional</a> són un recurs formatiu per a establir necessitats i objectius professionals.</p>
<p>La responsabilitat en aquest context significa <strong>reconèixer les àrees de millora i també prendre accions concretes per abordar-les</strong>. Això pot incloure la participació en cursos de formació, la lectura de textos educatius de referència, l&#8217;observació de les pràctiques dels companys docents, la reflexió sobre la nostra pròpia pràctica, etc. que tracta d’emmarcar aquest catàleg. La responsabilitat també implica acceptar <strong>retroalimentació constructiva i buscar oportunitats per millorar en cada situació del dia a dia a les aules amb els nostres estudiants</strong>. Amb aquest enfocament, el programa proposa un catàleg de propostes a partir del nostre dia a dia i el que del que estem desenvolupant en el <a href="https://twitter.com/hashtag/CeFoRe?src=hashtag_click">CeFoRe</a>.</p>
<p>Respectant el principi de simetria amb els nostres estudiants, l’enfocament de l’aprenentatge hauria de ser <strong>globalitzat</strong>, <strong>personalitzat</strong> i <strong>competencial</strong>. I, naturalment, implica aprendre amb i dels altres docents. El component capacitador d&#8217;aquest tipus d&#8217;aprenentatge implica compartir els nostres coneixements i habilitats amb els altres docents. El treball en equip és essencial per al creixement professional i per la nostra cultura de centre. La col·laboració entre docents crea oportunitats per intercanviar idees, compartir experiències i abordar reptes comuns. Com en l’itinerari personal d&#8217;aprenentatge (IPA) dels estudiants, volem desenvolupar un aprenentatge conjunt: si bé ningú no pot aprendre en el nostre lloc, no volem que ningú aprengui sol.</p>
<p>Cada docent del centre té la capacitat i responsabilitat de <strong>planificar, desenvolupar i avaluar el teu itinerari personal d’aprenentatge</strong> docent a partir de les propostes de formació que fa el programa i de les que, entre tot l&#8217;equip docent, puguem generar.</p>
<p><a title="Itinerari personalitzat d'aprenentage docent" href="https://www.flickr.com/photos/insaferrer/albums/72177720313572005" data-flickr-embed="true"><img loading="lazy" decoding="async" class="aligncenter" src="https://live.staticflickr.com/65535/53360896133_3f550ac18a_z.jpg" alt="Itinerari personalitzat d'aprenentage docent" width="640" height="480" /></a><script async src="//embedr.flickr.com/assets/client-code.js" charset="utf-8"></script></p>

<p>L&#8217;aprenentatge professional docent autodirigit, responsable i capacitador a l’institut és fonamental per al desenvolupament continu, personal i professional dels docents de l&#8217;institut Angeleta Ferrer. Aquest enfocament posa èmfasi en la responsabilitat personal i la iniciativa pròpia, cosa que permet a cada docent prendre el control&hellip;  <a href="https://agora.xtec.cat/insaferrer/programa-angeleta-ferrer/desenvolupament-professional-dels-docents-del-centre/" title="Read Desenvolupament professional dels docents del centre">Llegeix més»</a></p>
