{"id":1832,"date":"2023-12-28T18:13:51","date_gmt":"2023-12-28T17:13:51","guid":{"rendered":"https:\/\/agora.xtec.cat\/insaferrer\/?page_id=1832"},"modified":"2025-03-07T10:16:10","modified_gmt":"2025-03-07T09:16:10","slug":"estades-de-formacio-docent","status":"publish","type":"page","link":"https:\/\/agora.xtec.cat\/insaferrer\/programa-angeleta-ferrer\/estades-de-formacio-docent\/","title":{"rendered":"Estades de formaci\u00f3 docent"},"content":{"rendered":"<p>Les estades i <a href=\"https:\/\/agora.xtec.cat\/insaferrer\/programa-angeleta-ferrer\/visites-de-formacio-docent\/\">les visites<\/a> de formaci\u00f3 docent del <a href=\"https:\/\/agora.xtec.cat\/insaferrer\/programa-angeleta-ferrer\/\">Programa Angeleta Ferrer<\/a> es basen en experi\u00e8ncies precedents en les que els professionals es capaciten en entorns reals de treball, en contextos complexos, en una aproximaci\u00f3 globalitzada, competencial i personalitzada. Entre les pr\u00e0ctiques de refer\u00e8ncia amb aquesta orientaci\u00f3, destaquem les estades a les escoles High Tech High (EEUU), organitzades per la <a href=\"https:\/\/hthgse.edu\/\">Graduate School of Education HTH<\/a>, les pr\u00e0ctiques de <em>job shadowing<\/em> dels sistemes educatius i professionals europeus i australians, les resid\u00e8ncies quinzenals en centres de refer\u00e8ncia del <a href=\"https:\/\/www.escolanova21.cat\/operativa-del-programa\/la-mostra-representativa-un-protocol-de-canvi-intensiu\/protocol-de-canvi\/residencies-2\/\">Programa Escola Nova 21<\/a> o les Passanties de formaci\u00f3 a Barcelona organitzades per la <a href=\"https:\/\/www.nuevaeducacion.org\/\">Fundaci\u00f3n Nueva Educaci\u00f3n<\/a> (Chile).<\/p>\n<p><img loading=\"lazy\" decoding=\"async\" class=\"wp-image-1811 aligncenter\" src=\"https:\/\/agora.xtec.cat\/insaferrer\/wp-content\/uploads\/usu2510\/2023\/12\/Grau-daprofundiment-v3.jpg\" alt=\"Grau d'aprofundiment\" width=\"438\" height=\"433\" srcset=\"https:\/\/agora.xtec.cat\/insaferrer\/wp-content\/uploads\/usu2510\/2023\/12\/Grau-daprofundiment-v3.jpg 614w, https:\/\/agora.xtec.cat\/insaferrer\/wp-content\/uploads\/usu2510\/2023\/12\/Grau-daprofundiment-v3-300x297.jpg 300w\" sizes=\"auto, (max-width: 438px) 100vw, 438px\" \/><\/p>\n<h6><\/h6>\n<h5>Estades de formaci\u00f3 i perfil de participants<\/h5>\n<p>La formaci\u00f3 professional per a docents altament capacitats s\u2019aborda des de la perspectiva del capital professional de l\u2019equip del centre i dels participants. \u00c9s a dir, aprofita la conflu\u00e8ncia del capital hum\u00e0, social i de decisi\u00f3. La interacci\u00f3 d&#8217;aquests tres components dona lloc a professors amb m\u00e9s talent, m\u00e9s col\u00b7laboratius i m\u00e9s reflexius en els seus enfocaments. Les estades creen una situaci\u00f3 d\u2019aprenentatge d\u2019aquesta naturalesa.<\/p>\n<p>La proposta d\u2019estada de quatre dies ha de fer possible un proc\u00e9s d\u2019observaci\u00f3-reflexi\u00f3 sostingut en el temps, col\u00b7laboratiu, basat en la recerca i centrat en l&#8217;aprenent. \u00c9s imprescindible que les persones que facin una estada hagin fet abans <a href=\"https:\/\/agora.xtec.cat\/insaferrer\/programa-angeleta-ferrer\/visites-de-formacio-docent\/\">una visita d\u2019un dia al centre<\/a>.<\/p>\n<p>Les estades de formaci\u00f3 estan adre\u00e7ades a professionals formats del sistema que tinguin <strong>especial incid\u00e8ncia i capacitat de lideratge en processos de transformaci\u00f3 educativa<\/strong>. No \u00e9s una formaci\u00f3 inicial adre\u00e7ada a nous docents, ni \u00e9s una formaci\u00f3 d\u2019inducci\u00f3 docent per a professionals en les seves fases inicials d\u2019incorporaci\u00f3 professional, ja que el Departament disposa de <a href=\"https:\/\/projectes.xtec.cat\/residencia-docent\/\" target=\"_blank\" rel=\"noopener\">programes espec\u00edfics<\/a> amb aquests prop\u00f2sits.<\/p>\n<p><strong>Membres dels equips directius, agents de canvi dins dels centres, direccions en processos de transformaci\u00f3, personal formador del Departament, directius clau del sistema\u2026 s\u00f3n perfils adequats per a aquests d\u2019estades.<\/strong><\/p>\n<p>El perfil m\u00e9s adequat, doncs, \u00e9s un professorat altament format, que vol esdevenir agent de canvi en el seu context professional i que desenvolupa l\u2019estada per a un proc\u00e9s de creixement i reflexi\u00f3 personal m\u00e9s centrat en l\u2019aprenentatge entre iguals i el capital professional compartit, que no en una aproximaci\u00f3 m\u00e9s instructiva o vertical. En aquest sentit, l\u2019Angeleta Ferrer, tamb\u00e9 espera enriquir-se de les reflexions conjuntes i del feedback que ens puguin oferir els professionals altament formats que hi participaran.<\/p>\n<p>En un futur, es desenvoluparan altres tipus d\u2019estades, com les estades de recerca educativa o les estades de cient\u00edfics del BIST amb inter\u00e8s en la doc\u00e8ncia a secund\u00e0ria. En aquestes estades, la planificaci\u00f3 es far\u00e0 en funci\u00f3 de les necessitats que tingui l\u2019entitat que est\u00e0 desenvolupant la investigaci\u00f3 o les necessitats del Programa Angeleta Ferrer. Les entitats hauran de contactar amb la direcci\u00f3 de recerca i acordar el pla que es dur\u00e0 a terme.<\/p>\n<p>Aquesta proposta d\u2019estada de quatre dies ha estat dissenyada per a fer possible <strong>un proc\u00e9s col\u00b7laboratiu, basat en l\u2019observaci\u00f3, la intervenci\u00f3 i la reflexi\u00f3 professional i centrat en l&#8217;aprenent i els entorns d\u2019aprenentatge en funcionament.<\/strong> El disseny de la present setmana de formaci\u00f3 pren un format de prototip i parteix dels aprenentatges fets en cada edici\u00f3 anterior en un proc\u00e9s de millora cont\u00ednua.<\/p>\n<figure class=\"figure wp-caption aligncenter\"><img loading=\"lazy\" decoding=\"async\" class=\" wp-image-1836\" src=\"https:\/\/agora.xtec.cat\/insaferrer\/wp-content\/uploads\/usu2510\/2023\/12\/unnamed-2-1024x472.png\" alt=\"Cercle de paraules amb participants i professors de l'Institut Angeleta Ferrer - Edici\u00f3 novembre 2023\" width=\"981\" height=\"452\" srcset=\"https:\/\/agora.xtec.cat\/insaferrer\/wp-content\/uploads\/usu2510\/2023\/12\/unnamed-2-1024x472.png 1024w, https:\/\/agora.xtec.cat\/insaferrer\/wp-content\/uploads\/usu2510\/2023\/12\/unnamed-2-300x138.png 300w, https:\/\/agora.xtec.cat\/insaferrer\/wp-content\/uploads\/usu2510\/2023\/12\/unnamed-2-768x354.png 768w, https:\/\/agora.xtec.cat\/insaferrer\/wp-content\/uploads\/usu2510\/2023\/12\/unnamed-2-1536x708.png 1536w, https:\/\/agora.xtec.cat\/insaferrer\/wp-content\/uploads\/usu2510\/2023\/12\/unnamed-2.png 1600w\" sizes=\"auto, (max-width: 981px) 100vw, 981px\" \/><figcaption class=\"wp-caption-text\">Cercle de paraules amb participants i professors de l&#8217;Institut Angeleta Ferrer &#8211; Edici\u00f3 novembre 2023<\/figcaption><\/figure>\n<p>&nbsp;<\/p>\n<h5 style=\"text-align: center;\">Vols fer una estada de formaci\u00f3 docent?<br \/>\nContacta amb nosaltres: boris.mir[arrova]insaferrer.cat<\/h5>\n","protected":false},"excerpt":{"rendered":"<p>Les estades i <a href=\"https:\/\/agora.xtec.cat\/insaferrer\/programa-angeleta-ferrer\/visites-de-formacio-docent\/\">les visites<\/a> de formaci\u00f3 docent del <a href=\"https:\/\/agora.xtec.cat\/insaferrer\/programa-angeleta-ferrer\/\">Programa Angeleta Ferrer<\/a> es basen en experi\u00e8ncies precedents en les que els professionals es capaciten en entorns reals de treball, en contextos complexos, en una aproximaci\u00f3 globalitzada, competencial i personalitzada. Entre les pr\u00e0ctiques de&hellip;  <a href=\"https:\/\/agora.xtec.cat\/insaferrer\/programa-angeleta-ferrer\/estades-de-formacio-docent\/\" title=\"Read Estades de formaci\u00f3 docent\">Llegeix m\u00e9s\u00bb<\/a><\/p>\n","protected":false},"author":3,"featured_media":0,"parent":1808,"menu_order":3,"comment_status":"closed","ping_status":"closed","template":"page-templates\/side-menu.php","meta":{"_bbp_topic_count":0,"_bbp_reply_count":0,"_bbp_total_topic_count":0,"_bbp_total_reply_count":0,"_bbp_voice_count":0,"_bbp_anonymous_reply_count":0,"_bbp_topic_count_hidden":0,"_bbp_reply_count_hidden":0,"_bbp_forum_subforum_count":0,"footnotes":""},"class_list":["post-1832","page","type-page","status-publish","hentry"],"post_mailing_queue_ids":[],"_links":{"self":[{"href":"https:\/\/agora.xtec.cat\/insaferrer\/wp-json\/wp\/v2\/pages\/1832","targetHints":{"allow":["GET"]}}],"collection":[{"href":"https:\/\/agora.xtec.cat\/insaferrer\/wp-json\/wp\/v2\/pages"}],"about":[{"href":"https:\/\/agora.xtec.cat\/insaferrer\/wp-json\/wp\/v2\/types\/page"}],"author":[{"embeddable":true,"href":"https:\/\/agora.xtec.cat\/insaferrer\/wp-json\/wp\/v2\/users\/3"}],"replies":[{"embeddable":true,"href":"https:\/\/agora.xtec.cat\/insaferrer\/wp-json\/wp\/v2\/comments?post=1832"}],"version-history":[{"count":7,"href":"https:\/\/agora.xtec.cat\/insaferrer\/wp-json\/wp\/v2\/pages\/1832\/revisions"}],"predecessor-version":[{"id":2585,"href":"https:\/\/agora.xtec.cat\/insaferrer\/wp-json\/wp\/v2\/pages\/1832\/revisions\/2585"}],"up":[{"embeddable":true,"href":"https:\/\/agora.xtec.cat\/insaferrer\/wp-json\/wp\/v2\/pages\/1808"}],"wp:attachment":[{"href":"https:\/\/agora.xtec.cat\/insaferrer\/wp-json\/wp\/v2\/media?parent=1832"}],"curies":[{"name":"wp","href":"https:\/\/api.w.org\/{rel}","templated":true}]}}

Estades de formació docent

<p>Les estades i <a href="https://agora.xtec.cat/insaferrer/programa-angeleta-ferrer/visites-de-formacio-docent/">les visites</a> de formació docent del <a href="https://agora.xtec.cat/insaferrer/programa-angeleta-ferrer/">Programa Angeleta Ferrer</a> es basen en experiències precedents en les que els professionals es capaciten en entorns reals de treball, en contextos complexos, en una aproximació globalitzada, competencial i personalitzada. Entre les pràctiques de referència amb aquesta orientació, destaquem les estades a les escoles High Tech High (EEUU), organitzades per la <a href="https://hthgse.edu/">Graduate School of Education HTH</a>, les pràctiques de <em>job shadowing</em> dels sistemes educatius i professionals europeus i australians, les residències quinzenals en centres de referència del <a href="https://www.escolanova21.cat/operativa-del-programa/la-mostra-representativa-un-protocol-de-canvi-intensiu/protocol-de-canvi/residencies-2/">Programa Escola Nova 21</a> o les Passanties de formació a Barcelona organitzades per la <a href="https://www.nuevaeducacion.org/">Fundación Nueva Educación</a> (Chile).</p>
<p><img loading="lazy" decoding="async" class="wp-image-1811 aligncenter" src="https://agora.xtec.cat/insaferrer/wp-content/uploads/usu2510/2023/12/Grau-daprofundiment-v3.jpg" alt="Grau d'aprofundiment" width="438" height="433" srcset="https://agora.xtec.cat/insaferrer/wp-content/uploads/usu2510/2023/12/Grau-daprofundiment-v3.jpg 614w, https://agora.xtec.cat/insaferrer/wp-content/uploads/usu2510/2023/12/Grau-daprofundiment-v3-300x297.jpg 300w" sizes="auto, (max-width: 438px) 100vw, 438px" /></p>
<h6></h6>
<h5>Estades de formació i perfil de participants</h5>
<p>La formació professional per a docents altament capacitats s’aborda des de la perspectiva del capital professional de l’equip del centre i dels participants. És a dir, aprofita la confluència del capital humà, social i de decisió. La interacció d&#8217;aquests tres components dona lloc a professors amb més talent, més col·laboratius i més reflexius en els seus enfocaments. Les estades creen una situació d’aprenentatge d’aquesta naturalesa.</p>
<p>La proposta d’estada de quatre dies ha de fer possible un procés d’observació-reflexió sostingut en el temps, col·laboratiu, basat en la recerca i centrat en l&#8217;aprenent. És imprescindible que les persones que facin una estada hagin fet abans <a href="https://agora.xtec.cat/insaferrer/programa-angeleta-ferrer/visites-de-formacio-docent/">una visita d’un dia al centre</a>.</p>
<p>Les estades de formació estan adreçades a professionals formats del sistema que tinguin <strong>especial incidència i capacitat de lideratge en processos de transformació educativa</strong>. No és una formació inicial adreçada a nous docents, ni és una formació d’inducció docent per a professionals en les seves fases inicials d’incorporació professional, ja que el Departament disposa de <a href="https://projectes.xtec.cat/residencia-docent/" target="_blank" rel="noopener">programes específics</a> amb aquests propòsits.</p>
<p><strong>Membres dels equips directius, agents de canvi dins dels centres, direccions en processos de transformació, personal formador del Departament, directius clau del sistema… són perfils adequats per a aquests d’estades.</strong></p>
<p>El perfil més adequat, doncs, és un professorat altament format, que vol esdevenir agent de canvi en el seu context professional i que desenvolupa l’estada per a un procés de creixement i reflexió personal més centrat en l’aprenentatge entre iguals i el capital professional compartit, que no en una aproximació més instructiva o vertical. En aquest sentit, l’Angeleta Ferrer, també espera enriquir-se de les reflexions conjuntes i del feedback que ens puguin oferir els professionals altament formats que hi participaran.</p>
<p>En un futur, es desenvoluparan altres tipus d’estades, com les estades de recerca educativa o les estades de científics del BIST amb interès en la docència a secundària. En aquestes estades, la planificació es farà en funció de les necessitats que tingui l’entitat que està desenvolupant la investigació o les necessitats del Programa Angeleta Ferrer. Les entitats hauran de contactar amb la direcció de recerca i acordar el pla que es durà a terme.</p>
<p>Aquesta proposta d’estada de quatre dies ha estat dissenyada per a fer possible <strong>un procés col·laboratiu, basat en l’observació, la intervenció i la reflexió professional i centrat en l&#8217;aprenent i els entorns d’aprenentatge en funcionament.</strong> El disseny de la present setmana de formació pren un format de prototip i parteix dels aprenentatges fets en cada edició anterior en un procés de millora contínua.</p>
<figure class="figure wp-caption aligncenter"><img loading="lazy" decoding="async" class=" wp-image-1836" src="https://agora.xtec.cat/insaferrer/wp-content/uploads/usu2510/2023/12/unnamed-2-1024x472.png" alt="Cercle de paraules amb participants i professors de l'Institut Angeleta Ferrer - Edició novembre 2023" width="981" height="452" srcset="https://agora.xtec.cat/insaferrer/wp-content/uploads/usu2510/2023/12/unnamed-2-1024x472.png 1024w, https://agora.xtec.cat/insaferrer/wp-content/uploads/usu2510/2023/12/unnamed-2-300x138.png 300w, https://agora.xtec.cat/insaferrer/wp-content/uploads/usu2510/2023/12/unnamed-2-768x354.png 768w, https://agora.xtec.cat/insaferrer/wp-content/uploads/usu2510/2023/12/unnamed-2-1536x708.png 1536w, https://agora.xtec.cat/insaferrer/wp-content/uploads/usu2510/2023/12/unnamed-2.png 1600w" sizes="auto, (max-width: 981px) 100vw, 981px" /><figcaption class="wp-caption-text">Cercle de paraules amb participants i professors de l&#8217;Institut Angeleta Ferrer &#8211; Edició novembre 2023</figcaption></figure>
<p>&nbsp;</p>
<h5 style="text-align: center;">Vols fer una estada de formació docent?<br />
Contacta amb nosaltres: boris.mir[arrova]insaferrer.cat</h5>

<p>Les estades i <a href="https://agora.xtec.cat/insaferrer/programa-angeleta-ferrer/visites-de-formacio-docent/">les visites</a> de formació docent del <a href="https://agora.xtec.cat/insaferrer/programa-angeleta-ferrer/">Programa Angeleta Ferrer</a> es basen en experiències precedents en les que els professionals es capaciten en entorns reals de treball, en contextos complexos, en una aproximació globalitzada, competencial i personalitzada. Entre les pràctiques de&hellip;  <a href="https://agora.xtec.cat/insaferrer/programa-angeleta-ferrer/estades-de-formacio-docent/" title="Read Estades de formació docent">Llegeix més»</a></p>
