{"id":1827,"date":"2023-12-28T18:06:01","date_gmt":"2023-12-28T17:06:01","guid":{"rendered":"https:\/\/agora.xtec.cat\/insaferrer\/?page_id=1827"},"modified":"2025-03-07T10:15:38","modified_gmt":"2025-03-07T09:15:38","slug":"visites-de-formacio-docent","status":"publish","type":"page","link":"https:\/\/agora.xtec.cat\/insaferrer\/programa-angeleta-ferrer\/visites-de-formacio-docent\/","title":{"rendered":"Visites de formaci\u00f3 docent"},"content":{"rendered":"<p>Les visites i <a href=\"https:\/\/agora.xtec.cat\/insaferrer\/programa-angeleta-ferrer\/estades-de-formacio-docent\/\">les estades<\/a> de formaci\u00f3 docent del <a href=\"https:\/\/agora.xtec.cat\/insaferrer\/programa-angeleta-ferrer\/\">Programa Angeleta Ferrer<\/a> s\u00f3n una<strong> acci\u00f3 formativa d\u2019un mat\u00ed en horari lectiu<\/strong>. Estan adre\u00e7ades a professorat de secund\u00e0ria o professional de l\u2019educaci\u00f3 interessat en el una aproximaci\u00f3 <strong>globalitzada, competencial i personalitzada<\/strong> de l\u2019educaci\u00f3 secund\u00e0ria i tenen l\u2019objectiu general con\u00e8ixer un centre en funcionament amb aquestes caracter\u00edstiques.<\/p>\n<h5>Vistes de formaci\u00f3 i perfil de participants<\/h5>\n<p><img loading=\"lazy\" decoding=\"async\" class=\"size-full wp-image-1828 aligncenter\" src=\"https:\/\/agora.xtec.cat\/insaferrer\/wp-content\/uploads\/usu2510\/2023\/12\/visites.png\" alt=\"Visites de formaci\u00f3 docent\" width=\"700\" height=\"659\" srcset=\"https:\/\/agora.xtec.cat\/insaferrer\/wp-content\/uploads\/usu2510\/2023\/12\/visites.png 700w, https:\/\/agora.xtec.cat\/insaferrer\/wp-content\/uploads\/usu2510\/2023\/12\/visites-300x282.png 300w\" sizes=\"auto, (max-width: 700px) 100vw, 700px\" \/><\/p>\n<h5><\/h5>\n<h5>Objectius d\u2019aprenentatge de la visita de formaci\u00f3<\/h5>\n<p>Les visites al centre en funcionament permeten una aproximaci\u00f3 global al projecte educatiu del centre o a algun aspecte concret amb relaci\u00f3 a les necessitats dels visitants o la tipologia del seu centre.<\/p>\n<p>Les visites per a con\u00e8ixer el projecte educatiu estan enfocades, per una banda, a comprendre un centre amb una visi\u00f3 competencial, globalitzada i personalitzada de l\u2019aprenentatge, i, per l\u2019altra, tenir una experi\u00e8ncia\u2026 I, sobretot, a tenir una experi\u00e8ncia immersiva per con\u00e8ixer el seu prop\u00f2sit, pr\u00e0ctiques, avaluaci\u00f3 i organitzaci\u00f3.<\/p>\n<p>Els visitants, guiats pels estudiants ambaixadors, poden veure l\u2019aprenentatge basat en projectes, STEAM i human\u00edstics, els itineraris personals d&#8217;aprenentatge i altres propostes d\u2019aprenentatge en les quals es personalitza, globalitza i s&#8217;adquireixen aprenentatges competencials.<\/p>\n<figure class=\"figure wp-caption aligncenter\"><img loading=\"lazy\" decoding=\"async\" class=\"size-large wp-image-1829\" src=\"https:\/\/agora.xtec.cat\/insaferrer\/wp-content\/uploads\/usu2510\/2023\/12\/unnamed-1024x664.png\" alt=\"Alumnat ambaixador iniciant la vista de formaci\u00f3 al centre en funcionament - Mar\u00b4, 2023\" width=\"1024\" height=\"664\" srcset=\"https:\/\/agora.xtec.cat\/insaferrer\/wp-content\/uploads\/usu2510\/2023\/12\/unnamed-1024x664.png 1024w, https:\/\/agora.xtec.cat\/insaferrer\/wp-content\/uploads\/usu2510\/2023\/12\/unnamed-300x194.png 300w, https:\/\/agora.xtec.cat\/insaferrer\/wp-content\/uploads\/usu2510\/2023\/12\/unnamed-768x498.png 768w, https:\/\/agora.xtec.cat\/insaferrer\/wp-content\/uploads\/usu2510\/2023\/12\/unnamed.png 1037w\" sizes=\"auto, (max-width: 1024px) 100vw, 1024px\" \/><figcaption class=\"wp-caption-text\">Alumnat ambaixador iniciant la vista de formaci\u00f3 al centre en funcionament &#8211; Mar\u00e7, 2023<\/figcaption><\/figure>\n<p>&nbsp;<\/p>\n<h5 style=\"text-align: center;\">Vols fer una visita de formaci\u00f3 docent?<br \/>\nContacta amb nosaltres: boris.mir[arrova]insaferrer.cat<\/h5>\n","protected":false},"excerpt":{"rendered":"<p>Les visites i <a href=\"https:\/\/agora.xtec.cat\/insaferrer\/programa-angeleta-ferrer\/estades-de-formacio-docent\/\">les estades<\/a> de formaci\u00f3 docent del <a href=\"https:\/\/agora.xtec.cat\/insaferrer\/programa-angeleta-ferrer\/\">Programa Angeleta Ferrer<\/a> s\u00f3n una acci\u00f3 formativa d\u2019un mat\u00ed en horari lectiu. Estan adre\u00e7ades a professorat de secund\u00e0ria o professional de l\u2019educaci\u00f3 interessat en el una aproximaci\u00f3 globalitzada, competencial i personalitzada de l\u2019educaci\u00f3 secund\u00e0ria&hellip;  <a href=\"https:\/\/agora.xtec.cat\/insaferrer\/programa-angeleta-ferrer\/visites-de-formacio-docent\/\" title=\"Read Visites de formaci\u00f3 docent\">Llegeix m\u00e9s\u00bb<\/a><\/p>\n","protected":false},"author":3,"featured_media":0,"parent":1808,"menu_order":2,"comment_status":"closed","ping_status":"closed","template":"page-templates\/side-menu.php","meta":{"_bbp_topic_count":0,"_bbp_reply_count":0,"_bbp_total_topic_count":0,"_bbp_total_reply_count":0,"_bbp_voice_count":0,"_bbp_anonymous_reply_count":0,"_bbp_topic_count_hidden":0,"_bbp_reply_count_hidden":0,"_bbp_forum_subforum_count":0,"footnotes":""},"class_list":["post-1827","page","type-page","status-publish","hentry"],"post_mailing_queue_ids":[],"_links":{"self":[{"href":"https:\/\/agora.xtec.cat\/insaferrer\/wp-json\/wp\/v2\/pages\/1827","targetHints":{"allow":["GET"]}}],"collection":[{"href":"https:\/\/agora.xtec.cat\/insaferrer\/wp-json\/wp\/v2\/pages"}],"about":[{"href":"https:\/\/agora.xtec.cat\/insaferrer\/wp-json\/wp\/v2\/types\/page"}],"author":[{"embeddable":true,"href":"https:\/\/agora.xtec.cat\/insaferrer\/wp-json\/wp\/v2\/users\/3"}],"replies":[{"embeddable":true,"href":"https:\/\/agora.xtec.cat\/insaferrer\/wp-json\/wp\/v2\/comments?post=1827"}],"version-history":[{"count":4,"href":"https:\/\/agora.xtec.cat\/insaferrer\/wp-json\/wp\/v2\/pages\/1827\/revisions"}],"predecessor-version":[{"id":2584,"href":"https:\/\/agora.xtec.cat\/insaferrer\/wp-json\/wp\/v2\/pages\/1827\/revisions\/2584"}],"up":[{"embeddable":true,"href":"https:\/\/agora.xtec.cat\/insaferrer\/wp-json\/wp\/v2\/pages\/1808"}],"wp:attachment":[{"href":"https:\/\/agora.xtec.cat\/insaferrer\/wp-json\/wp\/v2\/media?parent=1827"}],"curies":[{"name":"wp","href":"https:\/\/api.w.org\/{rel}","templated":true}]}}

Visites de formació docent

<p>Les visites i <a href="https://agora.xtec.cat/insaferrer/programa-angeleta-ferrer/estades-de-formacio-docent/">les estades</a> de formació docent del <a href="https://agora.xtec.cat/insaferrer/programa-angeleta-ferrer/">Programa Angeleta Ferrer</a> són una<strong> acció formativa d’un matí en horari lectiu</strong>. Estan adreçades a professorat de secundària o professional de l’educació interessat en el una aproximació <strong>globalitzada, competencial i personalitzada</strong> de l’educació secundària i tenen l’objectiu general conèixer un centre en funcionament amb aquestes característiques.</p>
<h5>Vistes de formació i perfil de participants</h5>
<p><img loading="lazy" decoding="async" class="size-full wp-image-1828 aligncenter" src="https://agora.xtec.cat/insaferrer/wp-content/uploads/usu2510/2023/12/visites.png" alt="Visites de formació docent" width="700" height="659" srcset="https://agora.xtec.cat/insaferrer/wp-content/uploads/usu2510/2023/12/visites.png 700w, https://agora.xtec.cat/insaferrer/wp-content/uploads/usu2510/2023/12/visites-300x282.png 300w" sizes="auto, (max-width: 700px) 100vw, 700px" /></p>
<h5></h5>
<h5>Objectius d’aprenentatge de la visita de formació</h5>
<p>Les visites al centre en funcionament permeten una aproximació global al projecte educatiu del centre o a algun aspecte concret amb relació a les necessitats dels visitants o la tipologia del seu centre.</p>
<p>Les visites per a conèixer el projecte educatiu estan enfocades, per una banda, a comprendre un centre amb una visió competencial, globalitzada i personalitzada de l’aprenentatge, i, per l’altra, tenir una experiència… I, sobretot, a tenir una experiència immersiva per conèixer el seu propòsit, pràctiques, avaluació i organització.</p>
<p>Els visitants, guiats pels estudiants ambaixadors, poden veure l’aprenentatge basat en projectes, STEAM i humanístics, els itineraris personals d&#8217;aprenentatge i altres propostes d’aprenentatge en les quals es personalitza, globalitza i s&#8217;adquireixen aprenentatges competencials.</p>
<figure class="figure wp-caption aligncenter"><img loading="lazy" decoding="async" class="size-large wp-image-1829" src="https://agora.xtec.cat/insaferrer/wp-content/uploads/usu2510/2023/12/unnamed-1024x664.png" alt="Alumnat ambaixador iniciant la vista de formació al centre en funcionament - Mar´, 2023" width="1024" height="664" srcset="https://agora.xtec.cat/insaferrer/wp-content/uploads/usu2510/2023/12/unnamed-1024x664.png 1024w, https://agora.xtec.cat/insaferrer/wp-content/uploads/usu2510/2023/12/unnamed-300x194.png 300w, https://agora.xtec.cat/insaferrer/wp-content/uploads/usu2510/2023/12/unnamed-768x498.png 768w, https://agora.xtec.cat/insaferrer/wp-content/uploads/usu2510/2023/12/unnamed.png 1037w" sizes="auto, (max-width: 1024px) 100vw, 1024px" /><figcaption class="wp-caption-text">Alumnat ambaixador iniciant la vista de formació al centre en funcionament &#8211; Març, 2023</figcaption></figure>
<p>&nbsp;</p>
<h5 style="text-align: center;">Vols fer una visita de formació docent?<br />
Contacta amb nosaltres: boris.mir[arrova]insaferrer.cat</h5>

<p>Les visites i <a href="https://agora.xtec.cat/insaferrer/programa-angeleta-ferrer/estades-de-formacio-docent/">les estades</a> de formació docent del <a href="https://agora.xtec.cat/insaferrer/programa-angeleta-ferrer/">Programa Angeleta Ferrer</a> són una acció formativa d’un matí en horari lectiu. Estan adreçades a professorat de secundària o professional de l’educació interessat en el una aproximació globalitzada, competencial i personalitzada de l’educació secundària&hellip;  <a href="https://agora.xtec.cat/insaferrer/programa-angeleta-ferrer/visites-de-formacio-docent/" title="Read Visites de formació docent">Llegeix més»</a></p>
