{"id":1007,"date":"2022-03-02T22:26:43","date_gmt":"2022-03-02T21:26:43","guid":{"rendered":"https:\/\/agora.xtec.cat\/insaferrer\/?page_id=1007"},"modified":"2024-07-25T20:41:35","modified_gmt":"2024-07-25T18:41:35","slug":"documentacio-del-centre","status":"publish","type":"page","link":"https:\/\/agora.xtec.cat\/insaferrer\/linstitut\/documentacio-del-centre\/","title":{"rendered":"Documentaci\u00f3 del centre"},"content":{"rendered":"<p>L&#8217;Angeleta Ferrer \u00e9s un centre de nova creaci\u00f3 i estem iniciant <strong>el funcionament de centre i la documentaci\u00f3 associada<\/strong> al projecte educatiu. A mesura que la documentaci\u00f3 elaborada estigui finalitzada, l&#8217;anirem publicant.<\/p>\n<h5 style=\"padding-left: 40px;\"><span style=\"color: #3366ff;\"><strong>Normativa COVID &#8211; Pla d&#8217;organitzaci\u00f3 de centre<\/strong><\/span><\/h5>\n<p style=\"padding-left: 40px;\"><a href=\"https:\/\/agora.xtec.cat\/insaferrer\/wp-content\/uploads\/usu2510\/2022\/03\/Institut-Angeleta-Ferrer-Pla-dorganitzacio-de-Centre-curs-2021-2022.pdf\">Institut Angeleta Ferrer &#8211; Pla d&#8217;organitzaci\u00f3 de Centre curs 2021-2022<\/a><\/p>\n<h5 style=\"padding-left: 40px;\"><span style=\"color: #3366ff;\"><strong>Projecte ling\u00fc\u00edstic de centre<\/strong><\/span><\/h5>\n<p style=\"padding-left: 40px;\"><a href=\"https:\/\/agora.xtec.cat\/insaferrer\/wp-content\/uploads\/usu2510\/2022\/03\/Institut-Angeleta-Ferrer-Projecte-linguistic-de-centre.pdf\">Institut Angeleta Ferrer &#8211; Projecte ling\u00fc\u00edstic de centre<\/a><\/p>\n<p>&nbsp;<\/p>\n<p>&nbsp;<\/p>\n","protected":false},"excerpt":{"rendered":"<p>L&#8217;Angeleta Ferrer \u00e9s un centre de nova creaci\u00f3 i estem iniciant el funcionament de centre i la documentaci\u00f3 associada al projecte educatiu. A mesura que la documentaci\u00f3 elaborada estigui finalitzada, l&#8217;anirem publicant.<br \/>\nNormativa COVID &#8211; Pla d&#8217;organitzaci\u00f3 de centre<br \/>\n<a href=\"https:\/\/agora.xtec.cat\/insaferrer\/wp-content\/uploads\/usu2510\/2022\/03\/Institut-Angeleta-Ferrer-Pla-dorganitzacio-de-Centre-curs-2021-2022.pdf\">Institut Angeleta Ferrer &#8211; Pla d&#8217;organitzaci\u00f3 de&hellip;  <a href=\"https:\/\/agora.xtec.cat\/insaferrer\/linstitut\/documentacio-del-centre\/\" title=\"Read Documentaci\u00f3 del centre\">Llegeix m\u00e9s\u00bb<\/a><\/p>\n","protected":false},"author":3,"featured_media":0,"parent":19,"menu_order":0,"comment_status":"closed","ping_status":"closed","template":"page-templates\/side-menu.php","meta":{"_bbp_topic_count":0,"_bbp_reply_count":0,"_bbp_total_topic_count":0,"_bbp_total_reply_count":0,"_bbp_voice_count":0,"_bbp_anonymous_reply_count":0,"_bbp_topic_count_hidden":0,"_bbp_reply_count_hidden":0,"_bbp_forum_subforum_count":0,"footnotes":""},"class_list":["post-1007","page","type-page","status-publish","hentry"],"post_mailing_queue_ids":[],"_links":{"self":[{"href":"https:\/\/agora.xtec.cat\/insaferrer\/wp-json\/wp\/v2\/pages\/1007","targetHints":{"allow":["GET"]}}],"collection":[{"href":"https:\/\/agora.xtec.cat\/insaferrer\/wp-json\/wp\/v2\/pages"}],"about":[{"href":"https:\/\/agora.xtec.cat\/insaferrer\/wp-json\/wp\/v2\/types\/page"}],"author":[{"embeddable":true,"href":"https:\/\/agora.xtec.cat\/insaferrer\/wp-json\/wp\/v2\/users\/3"}],"replies":[{"embeddable":true,"href":"https:\/\/agora.xtec.cat\/insaferrer\/wp-json\/wp\/v2\/comments?post=1007"}],"version-history":[{"count":3,"href":"https:\/\/agora.xtec.cat\/insaferrer\/wp-json\/wp\/v2\/pages\/1007\/revisions"}],"predecessor-version":[{"id":1018,"href":"https:\/\/agora.xtec.cat\/insaferrer\/wp-json\/wp\/v2\/pages\/1007\/revisions\/1018"}],"up":[{"embeddable":true,"href":"https:\/\/agora.xtec.cat\/insaferrer\/wp-json\/wp\/v2\/pages\/19"}],"wp:attachment":[{"href":"https:\/\/agora.xtec.cat\/insaferrer\/wp-json\/wp\/v2\/media?parent=1007"}],"curies":[{"name":"wp","href":"https:\/\/api.w.org\/{rel}","templated":true}]}}

Documentació del centre

<p>L&#8217;Angeleta Ferrer és un centre de nova creació i estem iniciant <strong>el funcionament de centre i la documentació associada</strong> al projecte educatiu. A mesura que la documentació elaborada estigui finalitzada, l&#8217;anirem publicant.</p>
<h5 style="padding-left: 40px;"><span style="color: #3366ff;"><strong>Normativa COVID &#8211; Pla d&#8217;organització de centre</strong></span></h5>
<p style="padding-left: 40px;"><a href="https://agora.xtec.cat/insaferrer/wp-content/uploads/usu2510/2022/03/Institut-Angeleta-Ferrer-Pla-dorganitzacio-de-Centre-curs-2021-2022.pdf">Institut Angeleta Ferrer &#8211; Pla d&#8217;organització de Centre curs 2021-2022</a></p>
<h5 style="padding-left: 40px;"><span style="color: #3366ff;"><strong>Projecte lingüístic de centre</strong></span></h5>
<p style="padding-left: 40px;"><a href="https://agora.xtec.cat/insaferrer/wp-content/uploads/usu2510/2022/03/Institut-Angeleta-Ferrer-Projecte-linguistic-de-centre.pdf">Institut Angeleta Ferrer &#8211; Projecte lingüístic de centre</a></p>
<p>&nbsp;</p>
<p>&nbsp;</p>

<p>L&#8217;Angeleta Ferrer és un centre de nova creació i estem iniciant el funcionament de centre i la documentació associada al projecte educatiu. A mesura que la documentació elaborada estigui finalitzada, l&#8217;anirem publicant.<br />
Normativa COVID &#8211; Pla d&#8217;organització de centre<br />
<a href="https://agora.xtec.cat/insaferrer/wp-content/uploads/usu2510/2022/03/Institut-Angeleta-Ferrer-Pla-dorganitzacio-de-Centre-curs-2021-2022.pdf">Institut Angeleta Ferrer &#8211; Pla d&#8217;organització de&hellip;  <a href="https://agora.xtec.cat/insaferrer/linstitut/documentacio-del-centre/" title="Read Documentació del centre">Llegeix més»</a></p>
