{"id":9411,"date":"2023-04-20T19:45:12","date_gmt":"2023-04-20T17:45:12","guid":{"rendered":"https:\/\/agora.xtec.cat\/ins25desetembre\/?page_id=9411"},"modified":"2023-06-01T19:58:03","modified_gmt":"2023-06-01T17:58:03","slug":"planificacio","status":"publish","type":"page","link":"https:\/\/agora.xtec.cat\/ins25desetembre\/planificacio\/","title":{"rendered":"Planificaci\u00f3"},"content":{"rendered":"<p><span style=\"font-weight: 400;\">Per tal d\u2019assolir els objectius, la comissi\u00f3 redacta un seguit d\u2019actuacions amb els indicadors d\u2019execuci\u00f3 (o abast) i de qualitat, i els seus criteris d\u2019\u00e8xit.\u00a0<\/span><\/p>\n<p><span style=\"font-weight: 400;\">Les activitats associades als objectius del centre es mostren a continuaci\u00f3:<\/span><\/p>\n<p><i><span style=\"font-weight: 400;\">Objectiu 1: Confeccionar pautes d\u2019actuaci\u00f3 per resoldre problemes t\u00e8cnics espec\u00edfics de la compet\u00e8ncia digital de l\u2019alumnat.<\/span><\/i><\/p>\n<ul>\n<li><span style=\"font-weight: 400;\">Activitat 1.1: El\u00b7laboraci\u00f3, aplicaci\u00f3 i revisi\u00f3 o actualitzaci\u00f3 continua del manual (WIFI)<\/span><\/li>\n<li>Activitat 1.2: Disseny de protocol d&#8217;actuaci\u00f3 en cas de dispositius espatllats o malmesos<\/li>\n<li>Activitat 1.3: Donar publicitat als protocols mitjan\u00e7ant un classroom digital<\/li>\n<\/ul>\n<p><i><span style=\"font-weight: 400;\">Objectiu 2: Implicar docents i alumnat en la verificaci\u00f3 de la qualitat de la informaci\u00f3 i ser capa\u00e7 de recon\u00e8ixer el treball dels altres per afavorir la compet\u00e8ncia digital docent i el desenvolupament professional.<\/span><\/i><\/p>\n<ul>\n<li><span style=\"font-weight: 400;\">Activitat 2.1: Qu\u00e8 s\u00f3n els drets d&#8217;autor? Part 1<\/span><\/li>\n<li>Activitat 2.2 Qu\u00e8 s\u00f3n els drets d&#8217;autor? Part 2<\/li>\n<li>Activitat 2.3 Qu\u00e8 s\u00f3n els drets d&#8217;autor? Part 3<\/li>\n<\/ul>\n<p><i><span style=\"font-weight: 400;\">Objectiu 3:\u00a0 Analitzar els diferents recursos digitals i explorar-ne de nous per tal d\u2019augmentar les habilitats digitals de l\u2019alumnat.<\/span><\/i><\/p>\n<ul>\n<li>Activitat 3.1: Recursos digitals per aplicar a l&#8217;aula<\/li>\n<\/ul>\n<p><i><span style=\"font-weight: 400;\">Objectiu 4: Oferir formaci\u00f3 a fam\u00edlies sobre el classroom, ieduca, seguretat a la xarxa i control parental.<\/span><\/i><\/p>\n<ul>\n<li>Activitat 4.1: Formaci\u00f3 de classroom<\/li>\n<li>Activitat 4.2: IEduca<\/li>\n<li>Activitat 4.3: Addicci\u00f3 a les pantalles\u00e7<\/li>\n<\/ul>\n<p><span style=\"font-weight: 400;\">Per a la realitzaci\u00f3 de les activitats s\u2019estableix un cronograma o taula amb els objectius i les activitats i els per\u00edodes de realitzaci\u00f3:<\/span><\/p>\n<p><a href=\"https:\/\/agora.xtec.cat\/ins25desetembre\/wp-content\/uploads\/usu1400\/2023\/06\/unnamed-4.png\"><img loading=\"lazy\" decoding=\"async\" class=\"alignnone size-full wp-image-9762\" src=\"https:\/\/agora.xtec.cat\/ins25desetembre\/wp-content\/uploads\/usu1400\/2023\/06\/unnamed-4.png\" alt=\"\" width=\"947\" height=\"582\" srcset=\"https:\/\/agora.xtec.cat\/ins25desetembre\/wp-content\/uploads\/usu1400\/2023\/06\/unnamed-4.png 947w, https:\/\/agora.xtec.cat\/ins25desetembre\/wp-content\/uploads\/usu1400\/2023\/06\/unnamed-4-300x184.png 300w, https:\/\/agora.xtec.cat\/ins25desetembre\/wp-content\/uploads\/usu1400\/2023\/06\/unnamed-4-768x472.png 768w\" sizes=\"auto, (max-width: 947px) 100vw, 947px\" \/><\/a><\/p>\n","protected":false},"excerpt":{"rendered":"<p>Per tal d\u2019assolir els objectius, la comissi\u00f3 redacta un seguit d\u2019actuacions amb els indicadors d\u2019execuci\u00f3 (o abast) i de qualitat, i els seus criteris d\u2019\u00e8xit.\u00a0<br \/>\nLes activitats associades als objectius del centre es mostren a continuaci\u00f3:<br \/>\nObjectiu 1: Confeccionar pautes d\u2019actuaci\u00f3 per resoldre problemes t\u00e8cnics espec\u00edfics de&hellip;  <a href=\"https:\/\/agora.xtec.cat\/ins25desetembre\/planificacio\/\" title=\"Read Planificaci\u00f3\">Llegeix m\u00e9s\u00bb<\/a><\/p>\n","protected":false},"author":1,"featured_media":0,"parent":0,"menu_order":0,"comment_status":"closed","ping_status":"closed","template":"","meta":{"_bbp_topic_count":0,"_bbp_reply_count":0,"_bbp_total_topic_count":0,"_bbp_total_reply_count":0,"_bbp_voice_count":0,"_bbp_anonymous_reply_count":0,"_bbp_topic_count_hidden":0,"_bbp_reply_count_hidden":0,"_bbp_forum_subforum_count":0,"footnotes":""},"class_list":["post-9411","page","type-page","status-publish","hentry"],"post_mailing_queue_ids":[],"_links":{"self":[{"href":"https:\/\/agora.xtec.cat\/ins25desetembre\/wp-json\/wp\/v2\/pages\/9411","targetHints":{"allow":["GET"]}}],"collection":[{"href":"https:\/\/agora.xtec.cat\/ins25desetembre\/wp-json\/wp\/v2\/pages"}],"about":[{"href":"https:\/\/agora.xtec.cat\/ins25desetembre\/wp-json\/wp\/v2\/types\/page"}],"author":[{"embeddable":true,"href":"https:\/\/agora.xtec.cat\/ins25desetembre\/wp-json\/wp\/v2\/users\/1"}],"replies":[{"embeddable":true,"href":"https:\/\/agora.xtec.cat\/ins25desetembre\/wp-json\/wp\/v2\/comments?post=9411"}],"version-history":[{"count":3,"href":"https:\/\/agora.xtec.cat\/ins25desetembre\/wp-json\/wp\/v2\/pages\/9411\/revisions"}],"predecessor-version":[{"id":9763,"href":"https:\/\/agora.xtec.cat\/ins25desetembre\/wp-json\/wp\/v2\/pages\/9411\/revisions\/9763"}],"wp:attachment":[{"href":"https:\/\/agora.xtec.cat\/ins25desetembre\/wp-json\/wp\/v2\/media?parent=9411"}],"curies":[{"name":"wp","href":"https:\/\/api.w.org\/{rel}","templated":true}]}}