{"id":75,"date":"2014-09-18T10:21:02","date_gmt":"2014-09-18T09:21:02","guid":{"rendered":"http:\/\/agora.xtec.cat\/ins-sarriadeter\/?page_id=75"},"modified":"2025-07-30T09:53:04","modified_gmt":"2025-07-30T07:53:04","slug":"activitats-extraescolars","status":"publish","type":"page","link":"https:\/\/agora.xtec.cat\/ins-sarriadeter\/afa\/activitats-extraescolars\/","title":{"rendered":"Activitats extraescolars"},"content":{"rendered":"<h4>Activitats Extraescolars 2025-2026<\/h4>\n<p>Des de l\u2019Associaci\u00f3 de Fam\u00edlies de l\u2019Institut, us oferim diverses activitats extraescolars per al curs 2025-2026 amb l\u2019objectiu de complementar la formaci\u00f3 dels alumnes de manera l\u00fadica i educativa.<\/p>\n<ul>\n<li><strong>Mecanografia i Angl\u00e8s<\/strong><\/li>\n<\/ul>\n<p><span style=\"font-family: inherit; font-size: 1em;\">Aquestes activitats aniran a c\u00e0rrec de l\u2019Acad\u00e8mia Meca Centre, especialitzada en <\/span>formaci\u00f3 extracurricular per a infants de prim\u00e0ria i per a joves de secund\u00e0ria.<\/p>\n<p><strong>Mecanografia<\/strong>: millora de la velocitat i precisi\u00f3 en l\u2019escriptura al teclat, molt \u00fatil per a treballs escolars i futurs estudis.<\/p>\n<p><strong>Angl\u00e8s:<\/strong> refor\u00e7 i pr\u00e0ctica de l\u2019idioma a trav\u00e9s de jocs, conversa i activitats adaptades al nivell dels alumnes.<\/p>\n<p>Consulta aqu\u00ed tota la informaci\u00f3 sobre les activitats de <a href=\"https:\/\/drive.google.com\/file\/u\/6\/d\/1becDOV5a1DmlIAXNyk6nwZsh5kVoi596\/view?usp=drive_open\">Mecanografia<\/a> i <a href=\"https:\/\/drive.google.com\/file\/u\/6\/d\/1lM8_ocBnm6Xe5IRJYggpETBzT42gplFQ\/view?usp=drive_open\">Angl\u00e8s de 1r i 2n<\/a> i <a href=\"https:\/\/www.google.com\/url?sa=D&amp;q=https:\/\/drive.google.com\/open%3Fid%3D1jn08yz9mgIk1KB34OIEGM_9zDhltHOFk&amp;ust=1753948020000000&amp;usg=AOvVaw3GRORVbsKEP4145TeC6ndp&amp;hl=es&amp;source=gmail\">Angl\u00e8s de 3r i 4t<\/a> per aquest curs (Acad\u00e8mia Meca Centre).<\/p>\n<ul>\n<li><strong>TENIS (GEIEG Sant Pon\u00e7)<\/strong><\/li>\n<\/ul>\n<p>L\u2019activitat de tenis ser\u00e0 gestionada pel GEIEG, una entitat amb experi\u00e8ncia en l\u2019ensenyament d\u2019aquest i altres esports a joves de totes les edats i nivells.<\/p>\n<p>Consulta aqu\u00ed tota la informaci\u00f3 sobre l\u2019activitat de <a href=\"https:\/\/drive.google.com\/file\/u\/6\/d\/1x14Ay0Iv2eDl70bfSvVXsIQlx1TDjO0C\/view?usp=drive_open\">Tenis<\/a> per aquest curs (Entitat GEIEG Sant Pon\u00e7).<\/p>\n<p>**************<br \/>\nPer a m\u00e9s informaci\u00f3 i oferir la vostra col\u00b7laboraci\u00f3 escriviu a:<br \/>\n<a href=\"mailto:afainstitutsarriadeter@gmail.com\">afainstitutsarriadeter@gmail.com<\/a><\/p>\n<p>Us hi esperem a tots i a totes! Moltes gr\u00e0cies!<\/p>\n<p><strong>ASSOCIACI\u00d3 DE FAM\u00cdLIES D\u2019ALUMNES (A.F.A.) de L\u2019INSTITUT TICERIS<\/strong><\/p>\n","protected":false},"excerpt":{"rendered":"<p>Activitats Extraescolars 2025-2026<br \/>\nDes de l\u2019Associaci\u00f3 de Fam\u00edlies de l\u2019Institut, us oferim diverses activitats extraescolars per al curs 2025-2026 amb l\u2019objectiu de complementar la formaci\u00f3 dels alumnes de manera l\u00fadica i educativa.<\/p>\n<ul>\n<li>Mecanografia i Angl\u00e8s<\/li>\n<\/ul>\n<p>Aquestes activitats aniran a c\u00e0rrec de l\u2019Acad\u00e8mia Meca Centre, especialitzada en formaci\u00f3 extracurricular&hellip;  <a href=\"https:\/\/agora.xtec.cat\/ins-sarriadeter\/afa\/activitats-extraescolars\/\" title=\"Read Activitats extraescolars\">Llegeix m\u00e9s\u00bb<\/a><\/p>\n","protected":false},"author":1,"featured_media":0,"parent":598,"menu_order":2,"comment_status":"closed","ping_status":"closed","template":"page-templates\/side-menu.php","meta":{"_bbp_topic_count":0,"_bbp_reply_count":0,"_bbp_total_topic_count":0,"_bbp_total_reply_count":0,"_bbp_voice_count":0,"_bbp_anonymous_reply_count":0,"_bbp_topic_count_hidden":0,"_bbp_reply_count_hidden":0,"_bbp_forum_subforum_count":0,"footnotes":""},"class_list":["post-75","page","type-page","status-publish","hentry"],"post_mailing_queue_ids":[],"_links":{"self":[{"href":"https:\/\/agora.xtec.cat\/ins-sarriadeter\/wp-json\/wp\/v2\/pages\/75","targetHints":{"allow":["GET"]}}],"collection":[{"href":"https:\/\/agora.xtec.cat\/ins-sarriadeter\/wp-json\/wp\/v2\/pages"}],"about":[{"href":"https:\/\/agora.xtec.cat\/ins-sarriadeter\/wp-json\/wp\/v2\/types\/page"}],"author":[{"embeddable":true,"href":"https:\/\/agora.xtec.cat\/ins-sarriadeter\/wp-json\/wp\/v2\/users\/1"}],"replies":[{"embeddable":true,"href":"https:\/\/agora.xtec.cat\/ins-sarriadeter\/wp-json\/wp\/v2\/comments?post=75"}],"version-history":[{"count":4,"href":"https:\/\/agora.xtec.cat\/ins-sarriadeter\/wp-json\/wp\/v2\/pages\/75\/revisions"}],"predecessor-version":[{"id":3780,"href":"https:\/\/agora.xtec.cat\/ins-sarriadeter\/wp-json\/wp\/v2\/pages\/75\/revisions\/3780"}],"up":[{"embeddable":true,"href":"https:\/\/agora.xtec.cat\/ins-sarriadeter\/wp-json\/wp\/v2\/pages\/598"}],"wp:attachment":[{"href":"https:\/\/agora.xtec.cat\/ins-sarriadeter\/wp-json\/wp\/v2\/media?parent=75"}],"curies":[{"name":"wp","href":"https:\/\/api.w.org\/{rel}","templated":true}]}}