{"id":598,"date":"2019-09-04T18:06:56","date_gmt":"2019-09-04T16:06:56","guid":{"rendered":"https:\/\/agora.xtec.cat\/ins-sarriadeter\/?page_id=598"},"modified":"2025-07-30T09:47:02","modified_gmt":"2025-07-30T07:47:02","slug":"afa","status":"publish","type":"page","link":"https:\/\/agora.xtec.cat\/ins-sarriadeter\/afa\/","title":{"rendered":"AFA"},"content":{"rendered":"<h4>QUI SOM &amp; QU\u00c8 FEM?<\/h4>\n<p>Benvinguts i benvingudes a l\u2019Associaci\u00f3 de Fam\u00edlies d\u2019Alumnes de l\u2019INSTITUT TICERIS!<\/p>\n<p>Els nostres fills i filles comencen una nova etapa plena d\u2019il\u00b7lusions i tamb\u00e9 de reptes.<\/p>\n<p><strong>L\u2019educaci\u00f3 \u00e9s una responsabilitat compartida entre el centre, l\u2019alumnat i les fam\u00edlies<\/strong>. \u00c9s per aix\u00f2, que les fam\u00edlies ens hem d\u2019implicar m\u00e9s que mai en el seu acompanyament i des de l\u2019AFA, us convidem a formar part d\u2019aquest projecte, participant d\u2019una manera o l&#8217;altra en la seva vida educativa al centre i col\u00b7laborant per millorar la qualitat de l\u2019ensenyament i el benestar dels nostres fills i filles.<\/p>\n<p><strong>Qu\u00e8 \u00e9s una AFA:<\/strong><\/p>\n<p>Les AFA s\u00f3n associacions sense afany de lucre que agrupen fam\u00edlies d\u2019alumnes dels centres educatius. En col\u00b7laboraci\u00f3 amb els diversos sectors de la comunitat educativa, tenen com a objectiu principal treballar per a la millora del centre i de l\u2019educaci\u00f3.<br \/>\n\u25cf Fomentar valors com la inclusi\u00f3, la igualtat, el respecte i la conviv\u00e8ncia.<br \/>\n\u25cf Participa de forma oberta i activa en la vida del centre per dinamitzar la seva activitat i per promoure projectes complementaris a l\u2019estudi.<br \/>\n\u25cf T\u00e9 vocaci\u00f3 d\u2019aportar i de col\u00b7laborar amb la direcci\u00f3 i l\u2019equip docent del centre amb qui actua com a interlocutor per tractar temes que afecten tot el col\u00b7lectiu de fam\u00edlies.<br \/>\n\u25cf Fomenta el treball en xarxa amb altres agents educatius i facilita la prestaci\u00f3 de serveis i activitats fora de l\u2019horari lectiu. Una oportunitat per al sistema educatiu.<\/p>\n<p>L\u2019AFA \u00e9s l\u2019\u00fanica entitat associativa situada en el mateix centre educatiu. Des de la participaci\u00f3 volunt\u00e0ria, les fam\u00edlies es responsabilitzen de desenvolupar projectes i accions pel b\u00e9 de l\u2019educaci\u00f3.<\/p>\n<p>Sense les AFA la majoria de serveis b\u00e0sics per a les fam\u00edlies no estarien garantits, sobretot en els centres de prim\u00e0ria (el 97% els ofereix). Les AFA fan aportacions al funcionament de l\u2019escola (compra material i equipament del centre, material per a l\u2019alumnat, etc). El 91% de les AFA estan federades.<\/p>\n<p><strong>Qui SOM:<\/strong><\/p>\n<p>L\u2019actual Junta Directiva constitu\u00efda al curs 2024\/2025, est\u00e0 formada pels seg\u00fcents membres:<\/p>\n<ul>\n<li>Presidenta: Mar Rom\u00e1n, mare d\u2019alumne de 2n d\u2019ESO<\/li>\n<li>Secret\u00e0ria: Montse Soria, mare d\u2019alumne de 2n d\u2019ESO i de 1r de Batxillerat<\/li>\n<li>Tresorer: Octavi Serra, pare d\u2019alumne de 4t d\u2019ESO<\/li>\n<li>Vocals:<br \/>\nYolanda Angelats, mare d\u2019alumne de 3r d\u2019ESO<br \/>\nMarta V\u00e1zquez, mare d\u2019alumne de 2n d\u2019ESO<\/li>\n<\/ul>\n<p>L\u2019AFA no pot engegar qualsevol iniciativa sense el voluntariat de les fam\u00edlies. Per aquesta ra\u00f3, des d\u2019aqu\u00ed volem encoratjar-vos a participar de les activitats que proposem, ja sigui assistint a les assemblees que se celebrin peri\u00f2dicament per a donar el vostre punt de vista, fer propostes o oferir el vostre ajut per tirar endavant els diferents projectes.<\/p>\n<p>Aquesta col\u00b7laboraci\u00f3 pot ser indefinida o puntual, amb un sentit d\u2019equip i sempre en benefici dels nostres fills i filles.<\/p>\n<p>Per a m\u00e9s informaci\u00f3 i oferir la vostra col\u00b7laboraci\u00f3 escriviu a:<br \/>\n<a href=\"mailto:afainstitutsarriadeter@gmail.com\">afainstitutsarriadeter@gmail.com<\/a><\/p>\n<p>Us hi esperem a tots i a totes! Moltes gr\u00e0cies!<\/p>\n<p><strong>ASSOCIACI\u00d3 DE FAM\u00cdLIES D\u2019ALUMNES (A.F.A.) de L\u2019INSTITUT TICERIS<\/strong><\/p>\n","protected":false},"excerpt":{"rendered":"<p>QUI SOM &amp; QU\u00c8 FEM?<br \/>\nBenvinguts i benvingudes a l\u2019Associaci\u00f3 de Fam\u00edlies d\u2019Alumnes de l\u2019INSTITUT TICERIS!<br \/>\nEls nostres fills i filles comencen una nova etapa plena d\u2019il\u00b7lusions i tamb\u00e9 de reptes.<br \/>\nL\u2019educaci\u00f3 \u00e9s una responsabilitat compartida entre el centre, l\u2019alumnat i les fam\u00edlies. \u00c9s per aix\u00f2, que les&hellip;  <a href=\"https:\/\/agora.xtec.cat\/ins-sarriadeter\/afa\/\" title=\"Read AFA\">Llegeix m\u00e9s\u00bb<\/a><\/p>\n","protected":false},"author":1,"featured_media":0,"parent":0,"menu_order":0,"comment_status":"closed","ping_status":"closed","template":"page-templates\/side-menu.php","meta":{"_bbp_topic_count":0,"_bbp_reply_count":0,"_bbp_total_topic_count":0,"_bbp_total_reply_count":0,"_bbp_voice_count":0,"_bbp_anonymous_reply_count":0,"_bbp_topic_count_hidden":0,"_bbp_reply_count_hidden":0,"_bbp_forum_subforum_count":0,"footnotes":""},"class_list":["post-598","page","type-page","status-publish","hentry"],"post_mailing_queue_ids":[],"_links":{"self":[{"href":"https:\/\/agora.xtec.cat\/ins-sarriadeter\/wp-json\/wp\/v2\/pages\/598","targetHints":{"allow":["GET"]}}],"collection":[{"href":"https:\/\/agora.xtec.cat\/ins-sarriadeter\/wp-json\/wp\/v2\/pages"}],"about":[{"href":"https:\/\/agora.xtec.cat\/ins-sarriadeter\/wp-json\/wp\/v2\/types\/page"}],"author":[{"embeddable":true,"href":"https:\/\/agora.xtec.cat\/ins-sarriadeter\/wp-json\/wp\/v2\/users\/1"}],"replies":[{"embeddable":true,"href":"https:\/\/agora.xtec.cat\/ins-sarriadeter\/wp-json\/wp\/v2\/comments?post=598"}],"version-history":[{"count":4,"href":"https:\/\/agora.xtec.cat\/ins-sarriadeter\/wp-json\/wp\/v2\/pages\/598\/revisions"}],"predecessor-version":[{"id":3779,"href":"https:\/\/agora.xtec.cat\/ins-sarriadeter\/wp-json\/wp\/v2\/pages\/598\/revisions\/3779"}],"wp:attachment":[{"href":"https:\/\/agora.xtec.cat\/ins-sarriadeter\/wp-json\/wp\/v2\/media?parent=598"}],"curies":[{"name":"wp","href":"https:\/\/api.w.org\/{rel}","templated":true}]}}