{"id":3972,"date":"2025-12-29T13:13:08","date_gmt":"2025-12-29T12:13:08","guid":{"rendered":"https:\/\/agora.xtec.cat\/ins-sarriadeter\/?page_id=3972"},"modified":"2026-03-25T10:10:35","modified_gmt":"2026-03-25T09:10:35","slug":"sarria-news","status":"publish","type":"page","link":"https:\/\/agora.xtec.cat\/ins-sarriadeter\/sarria-news\/","title":{"rendered":"Sarri\u00e0 News"},"content":{"rendered":"<p>Des de l&#8217;optativa de Comunicaci\u00f3 de 4t d&#8217;ESO del curs 2025-2026 hem creat, amb molt d&#8217;esfor\u00e7 i dedicaci\u00f3, una revista sobre l&#8217;institut i per a l&#8217;institut. Com veureu, cada n\u00famero desenvolupa una tem\u00e0tica concreta.<\/p>\n<p><strong><a href=\"https:\/\/drive.google.com\/file\/d\/10gXrrAM3BBasfC92-Gx6NHVO22WcZGbU\/view?usp=sharing\" target=\"_blank\" rel=\"noopener\">N\u00famero 2<\/a><\/strong><\/p>\n<p><a href=\"https:\/\/drive.google.com\/file\/d\/10gXrrAM3BBasfC92-Gx6NHVO22WcZGbU\/view?usp=sharing\"><img loading=\"lazy\" decoding=\"async\" class=\"alignleft wp-image-4191 size-medium\" src=\"https:\/\/agora.xtec.cat\/ins-sarriadeter\/wp-content\/uploads\/usu333\/2026\/03\/Captura-de-pantalla-2026-03-25-100804-209x300.png\" alt=\"\" width=\"209\" height=\"300\" srcset=\"https:\/\/agora.xtec.cat\/ins-sarriadeter\/wp-content\/uploads\/usu333\/2026\/03\/Captura-de-pantalla-2026-03-25-100804-209x300.png 209w, https:\/\/agora.xtec.cat\/ins-sarriadeter\/wp-content\/uploads\/usu333\/2026\/03\/Captura-de-pantalla-2026-03-25-100804.png 634w\" sizes=\"auto, (max-width: 209px) 100vw, 209px\" \/><\/a><\/p>\n<p>&nbsp;<\/p>\n<p>&nbsp;<\/p>\n<p>&nbsp;<\/p>\n<p>&nbsp;<\/p>\n<p>&nbsp;<\/p>\n<p>&nbsp;<\/p>\n<p>&nbsp;<\/p>\n<p>&nbsp;<\/p>\n<p><a href=\"https:\/\/drive.google.com\/file\/d\/11SX48qPOp3P4fIMit7hflRvU-72upea0\/view?usp=sharing\" target=\"_blank\" rel=\"noopener\"><strong>N\u00famero 1<\/strong><\/a><\/p>\n<p><a href=\"https:\/\/drive.google.com\/file\/d\/11SX48qPOp3P4fIMit7hflRvU-72upea0\/view?usp=sharing\"><img loading=\"lazy\" decoding=\"async\" class=\"alignleft wp-image-3973 size-medium\" src=\"https:\/\/agora.xtec.cat\/ins-sarriadeter\/wp-content\/uploads\/usu333\/2025\/12\/Captura-de-pantalla-2025-12-29-131112-231x300.png\" alt=\"\" width=\"231\" height=\"300\" srcset=\"https:\/\/agora.xtec.cat\/ins-sarriadeter\/wp-content\/uploads\/usu333\/2025\/12\/Captura-de-pantalla-2025-12-29-131112-231x300.png 231w, https:\/\/agora.xtec.cat\/ins-sarriadeter\/wp-content\/uploads\/usu333\/2025\/12\/Captura-de-pantalla-2025-12-29-131112.png 619w\" sizes=\"auto, (max-width: 231px) 100vw, 231px\" \/><\/a><\/p>\n<p>&nbsp;<\/p>\n<p>&nbsp;<\/p>\n<p>&nbsp;<\/p>\n<p>&nbsp;<\/p>\n<p>&nbsp;<\/p>\n<p>&nbsp;<\/p>\n<p>&nbsp;<\/p>\n<p>&nbsp;<\/p>\n","protected":false},"excerpt":{"rendered":"<p>Des de l&#8217;optativa de Comunicaci\u00f3 de 4t d&#8217;ESO del curs 2025-2026 hem creat, amb molt d&#8217;esfor\u00e7 i dedicaci\u00f3, una revista sobre l&#8217;institut i per a l&#8217;institut. Com veureu, cada n\u00famero desenvolupa una tem\u00e0tica concreta.<br \/>\n<a href=\"https:\/\/drive.google.com\/file\/d\/10gXrrAM3BBasfC92-Gx6NHVO22WcZGbU\/view?usp=sharing\" target=\"_blank\" rel=\"noopener\">N\u00famero 2<\/a><br \/>\n<a href=\"https:\/\/drive.google.com\/file\/d\/10gXrrAM3BBasfC92-Gx6NHVO22WcZGbU\/view?usp=sharing\"><\/a><br \/>\n&nbsp;<br \/>\n&nbsp;<br \/>\n&nbsp;<br \/>\n&nbsp;<br \/>\n&nbsp;<br \/>\n&nbsp;<br \/>\n&nbsp;<br \/>\n&nbsp;<br \/>\n<a href=\"https:\/\/drive.google.com\/file\/d\/11SX48qPOp3P4fIMit7hflRvU-72upea0\/view?usp=sharing\" target=\"_blank\" rel=\"noopener\">N\u00famero 1<\/a><br \/>\n<a href=\"https:\/\/drive.google.com\/file\/d\/11SX48qPOp3P4fIMit7hflRvU-72upea0\/view?usp=sharing\"><\/a><br \/>\n&nbsp;<br \/>\n&nbsp;<br \/>\n&nbsp;<br \/>\n&nbsp;<br \/>\n&nbsp;<br \/>\n&nbsp;<br \/>\n&nbsp;<br \/>\n&nbsp;<\/p>\n","protected":false},"author":1,"featured_media":0,"parent":0,"menu_order":0,"comment_status":"closed","ping_status":"closed","template":"","meta":{"_bbp_topic_count":0,"_bbp_reply_count":0,"_bbp_total_topic_count":0,"_bbp_total_reply_count":0,"_bbp_voice_count":0,"_bbp_anonymous_reply_count":0,"_bbp_topic_count_hidden":0,"_bbp_reply_count_hidden":0,"_bbp_forum_subforum_count":0,"footnotes":""},"class_list":["post-3972","page","type-page","status-publish","hentry"],"post_mailing_queue_ids":[],"_links":{"self":[{"href":"https:\/\/agora.xtec.cat\/ins-sarriadeter\/wp-json\/wp\/v2\/pages\/3972","targetHints":{"allow":["GET"]}}],"collection":[{"href":"https:\/\/agora.xtec.cat\/ins-sarriadeter\/wp-json\/wp\/v2\/pages"}],"about":[{"href":"https:\/\/agora.xtec.cat\/ins-sarriadeter\/wp-json\/wp\/v2\/types\/page"}],"author":[{"embeddable":true,"href":"https:\/\/agora.xtec.cat\/ins-sarriadeter\/wp-json\/wp\/v2\/users\/1"}],"replies":[{"embeddable":true,"href":"https:\/\/agora.xtec.cat\/ins-sarriadeter\/wp-json\/wp\/v2\/comments?post=3972"}],"version-history":[{"count":2,"href":"https:\/\/agora.xtec.cat\/ins-sarriadeter\/wp-json\/wp\/v2\/pages\/3972\/revisions"}],"predecessor-version":[{"id":4192,"href":"https:\/\/agora.xtec.cat\/ins-sarriadeter\/wp-json\/wp\/v2\/pages\/3972\/revisions\/4192"}],"wp:attachment":[{"href":"https:\/\/agora.xtec.cat\/ins-sarriadeter\/wp-json\/wp\/v2\/media?parent=3972"}],"curies":[{"name":"wp","href":"https:\/\/api.w.org\/{rel}","templated":true}]}}