{"id":243,"date":"2015-10-25T12:04:47","date_gmt":"2015-10-25T10:04:47","guid":{"rendered":"http:\/\/salasixandri.cat\/?page_id=243"},"modified":"2026-02-02T14:22:17","modified_gmt":"2026-02-02T13:22:17","slug":"com-treballem","status":"publish","type":"page","link":"https:\/\/agora.xtec.cat\/ins-salasixandri\/com-treballem\/","title":{"rendered":"Treball pedag\u00f2gic i metodologia"},"content":{"rendered":"<p>El model educatiu est\u00e0 estructurat en tres <strong>\u00e0mbits <\/strong>de coneixement: el <strong>ling\u00fc\u00edstic<\/strong>, <strong>l&#8217;artisticosocial<\/strong> i el <strong>cientificotecnol\u00f2gic<\/strong>, la qual cosa permet treballar sistem\u00e0ticament les compet\u00e8ncies espec\u00edfiques de cada mat\u00e8ria, relacionar-les amb altres disciplines i avaluar tant els continguts com les compet\u00e8ncies transversals.<\/p>\n<p>Els \u00e0mbits de coneixement s\u00f3n:<\/p>\n<ul>\n<li><strong>Art\u00edsticosocial:<\/strong> Ci\u00e8ncies socials, educaci\u00f3 visual pl\u00e0stica i educaci\u00f3 f\u00edsica<\/li>\n<li><strong>Ling\u00fc\u00edstic:<\/strong> Llengua catalana i literatura, llengua castellana i literatura, angl\u00e8s i franc\u00e8s.<\/li>\n<li><strong>Cientificotecnol\u00f2gic:<\/strong> matem\u00e0tiques, biologia i geologia, f\u00edsica i qu\u00edmica, tecnologia\u00a0 i digitalitzaci\u00f3.<\/li>\n<\/ul>\n<p>Seguim una metodologia que es basa en l&#8217;aprenentatge per <strong>mat\u00e8ries <\/strong>i es complementa amb els <strong>projectes <\/strong>interdisciplinaris i globals. El coneixement i el pensament cr\u00edtic s\u00f3n elements claus.<\/p>\n<p><a href=\"https:\/\/agora.xtec.cat\/ins-salasixandri\/treball-per-materies\/\" target=\"_blank\" rel=\"noopener noreferrer\">Treball per mat\u00e8ries:<\/a> En les mat\u00e8ries, cada professor aplica la metodologia m\u00e9s adient segons les compet\u00e8ncies i continguts del moment. Es vetlla pel rigor i el coneixement propi de la mat\u00e8ria.<\/p>\n<p style=\"text-align: justify;\"><a href=\"https:\/\/agora.xtec.cat\/ins-salasixandri\/?page_id=2685&amp;preview=true\" target=\"_blank\" rel=\"noopener noreferrer\">Treball per projectes:<\/a> Per aconseguir aprenentatges globals, el centre utilitza aquesta metodologia, ja que permet adquirir compet\u00e8ncies i continguts de manera interdisciplin\u00e0ria.<\/p>\n<p style=\"text-align: justify;\">A l&#8217;institut Salas i Xandri creiem que al centre hi ha d&#8217;haver riquesa de metodologies, de materials i, en definitiva, de recursos que ens permetin donar resposta a les necessitats de l&#8217;alumnat per aconseguir l&#8217;\u00e8xit educatiu.<\/p>\n<p style=\"text-align: center;\">\n","protected":false},"excerpt":{"rendered":"<p>El model educatiu est\u00e0 estructurat en tres \u00e0mbits de coneixement: el ling\u00fc\u00edstic, l&#8217;artisticosocial i el cientificotecnol\u00f2gic, la qual cosa permet treballar sistem\u00e0ticament les compet\u00e8ncies espec\u00edfiques de cada mat\u00e8ria, relacionar-les amb altres disciplines i avaluar tant els continguts com les compet\u00e8ncies transversals.<br \/>\nEls \u00e0mbits de coneixement s\u00f3n:<\/p>\n<ul>\n<li>Art\u00edsticosocial:&hellip;  <a href=\"https:\/\/agora.xtec.cat\/ins-salasixandri\/com-treballem\/\" title=\"Read Treball pedag\u00f2gic i metodologia\">Llegeix m\u00e9s\u00bb<\/a><br \/>\n","protected":false},"author":1,"featured_media":0,"parent":0,"menu_order":0,"comment_status":"closed","ping_status":"closed","template":"","meta":{"_bbp_topic_count":0,"_bbp_reply_count":0,"_bbp_total_topic_count":0,"_bbp_total_reply_count":0,"_bbp_voice_count":0,"_bbp_anonymous_reply_count":0,"_bbp_topic_count_hidden":0,"_bbp_reply_count_hidden":0,"_bbp_forum_subforum_count":0,"footnotes":""},"class_list":["post-243","page","type-page","status-publish","hentry"],"post_mailing_queue_ids":[],"_links":{"self":[{"href":"https:\/\/agora.xtec.cat\/ins-salasixandri\/wp-json\/wp\/v2\/pages\/243","targetHints":{"allow":["GET"]}}],"collection":[{"href":"https:\/\/agora.xtec.cat\/ins-salasixandri\/wp-json\/wp\/v2\/pages"}],"about":[{"href":"https:\/\/agora.xtec.cat\/ins-salasixandri\/wp-json\/wp\/v2\/types\/page"}],"author":[{"embeddable":true,"href":"https:\/\/agora.xtec.cat\/ins-salasixandri\/wp-json\/wp\/v2\/users\/1"}],"replies":[{"embeddable":true,"href":"https:\/\/agora.xtec.cat\/ins-salasixandri\/wp-json\/wp\/v2\/comments?post=243"}],"version-history":[{"count":7,"href":"https:\/\/agora.xtec.cat\/ins-salasixandri\/wp-json\/wp\/v2\/pages\/243\/revisions"}],"predecessor-version":[{"id":7923,"href":"https:\/\/agora.xtec.cat\/ins-salasixandri\/wp-json\/wp\/v2\/pages\/243\/revisions\/7923"}],"wp:attachment":[{"href":"https:\/\/agora.xtec.cat\/ins-salasixandri\/wp-json\/wp\/v2\/media?parent=243"}],"curies":[{"name":"wp","href":"https:\/\/api.w.org\/{rel}","templated":true}]}}