{"id":18,"date":"2015-07-16T10:37:53","date_gmt":"2015-07-16T08:37:53","guid":{"rendered":"http:\/\/tecnocentres.org\/salasixandri\/?page_id=18"},"modified":"2026-02-02T14:11:17","modified_gmt":"2026-02-02T13:11:17","slug":"principis-i-valors-del-centre","status":"publish","type":"page","link":"https:\/\/agora.xtec.cat\/ins-salasixandri\/principis-i-valors-del-centre\/","title":{"rendered":"Principis i valors del centre"},"content":{"rendered":"<p>Les l\u00ednies que ens defineixen s\u00f3n les seg\u00fcents:<\/p>\n<ul>\n<li style=\"text-align: justify;\"><strong>Model educatiu inclusiu, equitatiu i obert a tothom.<\/strong><\/li>\n<li style=\"text-align: justify;\"><strong>Metodologia\u00a0<\/strong>que combina el treball propi de les mat\u00e8ries amb el treball per projectes.<\/li>\n<li style=\"text-align: justify;\"><strong>Pluriling\u00fcisme:<\/strong> el catal\u00e0 \u00e9s la llengua vehicular del centre. A m\u00e9s, tots els alumnes utilitzen una llengua estrangera i se n&#8217;ofereix el franc\u00e8s com a segona llengua estrangera.<\/li>\n<li style=\"text-align: justify;\"><strong><strong>Digitalitzaci\u00f3 responsable: <\/strong><\/strong>S\u2019apr\u00e8n a utilitzar la tecnologia de manera cr\u00edtica i responsable. Posem especial \u00e8mfasi en la programaci\u00f3 i la rob\u00f2tica, i disposem de plataformes addicionals per al filtratge de la informaci\u00f3 que ens ofereixen eines per garantir la seguretat digital i afavorir la concentraci\u00f3 a les aules.<\/li>\n<li style=\"text-align: justify;\"><strong>Atenci\u00f3 individualitzada: <\/strong>cada alumne t\u00e9 unes capacitats i casu\u00edstiques diferents i cal tenir-ho en compte per millorar els seus aprenentatges. El treball per projectes, la doc\u00e8ncia compartida i l\u2019atenci\u00f3 individualitzada fan que el centre aconsegueixi per a cada alumne un aprenentatge progressiu en funci\u00f3 de les seves possibilitats i capacitats.<\/li>\n<li style=\"text-align: justify;\"><strong><strong>Acci\u00f3 tutorial i orientaci\u00f3 pedag\u00f2gica: <\/strong><\/strong>L\u2019acompanyament i l\u2019acci\u00f3 tutorial s\u00f3n fonamentals. La comunicaci\u00f3 amb les fam\u00edlies \u00e9s constant. Les orientadores es coordinen estretament amb l&#8217;equip de tutors i tutores.<\/li>\n<li style=\"text-align: justify;\"><strong>Acompanyament en la transici\u00f3 de Prim\u00e0ria a secund\u00e0ria: <\/strong>el centre potencia la coordinaci\u00f3 i la col\u00b7laboraci\u00f3 amb el centre de prim\u00e0ria per fer una transici\u00f3 entre etapes agradable.<\/li>\n<li style=\"text-align: justify;\"><strong>Orientaci\u00f3 en els estudis postobligatoris:<\/strong> L&#8217;equip orientador i l&#8217;equip de tutors ajuda a l&#8217;alumnat a escollir l&#8217;itinerari que m\u00e9s s&#8217;adequa a les seves necessitats personals.<\/li>\n<li><strong>Projecci\u00f3 internacional:\u00a0<\/strong>Fem una aposta clara per la projecci\u00f3 internacional del nostre alumnat i ho materialitzem amb intercanvis internacionals, estades ling\u00fc\u00edstiques i participaci\u00f3 en projectes Erasmus. Tamb\u00e9, en la sensibilitzaci\u00f3 i tolerancia per les cultures minorit\u00e0ries i el foment de l&#8217;esperit cr\u00edtic.<\/li>\n<li style=\"text-align: justify;\"><strong>Participaci\u00f3 de la comunitat escolar: <\/strong>Treballem estretament amb l\u2019AFA, l&#8217;ajuntament i altres entitats del municipi, com la resid\u00e8ncia Ass\u00eds o Canya Jove per tal de connectar l&#8217;aprenentatge amb les necessitats i les oportunitats de l&#8217;entorn.<\/li>\n<\/ul>\n<p style=\"text-align: center;\">\n","protected":false},"excerpt":{"rendered":"<p>Les l\u00ednies que ens defineixen s\u00f3n les seg\u00fcents:<\/p>\n<ul>\n<li style=\"text-align: justify;\">Model educatiu inclusiu, equitatiu i obert a tothom.<\/li>\n<li style=\"text-align: justify;\">Metodologia\u00a0que combina el treball propi de les mat\u00e8ries amb el treball per projectes.<\/li>\n<li style=\"text-align: justify;\">Pluriling\u00fcisme: el catal\u00e0 \u00e9s la llengua vehicular del centre. A m\u00e9s, tots els&hellip;  <a href=\"https:\/\/agora.xtec.cat\/ins-salasixandri\/principis-i-valors-del-centre\/\" title=\"Read Principis i valors del centre\">Llegeix m\u00e9s\u00bb<\/a><br \/>\n","protected":false},"author":1,"featured_media":0,"parent":0,"menu_order":0,"comment_status":"open","ping_status":"open","template":"","meta":{"_bbp_topic_count":0,"_bbp_reply_count":0,"_bbp_total_topic_count":0,"_bbp_total_reply_count":0,"_bbp_voice_count":0,"_bbp_anonymous_reply_count":0,"_bbp_topic_count_hidden":0,"_bbp_reply_count_hidden":0,"_bbp_forum_subforum_count":0,"footnotes":""},"class_list":["post-18","page","type-page","status-publish","hentry"],"post_mailing_queue_ids":[],"_links":{"self":[{"href":"https:\/\/agora.xtec.cat\/ins-salasixandri\/wp-json\/wp\/v2\/pages\/18","targetHints":{"allow":["GET"]}}],"collection":[{"href":"https:\/\/agora.xtec.cat\/ins-salasixandri\/wp-json\/wp\/v2\/pages"}],"about":[{"href":"https:\/\/agora.xtec.cat\/ins-salasixandri\/wp-json\/wp\/v2\/types\/page"}],"author":[{"embeddable":true,"href":"https:\/\/agora.xtec.cat\/ins-salasixandri\/wp-json\/wp\/v2\/users\/1"}],"replies":[{"embeddable":true,"href":"https:\/\/agora.xtec.cat\/ins-salasixandri\/wp-json\/wp\/v2\/comments?post=18"}],"version-history":[{"count":7,"href":"https:\/\/agora.xtec.cat\/ins-salasixandri\/wp-json\/wp\/v2\/pages\/18\/revisions"}],"predecessor-version":[{"id":7917,"href":"https:\/\/agora.xtec.cat\/ins-salasixandri\/wp-json\/wp\/v2\/pages\/18\/revisions\/7917"}],"wp:attachment":[{"href":"https:\/\/agora.xtec.cat\/ins-salasixandri\/wp-json\/wp\/v2\/media?parent=18"}],"curies":[{"name":"wp","href":"https:\/\/api.w.org\/{rel}","templated":true}]}}