{"id":77,"date":"2014-09-18T10:29:25","date_gmt":"2014-09-18T08:29:25","guid":{"rendered":"http:\/\/agora.xtec.cat\/ies-sagulla\/?page_id=77"},"modified":"2021-11-09T09:40:39","modified_gmt":"2021-11-09T08:40:39","slug":"consell-escolar","status":"publish","type":"page","link":"https:\/\/agora.xtec.cat\/ins-sagulla\/serveis\/consell-escolar\/","title":{"rendered":"Consell Escolar"},"content":{"rendered":"<p>Eleccions\u00a0 Consell Escolar 2021:<\/p>\n<p style=\"font-weight: 400;\">El curs anterior, atenent a les circumst\u00e0ncies desfavorables derivades de la situaci\u00f3 de pand\u00e8mia, el Departament d\u2019Educaci\u00f3 va optar per ajornar les eleccions per renovar els membres dels consells escolars i prorrogar-ne el mandat per un any.<\/p>\n<p style=\"font-weight: 400;\">Aquest curs, amb el consens de les autoritats sanit\u00e0ries i adoptant les mesures adients, s\u2019obre un nou per\u00edode d\u2019eleccions<\/p>\n<p style=\"font-weight: 400;\">Tota la informaci\u00f3 corresponent la trobareu al web del centre.<\/p>\n<p>Per a m\u00e9s informaci\u00f3 us podeu adre\u00e7ar al seg\u00fcent enlla\u00e7:<\/p>\n<p>https:\/\/educacio.gencat.cat\/ca\/arees-actuacio\/families\/recursos\/recomanacions\/eleccions-consells-escolars\/<\/p>\n<p style=\"font-weight: 400;\">Us agra\u00efm per endavant la vostra col\u00b7laboraci\u00f3.<\/p>\n<p><a href=\"https:\/\/agora.xtec.cat\/ins-sagulla\/wp-content\/uploads\/usu2114\/2021\/11\/Convocatoria-2021-2022-2.pdf\">Convocat\u00f2ria 2021-2022<\/a><\/p>\n<p>Model editable de candidatura al Consell Escolar:\u00a0 <a href=\"https:\/\/agora.xtec.cat\/ins-sagulla\/wp-content\/uploads\/usu2114\/2021\/11\/Model-Candidatura.pdf\">Model Candidatura\u00a0<\/a>(Aquestes s&#8217;hauran de presentar a la secretaria del centre abans de l&#8217;11 de novembre)<\/p>\n","protected":false},"excerpt":{"rendered":"<p>Eleccions\u00a0 Consell Escolar 2021:<br \/>\nEl curs anterior, atenent a les circumst\u00e0ncies desfavorables derivades de la situaci\u00f3 de pand\u00e8mia, el Departament d\u2019Educaci\u00f3 va optar per ajornar les eleccions per renovar els membres dels consells escolars i prorrogar-ne el mandat per un any.<br \/>\nAquest curs, amb el consens de&hellip;  <a href=\"https:\/\/agora.xtec.cat\/ins-sagulla\/serveis\/consell-escolar\/\" title=\"Read Consell Escolar\">Llegeix m\u00e9s\u00bb<\/a><\/p>\n","protected":false},"author":1,"featured_media":0,"parent":63,"menu_order":30,"comment_status":"closed","ping_status":"closed","template":"","meta":{"_bbp_topic_count":0,"_bbp_reply_count":0,"_bbp_total_topic_count":0,"_bbp_total_reply_count":0,"_bbp_voice_count":0,"_bbp_anonymous_reply_count":0,"_bbp_topic_count_hidden":0,"_bbp_reply_count_hidden":0,"_bbp_forum_subforum_count":0,"footnotes":""},"class_list":["post-77","page","type-page","status-publish","hentry"],"post_mailing_queue_ids":[],"_links":{"self":[{"href":"https:\/\/agora.xtec.cat\/ins-sagulla\/wp-json\/wp\/v2\/pages\/77","targetHints":{"allow":["GET"]}}],"collection":[{"href":"https:\/\/agora.xtec.cat\/ins-sagulla\/wp-json\/wp\/v2\/pages"}],"about":[{"href":"https:\/\/agora.xtec.cat\/ins-sagulla\/wp-json\/wp\/v2\/types\/page"}],"author":[{"embeddable":true,"href":"https:\/\/agora.xtec.cat\/ins-sagulla\/wp-json\/wp\/v2\/users\/1"}],"replies":[{"embeddable":true,"href":"https:\/\/agora.xtec.cat\/ins-sagulla\/wp-json\/wp\/v2\/comments?post=77"}],"version-history":[{"count":3,"href":"https:\/\/agora.xtec.cat\/ins-sagulla\/wp-json\/wp\/v2\/pages\/77\/revisions"}],"predecessor-version":[{"id":18945,"href":"https:\/\/agora.xtec.cat\/ins-sagulla\/wp-json\/wp\/v2\/pages\/77\/revisions\/18945"}],"up":[{"embeddable":true,"href":"https:\/\/agora.xtec.cat\/ins-sagulla\/wp-json\/wp\/v2\/pages\/63"}],"wp:attachment":[{"href":"https:\/\/agora.xtec.cat\/ins-sagulla\/wp-json\/wp\/v2\/media?parent=77"}],"curies":[{"name":"wp","href":"https:\/\/api.w.org\/{rel}","templated":true}]}}

<p>Eleccions  Consell Escolar 2021:</p>
<p style="font-weight: 400;">El curs anterior, atenent a les circumstàncies desfavorables derivades de la situació de pandèmia, el Departament d’Educació va optar per ajornar les eleccions per renovar els membres dels consells escolars i prorrogar-ne el mandat per un any.</p>
<p style="font-weight: 400;">Aquest curs, amb el consens de les autoritats sanitàries i adoptant les mesures adients, s’obre un nou període d’eleccions</p>
<p style="font-weight: 400;">Tota la informació corresponent la trobareu al web del centre.</p>
<p>Per a més informació us podeu adreçar al següent enllaç:</p>
<p>https://educacio.gencat.cat/ca/arees-actuacio/families/recursos/recomanacions/eleccions-consells-escolars/</p>
<p style="font-weight: 400;">Us agraïm per endavant la vostra col·laboració.</p>
<p><a href="https://agora.xtec.cat/ins-sagulla/wp-content/uploads/usu2114/2021/11/Convocatoria-2021-2022-2.pdf">Convocatòria 2021-2022</a></p>
<p>Model editable de candidatura al Consell Escolar:  <a href="https://agora.xtec.cat/ins-sagulla/wp-content/uploads/usu2114/2021/11/Model-Candidatura.pdf">Model Candidatura </a>(Aquestes s&#8217;hauran de presentar a la secretaria del centre abans de l&#8217;11 de novembre)</p>

<p>Eleccions  Consell Escolar 2021:<br />
El curs anterior, atenent a les circumstàncies desfavorables derivades de la situació de pandèmia, el Departament d’Educació va optar per ajornar les eleccions per renovar els membres dels consells escolars i prorrogar-ne el mandat per un any.<br />
Aquest curs, amb el consens de&hellip;  <a href="https://agora.xtec.cat/ins-sagulla/serveis/consell-escolar/" title="Read Consell Escolar">Llegeix més»</a></p>
