{"id":654,"date":"2020-06-16T13:27:47","date_gmt":"2020-06-16T11:27:47","guid":{"rendered":"https:\/\/agora.xtec.cat\/ies-sagulla\/?page_id=654"},"modified":"2024-11-14T11:30:03","modified_gmt":"2024-11-14T10:30:03","slug":"cfpm-cures-auxiliars-dinfermeria","status":"publish","type":"page","link":"https:\/\/agora.xtec.cat\/ins-sagulla\/cicles-formatius\/grau-mitja\/cfpm-cures-auxiliars-dinfermeria\/","title":{"rendered":"CFGM Cures Auxiliars d&#8217;Infermeria"},"content":{"rendered":"<p style=\"text-align: center;\"><a href=\"https:\/\/agora.xtec.cat\/ins-sagulla\/wp-content\/uploads\/usu2114\/2024\/11\/BANNER-WEB-CFGM-CAI.png\"><img loading=\"lazy\" decoding=\"async\" class=\"aligncenter wp-image-24299\" src=\"https:\/\/agora.xtec.cat\/ins-sagulla\/wp-content\/uploads\/usu2114\/2024\/11\/BANNER-WEB-CFGM-CAI-300x75.png\" alt=\"\" width=\"876\" height=\"219\" srcset=\"https:\/\/agora.xtec.cat\/ins-sagulla\/wp-content\/uploads\/usu2114\/2024\/11\/BANNER-WEB-CFGM-CAI-300x75.png 300w, https:\/\/agora.xtec.cat\/ins-sagulla\/wp-content\/uploads\/usu2114\/2024\/11\/BANNER-WEB-CFGM-CAI-1024x256.png 1024w, https:\/\/agora.xtec.cat\/ins-sagulla\/wp-content\/uploads\/usu2114\/2024\/11\/BANNER-WEB-CFGM-CAI-768x192.png 768w, https:\/\/agora.xtec.cat\/ins-sagulla\/wp-content\/uploads\/usu2114\/2024\/11\/BANNER-WEB-CFGM-CAI-1536x384.png 1536w, https:\/\/agora.xtec.cat\/ins-sagulla\/wp-content\/uploads\/usu2114\/2024\/11\/BANNER-WEB-CFGM-CAI.png 1920w\" sizes=\"auto, (max-width: 876px) 100vw, 876px\" \/><\/a><\/p>\n<table style=\"width: 99.4441%;\">\n<tbody>\n<tr>\n<td style=\"width: 38.4158%;\"><b>FAM\u00cdLIA PROFESSIONAL<\/b><\/p>\n<p><span style=\"font-weight: 400;\">Sanitat<\/span><\/td>\n<td style=\"width: 221.036%;\"><b>T\u00cdTOL<\/b><\/p>\n<p><span style=\"font-weight: 400;\">T\u00e8cnic\/a en Cures Auxiliars d\u2019Infermeria<\/span><\/td>\n<\/tr>\n<tr>\n<td style=\"width: 38.4158%;\"><b>NIVELL<\/b><\/p>\n<p><span style=\"font-weight: 400;\">Cicle formatiu de grau mitj\u00e0<\/span><\/td>\n<td style=\"width: 221.036%;\"><b>DURADA<\/b><\/p>\n<p><span style=\"font-weight: 400;\">1400 hores (distribu\u00efdes en 1 curs acad\u00e8mic)<\/span><\/td>\n<\/tr>\n<tr>\n<td style=\"width: 38.4158%;\"><b>HORARI<\/b><\/p>\n<p><span style=\"font-weight: 400;\">Torn de tardes<\/span><\/td>\n<td style=\"width: 221.036%;\"><\/td>\n<\/tr>\n<\/tbody>\n<\/table>\n<p><b>COMPET\u00c8NCIA GENERAL<\/b><\/p>\n<p><span style=\"font-weight: 400;\">La compet\u00e8ncia general d\u2019aquest t\u00e8cnic \u00e9s proporcionar cures auxiliars al pacient \/client i actuar sobre les condicions sanit\u00e0ries del seu entorn: com a membre d\u2019un equip d\u2019infermeria en els centres sanitaris d\u2019atenci\u00f3-especialitzada i d\u2019atenci\u00f3 prim\u00e0ria, sota la depend\u00e8ncia del diplomat d\u2019infermeria o si escau, i tamb\u00e9, com a membre d\u2019un equip de salut en l\u2019assist\u00e8ncia derivada de la pr\u00e0ctica de l\u2019exercici liberal, sota la supervisi\u00f3 corresponent.<\/span><a href=\"https:\/\/agora.xtec.cat\/ins-sagulla\/wp-content\/uploads\/usu2114\/2024\/11\/BANNER-WEB-CFGM-CAI.png\"><br \/>\n<\/a><\/p>\n<table style=\"width: 99.5998%;\">\n<tbody>\n<tr>\n<td style=\"width: 100%;\"><b>SORTIDES ACAD\u00c8MIQUES<\/b><\/td>\n<\/tr>\n<tr>\n<td style=\"width: 100%;\"><span style=\"font-weight: 400;\">Amb aquests estudis s\u2019obt\u00e9 el t\u00edtol de <\/span><b>t\u00e8cnic\/a<\/b><span style=\"font-weight: 400;\"> , que permet accedir:<\/span><\/p>\n<ul>\n<li style=\"font-weight: 400;\" aria-level=\"1\"><span style=\"font-weight: 400;\">al batxillerat<\/span><\/li>\n<li style=\"font-weight: 400;\" aria-level=\"1\"><span style=\"font-weight: 400;\">a un cicle de grau superior de formaci\u00f3 professional<\/span><\/li>\n<\/ul>\n<\/td>\n<\/tr>\n<\/tbody>\n<\/table>\n<p><a href=\"https:\/\/agora.xtec.cat\/ins-sagulla\/wp-content\/uploads\/usu2114\/2024\/11\/BANNER-WEB-CFGM-CAI.png\">\u00a0<\/a><\/p>\n<table style=\"width: 99.6229%;\">\n<tbody>\n<tr>\n<td style=\"width: 100%;\"><b>SORTIDES PROFESSIONALS<\/b><\/td>\n<\/tr>\n<tr>\n<td style=\"width: 100%;\"><span style=\"font-weight: 400;\">La superaci\u00f3 d\u2019aquest cicle formatiu permet accedir al <\/span><b>m\u00f3n laboral <\/b><span style=\"font-weight: 400;\">com a:<\/span><\/p>\n<ul>\n<li style=\"font-weight: 400;\" aria-level=\"1\"><span style=\"font-weight: 400;\">t\u00e8cnic o t\u00e8cnica auxiliar d&#8217;atenci\u00f3 prim\u00e0ria o domicili\u00e0ria,<\/span><\/li>\n<li style=\"font-weight: 400;\" aria-level=\"1\"><span style=\"font-weight: 400;\">t\u00e8cnic o t\u00e8cnica auxiliar de salut mental,<\/span><\/li>\n<li style=\"font-weight: 400;\" aria-level=\"1\"><span style=\"font-weight: 400;\">t\u00e8cnic o t\u00e8cnica auxiliar d&#8217;infermeria<\/span><\/li>\n<\/ul>\n<\/td>\n<\/tr>\n<\/tbody>\n<\/table>\n<table style=\"width: 99.8834%;\">\n<tbody>\n<tr>\n<td style=\"width: 100%;\"><b>ACC\u00c9S<\/b><\/td>\n<\/tr>\n<tr>\n<td style=\"width: 100%;\"><span style=\"font-weight: 400;\">Tenen acc\u00e9s directe al cicle les persones que compleixen algun dels requisits seg\u00fcents:<\/span><\/p>\n<ul>\n<li style=\"font-weight: 400;\" aria-level=\"1\"><span style=\"font-weight: 400;\">tenir el t\u00edtol de graduat en educaci\u00f3 secund\u00e0ria obligat\u00f2ria,<\/span><\/li>\n<li style=\"font-weight: 400;\" aria-level=\"1\"><span style=\"font-weight: 400;\">haver superat el curs espec\u00edfic per a l\u2019acc\u00e9s als cicles de grau mitj\u00e0,<\/span><\/li>\n<li style=\"font-weight: 400;\" aria-level=\"1\"><span style=\"font-weight: 400;\">tenir el t\u00edtol de t\u00e8cnic o de t\u00e8cnic auxiliar,<\/span><\/li>\n<li style=\"font-weight: 400;\" aria-level=\"1\"><span style=\"font-weight: 400;\">haver superat el segon curs del batxillerat unificat i polivalent (BUP),<\/span><\/li>\n<li style=\"font-weight: 400;\" aria-level=\"1\"><span style=\"font-weight: 400;\">tenir altres estudis equivalents a efectes acad\u00e8mics,<\/span><\/li>\n<li style=\"font-weight: 400;\" aria-level=\"1\"><span style=\"font-weight: 400;\">haver superat la prova d\u2019acc\u00e9s a la universitat per a m\u00e9s grans de 25 anys,<\/span><\/li>\n<li style=\"font-weight: 400;\" aria-level=\"1\"><span style=\"font-weight: 400;\">haver superat els m\u00f2duls obligatoris d\u2019un programa de qualificaci\u00f3 professional inicial (PQPI),<\/span><\/li>\n<li style=\"font-weight: 400;\" aria-level=\"1\"><span style=\"font-weight: 400;\">tenir un t\u00edtol per accedir a un cicle formatiu de grau superior.<\/span><\/li>\n<li style=\"font-weight: 400;\" aria-level=\"1\"><span style=\"font-weight: 400;\">Les persones que no compleixen cap dels requisits esmentats han de superar una prova d\u2019acc\u00e9s. Per presentar-s\u2019hi cal tenir com a m\u00ednim 17 anys l\u2019any en qu\u00e8 es fa la prova.<\/span><\/li>\n<\/ul>\n<\/td>\n<\/tr>\n<\/tbody>\n<\/table>\n<table style=\"width: 99.5488%;\">\n<tbody>\n<tr>\n<td style=\"width: 100%;\"><b>CR\u00c8DITS\u00a0 PROFESSIONALS<\/b><\/td>\n<\/tr>\n<\/tbody>\n<\/table>\n<p><b>Primer curs:<\/b><\/p>\n<ul>\n<li style=\"font-weight: 400;\" aria-level=\"1\"><span style=\"font-weight: 400;\">Operacions administratives i documentaci\u00f3 sanit\u00e0ria (66h)<\/span><\/li>\n<li style=\"font-weight: 400;\" aria-level=\"1\"><span style=\"font-weight: 400;\">L\u2019\u00e9sser hum\u00e0 davant la malaltia (66h)<\/span><\/li>\n<li style=\"font-weight: 400;\" aria-level=\"1\"><span style=\"font-weight: 400;\">Benestar del pacient: necessitats d\u2019higiene, rep\u00f2s i moviment (66h)<\/span><\/li>\n<li style=\"font-weight: 400;\" aria-level=\"1\"><span style=\"font-weight: 400;\">Cures b\u00e0siques d\u2019infermeria aplicades a les necessitats de l\u2019\u00e9sser hum\u00e0 (240h)<\/span><\/li>\n<li style=\"font-weight: 400;\" aria-level=\"1\"><span style=\"font-weight: 400;\">Primers auxilis (33h)<\/span><\/li>\n<li style=\"font-weight: 400;\" aria-level=\"1\"><span style=\"font-weight: 400;\">Higiene del medi hospitalari i neteja de material (99h)<\/span><\/li>\n<li style=\"font-weight: 400;\" aria-level=\"1\"><span style=\"font-weight: 400;\">Recolzament psicol\u00f2gic al pacient\/client (66h)<\/span><\/li>\n<li style=\"font-weight: 400;\" aria-level=\"1\"><span style=\"font-weight: 400;\">Educaci\u00f3 per la salut (33h)<\/span><\/li>\n<li style=\"font-weight: 400;\" aria-level=\"1\"><span style=\"font-weight: 400;\">T\u00e8cniques d\u2019ajuda odontol\u00f2gica \/estomatol\u00f2gica (99h)<\/span><\/li>\n<li style=\"font-weight: 400;\" aria-level=\"1\"><span style=\"font-weight: 400;\">Relacions en l\u2019equip de treball (66h)<\/span><\/li>\n<li style=\"font-weight: 400;\" aria-level=\"1\"><span style=\"font-weight: 400;\">Formaci\u00f3 i orientaci\u00f3 laboral (66h)<\/span><\/li>\n<li style=\"font-weight: 400;\" aria-level=\"1\"><span style=\"font-weight: 400;\">FCT (410h)<\/span><\/li>\n<li style=\"font-weight: 400;\" aria-level=\"1\"><span style=\"font-weight: 400;\">S\u00edntesi (66h)<\/span><\/li>\n<\/ul>\n<table style=\"width: 98.9147%; height: 101px;\">\n<tbody>\n<tr>\n<td style=\"width: 100%;\"><b>TRIA EDUCATIVA<\/b><\/td>\n<\/tr>\n<tr>\n<td style=\"width: 100%;\"><a href=\"https:\/\/triaeducativa.gencat.cat\/ca\/inici\/index.html\"><span style=\"font-weight: 400;\">https:\/\/triaeducativa.gencat.cat\/ca\/inici\/index.html<\/span><\/a><\/td>\n<\/tr>\n<\/tbody>\n<\/table>\n<p>&nbsp;<\/p>\n","protected":false},"excerpt":{"rendered":"<p><a href=\"https:\/\/agora.xtec.cat\/ins-sagulla\/wp-content\/uploads\/usu2114\/2024\/11\/BANNER-WEB-CFGM-CAI.png\"><\/a><\/p>\n<p>FAM\u00cdLIA PROFESSIONAL<br \/>\nSanitat<br \/>\nT\u00cdTOL<br \/>\nT\u00e8cnic\/a en Cures Auxiliars d\u2019Infermeria<\/p>\n<p>NIVELL<br \/>\nCicle formatiu de grau mitj\u00e0<br \/>\nDURADA<br \/>\n1400 hores (distribu\u00efdes en 1 curs acad\u00e8mic)<\/p>\n<p>HORARI<br \/>\nTorn de tardes<\/p>\n<p>COMPET\u00c8NCIA GENERAL<br \/>\nLa compet\u00e8ncia general d\u2019aquest t\u00e8cnic \u00e9s proporcionar cures auxiliars al pacient \/client i actuar sobre les condicions sanit\u00e0ries del seu entorn: com a membre d\u2019un equip&hellip;  <a href=\"https:\/\/agora.xtec.cat\/ins-sagulla\/cicles-formatius\/grau-mitja\/cfpm-cures-auxiliars-dinfermeria\/\" title=\"Read CFGM Cures Auxiliars d&#8217;Infermeria\">Llegeix m\u00e9s\u00bb<\/a><\/p>\n","protected":false},"author":1,"featured_media":0,"parent":1968,"menu_order":10,"comment_status":"closed","ping_status":"closed","template":"page-templates\/side-menu.php","meta":{"_bbp_topic_count":0,"_bbp_reply_count":0,"_bbp_total_topic_count":0,"_bbp_total_reply_count":0,"_bbp_voice_count":0,"_bbp_anonymous_reply_count":0,"_bbp_topic_count_hidden":0,"_bbp_reply_count_hidden":0,"_bbp_forum_subforum_count":0,"footnotes":""},"class_list":["post-654","page","type-page","status-publish","hentry"],"post_mailing_queue_ids":[],"_links":{"self":[{"href":"https:\/\/agora.xtec.cat\/ins-sagulla\/wp-json\/wp\/v2\/pages\/654","targetHints":{"allow":["GET"]}}],"collection":[{"href":"https:\/\/agora.xtec.cat\/ins-sagulla\/wp-json\/wp\/v2\/pages"}],"about":[{"href":"https:\/\/agora.xtec.cat\/ins-sagulla\/wp-json\/wp\/v2\/types\/page"}],"author":[{"embeddable":true,"href":"https:\/\/agora.xtec.cat\/ins-sagulla\/wp-json\/wp\/v2\/users\/1"}],"replies":[{"embeddable":true,"href":"https:\/\/agora.xtec.cat\/ins-sagulla\/wp-json\/wp\/v2\/comments?post=654"}],"version-history":[{"count":6,"href":"https:\/\/agora.xtec.cat\/ins-sagulla\/wp-json\/wp\/v2\/pages\/654\/revisions"}],"predecessor-version":[{"id":24301,"href":"https:\/\/agora.xtec.cat\/ins-sagulla\/wp-json\/wp\/v2\/pages\/654\/revisions\/24301"}],"up":[{"embeddable":true,"href":"https:\/\/agora.xtec.cat\/ins-sagulla\/wp-json\/wp\/v2\/pages\/1968"}],"wp:attachment":[{"href":"https:\/\/agora.xtec.cat\/ins-sagulla\/wp-json\/wp\/v2\/media?parent=654"}],"curies":[{"name":"wp","href":"https:\/\/api.w.org\/{rel}","templated":true}]}}