{"id":3421,"date":"2021-06-17T12:35:16","date_gmt":"2021-06-17T10:35:16","guid":{"rendered":"https:\/\/agora.xtec.cat\/ins-sagulla\/?page_id=3421"},"modified":"2025-09-25T13:22:57","modified_gmt":"2025-09-25T11:22:57","slug":"certificats","status":"publish","type":"page","link":"https:\/\/agora.xtec.cat\/ins-sagulla\/secretaria\/tramits\/certificats\/","title":{"rendered":"Certificat d&#8217;equival\u00e8ncia nivell de cata\u00e0 B2\/C1"},"content":{"rendered":"<p><b>Sol\u00b7licitud<\/b><strong> Certificat d&#8217;equival\u00e8ncia nivell de catal\u00e0 B2\/C1 <\/strong><\/p>\n<p>L&#8217;enlla\u00e7 adjunt de la web oficial de la Generalitat de Catalunya, informa dels requisits per a demanar el certificat.<\/p>\n<p>Els instituts p\u00fablics poden podem fer els tr\u00e0mits si s&#8217;acrediten documentalment els requisits, diferents segons els casos, d&#8217;anys d&#8217;escolaritat a Catalunya a Prim\u00e0ria i Secund\u00e0ria i\/o Batxillerat.<\/p>\n<p>Els estudis de Cicles Formatius actuals <strong>NO serveixen<\/strong> per a acreditaci\u00f3, els antics d&#8217;FP1 i FP2 s\u00ed, actualment no s&#8217;imparteix el catal\u00e0 com a mat\u00e8ria, abans si.<\/p>\n<p><a href=\"https:\/\/educacio.gencat.cat\/ca\/tramits\/tramits-temes\/22046-reconeixement-b2-c1-catala\">https:\/\/educacio.gencat.cat\/ca\/tramits\/tramits-temes\/22046-reconeixement-b2-c1-catala<\/a><\/p>\n<p>Impr\u00e8s sol.licitud:<\/p>\n<p><a href=\"https:\/\/documents.espai.educacio.gencat.cat\/FormularisModels\/CentresGestioAdministrativa\/A816.pdf\">https:\/\/documents.espai.educacio.gencat.cat\/FormularisModels\/CentresGestioAdministrativa\/A816.pdf<\/a><\/p>\n<p>Podeu enviar la sol.licitud, amb c\u00f2pia del DNI\/NIE en vigor i documentaci\u00f3 que acrediti els requisis al correu\u00a0 \u00a0<strong>secretaria@institutsagulla.cat\u00a0<\/strong> , quan vingueu a recollir el cerfificat haureu de presentar els originals de la documentaci\u00f3.<\/p>\n","protected":false},"excerpt":{"rendered":"<p>Sol\u00b7licitud Certificat d&#8217;equival\u00e8ncia nivell de catal\u00e0 B2\/C1<br \/>\nL&#8217;enlla\u00e7 adjunt de la web oficial de la Generalitat de Catalunya, informa dels requisits per a demanar el certificat.<br \/>\nEls instituts p\u00fablics poden podem fer els tr\u00e0mits si s&#8217;acrediten documentalment els requisits, diferents segons els casos, d&#8217;anys d&#8217;escolaritat a&hellip;  <a href=\"https:\/\/agora.xtec.cat\/ins-sagulla\/secretaria\/tramits\/certificats\/\" title=\"Read Certificat d&#8217;equival\u00e8ncia nivell de cata\u00e0 B2\/C1\">Llegeix m\u00e9s\u00bb<\/a><\/p>\n","protected":false},"author":1,"featured_media":0,"parent":1010,"menu_order":10,"comment_status":"closed","ping_status":"closed","template":"page-templates\/side-menu.php","meta":{"_bbp_topic_count":0,"_bbp_reply_count":0,"_bbp_total_topic_count":0,"_bbp_total_reply_count":0,"_bbp_voice_count":0,"_bbp_anonymous_reply_count":0,"_bbp_topic_count_hidden":0,"_bbp_reply_count_hidden":0,"_bbp_forum_subforum_count":0,"footnotes":""},"class_list":["post-3421","page","type-page","status-publish","hentry"],"post_mailing_queue_ids":[],"_links":{"self":[{"href":"https:\/\/agora.xtec.cat\/ins-sagulla\/wp-json\/wp\/v2\/pages\/3421","targetHints":{"allow":["GET"]}}],"collection":[{"href":"https:\/\/agora.xtec.cat\/ins-sagulla\/wp-json\/wp\/v2\/pages"}],"about":[{"href":"https:\/\/agora.xtec.cat\/ins-sagulla\/wp-json\/wp\/v2\/types\/page"}],"author":[{"embeddable":true,"href":"https:\/\/agora.xtec.cat\/ins-sagulla\/wp-json\/wp\/v2\/users\/1"}],"replies":[{"embeddable":true,"href":"https:\/\/agora.xtec.cat\/ins-sagulla\/wp-json\/wp\/v2\/comments?post=3421"}],"version-history":[{"count":7,"href":"https:\/\/agora.xtec.cat\/ins-sagulla\/wp-json\/wp\/v2\/pages\/3421\/revisions"}],"predecessor-version":[{"id":25194,"href":"https:\/\/agora.xtec.cat\/ins-sagulla\/wp-json\/wp\/v2\/pages\/3421\/revisions\/25194"}],"up":[{"embeddable":true,"href":"https:\/\/agora.xtec.cat\/ins-sagulla\/wp-json\/wp\/v2\/pages\/1010"}],"wp:attachment":[{"href":"https:\/\/agora.xtec.cat\/ins-sagulla\/wp-json\/wp\/v2\/media?parent=3421"}],"curies":[{"name":"wp","href":"https:\/\/api.w.org\/{rel}","templated":true}]}}

Certificat d&#8217;equivalència nivell de cataà B2/C1

<p><b>Sol·licitud</b><strong> Certificat d&#8217;equivalència nivell de català B2/C1 </strong></p>
<p>L&#8217;enllaç adjunt de la web oficial de la Generalitat de Catalunya, informa dels requisits per a demanar el certificat.</p>
<p>Els instituts públics poden podem fer els tràmits si s&#8217;acrediten documentalment els requisits, diferents segons els casos, d&#8217;anys d&#8217;escolaritat a Catalunya a Primària i Secundària i/o Batxillerat.</p>
<p>Els estudis de Cicles Formatius actuals <strong>NO serveixen</strong> per a acreditació, els antics d&#8217;FP1 i FP2 sí, actualment no s&#8217;imparteix el català com a matèria, abans si.</p>
<p><a href="https://educacio.gencat.cat/ca/tramits/tramits-temes/22046-reconeixement-b2-c1-catala">https://educacio.gencat.cat/ca/tramits/tramits-temes/22046-reconeixement-b2-c1-catala</a></p>
<p>Imprès sol.licitud:</p>
<p><a href="https://documents.espai.educacio.gencat.cat/FormularisModels/CentresGestioAdministrativa/A816.pdf">https://documents.espai.educacio.gencat.cat/FormularisModels/CentresGestioAdministrativa/A816.pdf</a></p>
<p>Podeu enviar la sol.licitud, amb còpia del DNI/NIE en vigor i documentació que acrediti els requisis al correu   <strong>secretaria@institutsagulla.cat </strong> , quan vingueu a recollir el cerfificat haureu de presentar els originals de la documentació.</p>

<p>Sol·licitud Certificat d&#8217;equivalència nivell de català B2/C1<br />
L&#8217;enllaç adjunt de la web oficial de la Generalitat de Catalunya, informa dels requisits per a demanar el certificat.<br />
Els instituts públics poden podem fer els tràmits si s&#8217;acrediten documentalment els requisits, diferents segons els casos, d&#8217;anys d&#8217;escolaritat a&hellip;  <a href="https://agora.xtec.cat/ins-sagulla/secretaria/tramits/certificats/" title="Read Certificat d&#8217;equivalència nivell de cataà B2/C1">Llegeix més»</a></p>
