{"id":2655,"date":"2021-04-09T11:19:14","date_gmt":"2021-04-09T09:19:14","guid":{"rendered":"https:\/\/agora.xtec.cat\/ins-sagulla\/?page_id=2655"},"modified":"2026-03-23T11:34:24","modified_gmt":"2026-03-23T10:34:24","slug":"cicles-formatius-grau-mitja","status":"publish","type":"page","link":"https:\/\/agora.xtec.cat\/ins-sagulla\/secretaria\/preinscripcio-i-matricula\/cicles-formatius-grau-mitja\/","title":{"rendered":"Cicles formatius Grau Mitj\u00e0"},"content":{"rendered":"<p>&nbsp;<\/p>\n<p>&nbsp;<\/p>\n<p><em><strong>La informaci\u00f3 oficial i l&#8217;acc\u00e9s a la sol.licitud de preinscripci\u00f3 la trobareu al seg\u00fcent enlla\u00e7:<\/strong><\/em><\/p>\n<p><a href=\"https:\/\/preinscripcio.gencat.cat\/ca\/estudis\/fp-grau-mitja\/inici\/\">https:\/\/preinscripcio.gencat.cat\/ca\/estudis\/fp-grau-mitja\/inici\/<\/a><\/p>\n<p>&nbsp;<\/p>\n<p><strong>2026-2027 MATR\u00cdCULA\u00a0 ALUMNAT CICLES FORMATIUS DE GRAU MITJ\u00c0\u00a0 \u00a0 \u00a0<a href=\"https:\/\/agora.xtec.cat\/ins-sagulla\/wp-content\/uploads\/usu2114\/2025\/06\/nou.gif\"><img loading=\"lazy\" decoding=\"async\" class=\"alignnone wp-image-25090\" src=\"https:\/\/agora.xtec.cat\/ins-sagulla\/wp-content\/uploads\/usu2114\/2025\/06\/nou.gif\" alt=\"\" width=\"83\" height=\"52\" \/><\/a><\/strong><\/p>\n<p>Seguint les informacions oficials de la Web de la Generalitat, l&#8217;alumnat assignat en qualsevol de les 2 tandes, <strong>ha de formalitzar la matr\u00edcula<\/strong> amb una confirmaci\u00f3 online en els per\u00edodes que s&#8217;estableixen per a cada proc\u00e9s d&#8217;assignaci\u00f3.<\/p>\n<p>Despr\u00e9s de la confirmaci\u00f3 de la matr\u00edcula, seguint les mateixes informacions, <strong>s&#8217;ha de completar al centre<\/strong> en els per\u00edodes que s&#8217;estableixen per a cada proc\u00e9s. Cal posar-vos en contacte a trav\u00e9s del correu electr\u00f2nic\u00a0 <a href=\"secretaria@institutsagulla.cat\">secretaria@institutsagulla.cat<\/a>\u00a0i us farem arribar les instruccions, documentaci\u00f3, dia i franja horaria per a finalitzar el tr\u00e0mit de matr\u00edcula.<\/p>\n<p><strong>L&#8217;alumnat que no compleixi amb ambd\u00f3s requisits, confirmaci\u00f3 online i completar matricula al centre, es considerar\u00e0 que renuncien a la pla\u00e7a.<\/strong><\/p>\n<p>&nbsp;<\/p>\n<p>&nbsp;<\/p>\n<p><strong>MOLT IMPORTANT<\/strong>, consultar la informaci\u00f3 al web oficial de la Generalitat i fer el seguiment\u00a0 del calendari de tot el proc\u00e9s.<\/p>\n<p>&nbsp;<\/p>\n<p><strong>Publicaci\u00f3 oferta inicial Cicles Formatius Grau Mitj\u00e0<\/strong><\/p>\n<p><strong>Publicaci\u00f3 de la llista del barem amb la puntuaci\u00f3 provisional de Grau Mitj\u00e0<\/strong><\/p>\n<p><strong>Publicaci\u00f3 de la llista del barem resoltes les reclamacions de Grau Mitj\u00e0<\/strong><\/p>\n<p><strong>Publicaci\u00f3 Alumnat assignat al centre 1\u00aa TANDA de Grau Mitj\u00e0<\/strong><\/p>\n<p><strong>Publicaci\u00f3 Alumnat preinscrit al centre amb indicaci\u00f3 de l&#8217;assignaci\u00f3 de la 1\u00aa TANDA de Grau Mitj\u00e0<\/strong><\/p>\n<p><strong>Publicaci\u00f3 oferta definitiva Cicles Formatius Grau Mitj\u00e0<\/strong><\/p>\n<p><strong>Publicaci\u00f3 Alumnat assignat al centre 2\u00aa TANDA de Grau Mitj\u00e0<\/strong><\/p>\n<p><strong>Publicaci\u00f3 Alumnat preinscrit al centre amb indicaci\u00f3 de l&#8217;assignaci\u00f3 de la 2\u00aa TANDA de Grau Mitj\u00e0<\/strong><\/p>\n<p>&nbsp;<\/p>\n<p>&nbsp;<\/p>\n<p>&nbsp;<\/p>\n<p>&nbsp;<\/p>\n<p>&nbsp;<\/p>\n<p>&nbsp;<\/p>\n","protected":false},"excerpt":{"rendered":"<p>&nbsp;<br \/>\n&nbsp;<br \/>\nLa informaci\u00f3 oficial i l&#8217;acc\u00e9s a la sol.licitud de preinscripci\u00f3 la trobareu al seg\u00fcent enlla\u00e7:<br \/>\n<a href=\"https:\/\/preinscripcio.gencat.cat\/ca\/estudis\/fp-grau-mitja\/inici\/\">https:\/\/preinscripcio.gencat.cat\/ca\/estudis\/fp-grau-mitja\/inici\/<\/a><br \/>\n&nbsp;<br \/>\n2026-2027 MATR\u00cdCULA\u00a0 ALUMNAT CICLES FORMATIUS DE GRAU MITJ\u00c0\u00a0 \u00a0 \u00a0<a href=\"https:\/\/agora.xtec.cat\/ins-sagulla\/wp-content\/uploads\/usu2114\/2025\/06\/nou.gif\"><\/a><br \/>\nSeguint les informacions oficials de la Web de la Generalitat, l&#8217;alumnat assignat en qualsevol de les 2 tandes, ha de&hellip;  <a href=\"https:\/\/agora.xtec.cat\/ins-sagulla\/secretaria\/preinscripcio-i-matricula\/cicles-formatius-grau-mitja\/\" title=\"Read Cicles formatius Grau Mitj\u00e0\">Llegeix m\u00e9s\u00bb<\/a><\/p>\n","protected":false},"author":1,"featured_media":0,"parent":1011,"menu_order":20,"comment_status":"closed","ping_status":"closed","template":"page-templates\/side-menu.php","meta":{"_bbp_topic_count":0,"_bbp_reply_count":0,"_bbp_total_topic_count":0,"_bbp_total_reply_count":0,"_bbp_voice_count":0,"_bbp_anonymous_reply_count":0,"_bbp_topic_count_hidden":0,"_bbp_reply_count_hidden":0,"_bbp_forum_subforum_count":0,"footnotes":""},"class_list":["post-2655","page","type-page","status-publish","hentry"],"post_mailing_queue_ids":[],"_links":{"self":[{"href":"https:\/\/agora.xtec.cat\/ins-sagulla\/wp-json\/wp\/v2\/pages\/2655","targetHints":{"allow":["GET"]}}],"collection":[{"href":"https:\/\/agora.xtec.cat\/ins-sagulla\/wp-json\/wp\/v2\/pages"}],"about":[{"href":"https:\/\/agora.xtec.cat\/ins-sagulla\/wp-json\/wp\/v2\/types\/page"}],"author":[{"embeddable":true,"href":"https:\/\/agora.xtec.cat\/ins-sagulla\/wp-json\/wp\/v2\/users\/1"}],"replies":[{"embeddable":true,"href":"https:\/\/agora.xtec.cat\/ins-sagulla\/wp-json\/wp\/v2\/comments?post=2655"}],"version-history":[{"count":7,"href":"https:\/\/agora.xtec.cat\/ins-sagulla\/wp-json\/wp\/v2\/pages\/2655\/revisions"}],"predecessor-version":[{"id":25634,"href":"https:\/\/agora.xtec.cat\/ins-sagulla\/wp-json\/wp\/v2\/pages\/2655\/revisions\/25634"}],"up":[{"embeddable":true,"href":"https:\/\/agora.xtec.cat\/ins-sagulla\/wp-json\/wp\/v2\/pages\/1011"}],"wp:attachment":[{"href":"https:\/\/agora.xtec.cat\/ins-sagulla\/wp-json\/wp\/v2\/media?parent=2655"}],"curies":[{"name":"wp","href":"https:\/\/api.w.org\/{rel}","templated":true}]}}

Cicles formatius Grau Mitjà

<p>&nbsp;</p>
<p>&nbsp;</p>
<p><em><strong>La informació oficial i l&#8217;accés a la sol.licitud de preinscripció la trobareu al següent enllaç:</strong></em></p>
<p><a href="https://preinscripcio.gencat.cat/ca/estudis/fp-grau-mitja/inici/">https://preinscripcio.gencat.cat/ca/estudis/fp-grau-mitja/inici/</a></p>
<p>&nbsp;</p>
<p><strong>2026-2027 MATRÍCULA  ALUMNAT CICLES FORMATIUS DE GRAU MITJÀ     <a href="https://agora.xtec.cat/ins-sagulla/wp-content/uploads/usu2114/2025/06/nou.gif"><img loading="lazy" decoding="async" class="alignnone wp-image-25090" src="https://agora.xtec.cat/ins-sagulla/wp-content/uploads/usu2114/2025/06/nou.gif" alt="" width="83" height="52" /></a></strong></p>
<p>Seguint les informacions oficials de la Web de la Generalitat, l&#8217;alumnat assignat en qualsevol de les 2 tandes, <strong>ha de formalitzar la matrícula</strong> amb una confirmació online en els períodes que s&#8217;estableixen per a cada procés d&#8217;assignació.</p>
<p>Després de la confirmació de la matrícula, seguint les mateixes informacions, <strong>s&#8217;ha de completar al centre</strong> en els períodes que s&#8217;estableixen per a cada procés. Cal posar-vos en contacte a través del correu electrònic  <a href="secretaria@institutsagulla.cat">secretaria@institutsagulla.cat</a> i us farem arribar les instruccions, documentació, dia i franja horaria per a finalitzar el tràmit de matrícula.</p>
<p><strong>L&#8217;alumnat que no compleixi amb ambdós requisits, confirmació online i completar matricula al centre, es considerarà que renuncien a la plaça.</strong></p>
<p>&nbsp;</p>
<p>&nbsp;</p>
<p><strong>MOLT IMPORTANT</strong>, consultar la informació al web oficial de la Generalitat i fer el seguiment  del calendari de tot el procés.</p>
<p>&nbsp;</p>
<p><strong>Publicació oferta inicial Cicles Formatius Grau Mitjà</strong></p>
<p><strong>Publicació de la llista del barem amb la puntuació provisional de Grau Mitjà</strong></p>
<p><strong>Publicació de la llista del barem resoltes les reclamacions de Grau Mitjà</strong></p>
<p><strong>Publicació Alumnat assignat al centre 1ª TANDA de Grau Mitjà</strong></p>
<p><strong>Publicació Alumnat preinscrit al centre amb indicació de l&#8217;assignació de la 1ª TANDA de Grau Mitjà</strong></p>
<p><strong>Publicació oferta definitiva Cicles Formatius Grau Mitjà</strong></p>
<p><strong>Publicació Alumnat assignat al centre 2ª TANDA de Grau Mitjà</strong></p>
<p><strong>Publicació Alumnat preinscrit al centre amb indicació de l&#8217;assignació de la 2ª TANDA de Grau Mitjà</strong></p>
<p>&nbsp;</p>
<p>&nbsp;</p>
<p>&nbsp;</p>
<p>&nbsp;</p>
<p>&nbsp;</p>
<p>&nbsp;</p>

<p>&nbsp;<br />
&nbsp;<br />
La informació oficial i l&#8217;accés a la sol.licitud de preinscripció la trobareu al següent enllaç:<br />
<a href="https://preinscripcio.gencat.cat/ca/estudis/fp-grau-mitja/inici/">https://preinscripcio.gencat.cat/ca/estudis/fp-grau-mitja/inici/</a><br />
&nbsp;<br />
2026-2027 MATRÍCULA  ALUMNAT CICLES FORMATIUS DE GRAU MITJÀ     <a href="https://agora.xtec.cat/ins-sagulla/wp-content/uploads/usu2114/2025/06/nou.gif"></a><br />
Seguint les informacions oficials de la Web de la Generalitat, l&#8217;alumnat assignat en qualsevol de les 2 tandes, ha de&hellip;  <a href="https://agora.xtec.cat/ins-sagulla/secretaria/preinscripcio-i-matricula/cicles-formatius-grau-mitja/" title="Read Cicles formatius Grau Mitjà">Llegeix més»</a></p>
