{"id":2651,"date":"2021-04-09T11:18:26","date_gmt":"2021-04-09T09:18:26","guid":{"rendered":"https:\/\/agora.xtec.cat\/ins-sagulla\/?page_id=2651"},"modified":"2026-04-23T10:04:46","modified_gmt":"2026-04-23T08:04:46","slug":"eso","status":"publish","type":"page","link":"https:\/\/agora.xtec.cat\/ins-sagulla\/secretaria\/preinscripcio-i-matricula\/eso\/","title":{"rendered":"ESO"},"content":{"rendered":"<p>Us deixem l\u2019enlla\u00e7 al web oficial d\u2019informaci\u00f3 de la Generalitat i acc\u00e9s a la sol.licitud de preinscripci\u00f3 :\u00a0<a href=\"https:\/\/preinscripcio.gencat.cat\/ca\/estudis\/eso\/preinscriute\/sollicitud\/index.html\">https:\/\/preinscripcio.gencat.cat\/ca\/estudis\/eso\/preinscriute\/sollicitud\/index.html<\/a><\/p>\n<p>CALENDARI:<\/p>\n<p>Informaci\u00f3 oficial: WEB anterior i\/o 012 Tel. Informaci\u00f3 Generalitat de Catalunya<\/p>\n<p><strong>MOLT IMPORTANT<\/strong>, consultar la informaci\u00f3 al web oficial de la Generalitat i fer el seguiment\u00a0 del calendari de tot el proc\u00e9s.<\/p>\n<p>&nbsp;<\/p>\n<p><strong>Publicaci\u00f3 oferta inicial de places ESO<\/strong><\/p>\n<p><a href=\"https:\/\/agora.xtec.cat\/ins-sagulla\/wp-content\/uploads\/usu2114\/2026\/03\/OFERTA-INICIAL-DE-PLACES-ESO-26-27.pdf\">OFERTA INICIAL DE PLACES ESO 26-27<\/a><\/p>\n<p><strong>Publicaci\u00f3 llista sol.licituds amb la puntuaci\u00f3 provisional ESO\u00a0<\/strong><\/p>\n<p><a href=\"https:\/\/agora.xtec.cat\/ins-sagulla\/wp-content\/uploads\/usu2114\/2026\/04\/BAREM-PROVISIONAL-ESO-25-26.pdf\">BAREM PROVISIONAL ESO 25-26<\/a><\/p>\n<p><strong>Publicaci\u00f3 llista sol.licituds amb la puntuaci\u00f3 un cop resoltes les reclamacions ESO<\/strong><\/p>\n<p><a href=\"https:\/\/agora.xtec.cat\/ins-sagulla\/wp-content\/uploads\/usu2114\/2026\/04\/BAREM-DEFINITIU-ESO-26-27.pdf\">BAREM DEFINITIU ESO 26-27<\/a><\/p>\n<p><strong>Publicaci\u00f3 llista sol.licituds amb la puntuaci\u00f3 ordenada ESO\u00a0<\/strong><\/p>\n<p>&nbsp;<\/p>\n<p>Les fam\u00edlies podran accedir a la consulta individual, accedint a <a title=\"Consulta la llista de sol\u00b7licituds amb la puntuaci\u00f3 provisional\" href=\"https:\/\/preinscripcio.gencat.cat\/ca\/estudis\/primaria\/preinscriute\/seguiment-sollicitud\/llista-sollicituds-puntuacio\/\" target=\"_blank\" rel=\"noreferrer noopener\" data-saferedirecturl=\"https:\/\/www.google.com\/url?q=https:\/\/preinscripcio.gencat.cat\/ca\/estudis\/primaria\/preinscriute\/seguiment-sollicitud\/llista-sollicituds-puntuacio\/&amp;source=gmail&amp;ust=1745571666001000&amp;usg=AOvVaw3U0yb7objfBKR0MsvewpDP\">Consulta la llista de sol\u00b7licituds amb la puntuaci\u00f3 provisional<\/a>, amb el DNI, NIE o passaport de la persona que va presentar la sol\u00b7licitud i el seu codi, a la web\u00a0<a href=\"http:\/\/preinscripcio.gencat.cat\/\" target=\"_blank\" rel=\"noopener\" data-saferedirecturl=\"https:\/\/www.google.com\/url?q=http:\/\/preinscripcio.gencat.cat&amp;source=gmail&amp;ust=1745571666001000&amp;usg=AOvVaw2Gqu8At5JCepNJFrlS5LTI\">preinscripcio.gencat.cat<\/a>.<\/p>\n<p>Recordeu que, tamb\u00e9, a partir d\u2019avui es poden presentar reclamacions. Es pot fer des de la mateixa consulta individual o des de l\u2019opci\u00f3 \u201cFes el seguiment de la teva sol\u00b7licitud\u201d de la web\u00a0<a href=\"http:\/\/preinscripcio.gencat.cat\/\" target=\"_blank\" rel=\"noopener\" data-saferedirecturl=\"https:\/\/www.google.com\/url?q=http:\/\/preinscripcio.gencat.cat&amp;source=gmail&amp;ust=1745571666001000&amp;usg=AOvVaw2Gqu8At5JCepNJFrlS5LTI\">preinscripcio.gencat.cat<\/a>. A m\u00e9s, teniu a la vostra disposici\u00f3 aquest v\u00eddeo tutorial\u00a0<a title=\"Com presentar una reclamaci\u00f3 contra la llista amb la puntuaci\u00f3 provisional\" href=\"https:\/\/preinscripcio.gencat.cat\/ca\/estudis\/primaria\/ajuda\/pindoles-multimedia\/\" target=\"_blank\" rel=\"noreferrer noopener\" data-saferedirecturl=\"https:\/\/www.google.com\/url?q=https:\/\/preinscripcio.gencat.cat\/ca\/estudis\/primaria\/ajuda\/pindoles-multimedia\/&amp;source=gmail&amp;ust=1745571666001000&amp;usg=AOvVaw03xpM9KI7g2kE_1431Pm6g\">Com presentar una reclamaci\u00f3 contra la llista amb la puntuaci\u00f3 provisional<\/a>.<\/p>\n<p>&nbsp;<\/p>\n<p><strong>Publicaci\u00f3 llista alumnes assignats al centre amb indicaci\u00f3 de la primera petici\u00f3 ESO\u00a0<\/strong><\/p>\n<p>&nbsp;<\/p>\n<p><em>L&#8217;alumnat assignat al centre rebr\u00e0 un correu electr\u00f2nic aquesta setmana amb la data i franja hor\u00e0ria per a formalitzar la matr\u00edcula, la informaci\u00f3 i els impressos.<\/em><\/p>\n<p><em>Recordem que la formalitzaci\u00f3 de la matr\u00edcula \u00e9s obligat\u00f2ria.<\/em><\/p>\n<p>&nbsp;<\/p>\n<p><strong>Publicaci\u00f3 alumnat preinscrit al centre<\/strong><\/p>\n<p><strong>Publicaci\u00f3 llista d&#8217;espera ESO\u00a0<\/strong><\/p>\n<p>&nbsp;<\/p>\n<p>&nbsp;<\/p>\n<p>&nbsp;<\/p>\n<p><strong>\u00a0<\/strong><\/p>\n<p>&nbsp;<\/p>\n<p>&nbsp;<\/p>\n<p>&nbsp;<\/p>\n<p>&nbsp;<\/p>\n<p><strong>\u00a0<\/strong><\/p>\n<p>&nbsp;<\/p>\n<p>&nbsp;<\/p>\n<p>&nbsp;<\/p>\n<p>&nbsp;<\/p>\n<p>&nbsp;<\/p>\n<p>&nbsp;<\/p>\n","protected":false},"excerpt":{"rendered":"<p>Us deixem l\u2019enlla\u00e7 al web oficial d\u2019informaci\u00f3 de la Generalitat i acc\u00e9s a la sol.licitud de preinscripci\u00f3 :\u00a0<a href=\"https:\/\/preinscripcio.gencat.cat\/ca\/estudis\/eso\/preinscriute\/sollicitud\/index.html\">https:\/\/preinscripcio.gencat.cat\/ca\/estudis\/eso\/preinscriute\/sollicitud\/index.html<\/a><br \/>\nCALENDARI:<br \/>\nInformaci\u00f3 oficial: WEB anterior i\/o 012 Tel. Informaci\u00f3 Generalitat de Catalunya<br \/>\nMOLT IMPORTANT, consultar la informaci\u00f3 al web oficial de la Generalitat i fer el seguiment\u00a0 del calendari&hellip;  <a href=\"https:\/\/agora.xtec.cat\/ins-sagulla\/secretaria\/preinscripcio-i-matricula\/eso\/\" title=\"Read ESO\">Llegeix m\u00e9s\u00bb<\/a><\/p>\n","protected":false},"author":1,"featured_media":0,"parent":1011,"menu_order":0,"comment_status":"closed","ping_status":"closed","template":"page-templates\/side-menu.php","meta":{"_bbp_topic_count":0,"_bbp_reply_count":0,"_bbp_total_topic_count":0,"_bbp_total_reply_count":0,"_bbp_voice_count":0,"_bbp_anonymous_reply_count":0,"_bbp_topic_count_hidden":0,"_bbp_reply_count_hidden":0,"_bbp_forum_subforum_count":0,"footnotes":""},"class_list":["post-2651","page","type-page","status-publish","hentry"],"post_mailing_queue_ids":[],"_links":{"self":[{"href":"https:\/\/agora.xtec.cat\/ins-sagulla\/wp-json\/wp\/v2\/pages\/2651","targetHints":{"allow":["GET"]}}],"collection":[{"href":"https:\/\/agora.xtec.cat\/ins-sagulla\/wp-json\/wp\/v2\/pages"}],"about":[{"href":"https:\/\/agora.xtec.cat\/ins-sagulla\/wp-json\/wp\/v2\/types\/page"}],"author":[{"embeddable":true,"href":"https:\/\/agora.xtec.cat\/ins-sagulla\/wp-json\/wp\/v2\/users\/1"}],"replies":[{"embeddable":true,"href":"https:\/\/agora.xtec.cat\/ins-sagulla\/wp-json\/wp\/v2\/comments?post=2651"}],"version-history":[{"count":8,"href":"https:\/\/agora.xtec.cat\/ins-sagulla\/wp-json\/wp\/v2\/pages\/2651\/revisions"}],"predecessor-version":[{"id":25736,"href":"https:\/\/agora.xtec.cat\/ins-sagulla\/wp-json\/wp\/v2\/pages\/2651\/revisions\/25736"}],"up":[{"embeddable":true,"href":"https:\/\/agora.xtec.cat\/ins-sagulla\/wp-json\/wp\/v2\/pages\/1011"}],"wp:attachment":[{"href":"https:\/\/agora.xtec.cat\/ins-sagulla\/wp-json\/wp\/v2\/media?parent=2651"}],"curies":[{"name":"wp","href":"https:\/\/api.w.org\/{rel}","templated":true}]}}

<p>Us deixem l’enllaç al web oficial d’informació de la Generalitat i accés a la sol.licitud de preinscripció : <a href="https://preinscripcio.gencat.cat/ca/estudis/eso/preinscriute/sollicitud/index.html">https://preinscripcio.gencat.cat/ca/estudis/eso/preinscriute/sollicitud/index.html</a></p>
<p>CALENDARI:</p>
<p>Informació oficial: WEB anterior i/o 012 Tel. Informació Generalitat de Catalunya</p>
<p><strong>MOLT IMPORTANT</strong>, consultar la informació al web oficial de la Generalitat i fer el seguiment  del calendari de tot el procés.</p>
<p>&nbsp;</p>
<p><strong>Publicació oferta inicial de places ESO</strong></p>
<p><a href="https://agora.xtec.cat/ins-sagulla/wp-content/uploads/usu2114/2026/03/OFERTA-INICIAL-DE-PLACES-ESO-26-27.pdf">OFERTA INICIAL DE PLACES ESO 26-27</a></p>
<p><strong>Publicació llista sol.licituds amb la puntuació provisional ESO </strong></p>
<p><a href="https://agora.xtec.cat/ins-sagulla/wp-content/uploads/usu2114/2026/04/BAREM-PROVISIONAL-ESO-25-26.pdf">BAREM PROVISIONAL ESO 25-26</a></p>
<p><strong>Publicació llista sol.licituds amb la puntuació un cop resoltes les reclamacions ESO</strong></p>
<p><a href="https://agora.xtec.cat/ins-sagulla/wp-content/uploads/usu2114/2026/04/BAREM-DEFINITIU-ESO-26-27.pdf">BAREM DEFINITIU ESO 26-27</a></p>
<p><strong>Publicació llista sol.licituds amb la puntuació ordenada ESO </strong></p>
<p>&nbsp;</p>
<p>Les famílies podran accedir a la consulta individual, accedint a <a title="Consulta la llista de sol·licituds amb la puntuació provisional" href="https://preinscripcio.gencat.cat/ca/estudis/primaria/preinscriute/seguiment-sollicitud/llista-sollicituds-puntuacio/" target="_blank" rel="noreferrer noopener" data-saferedirecturl="https://www.google.com/url?q=https://preinscripcio.gencat.cat/ca/estudis/primaria/preinscriute/seguiment-sollicitud/llista-sollicituds-puntuacio/&amp;source=gmail&amp;ust=1745571666001000&amp;usg=AOvVaw3U0yb7objfBKR0MsvewpDP">Consulta la llista de sol·licituds amb la puntuació provisional</a>, amb el DNI, NIE o passaport de la persona que va presentar la sol·licitud i el seu codi, a la web <a href="http://preinscripcio.gencat.cat/" target="_blank" rel="noopener" data-saferedirecturl="https://www.google.com/url?q=http://preinscripcio.gencat.cat&amp;source=gmail&amp;ust=1745571666001000&amp;usg=AOvVaw2Gqu8At5JCepNJFrlS5LTI">preinscripcio.gencat.cat</a>.</p>
<p>Recordeu que, també, a partir d’avui es poden presentar reclamacions. Es pot fer des de la mateixa consulta individual o des de l’opció “Fes el seguiment de la teva sol·licitud” de la web <a href="http://preinscripcio.gencat.cat/" target="_blank" rel="noopener" data-saferedirecturl="https://www.google.com/url?q=http://preinscripcio.gencat.cat&amp;source=gmail&amp;ust=1745571666001000&amp;usg=AOvVaw2Gqu8At5JCepNJFrlS5LTI">preinscripcio.gencat.cat</a>. A més, teniu a la vostra disposició aquest vídeo tutorial <a title="Com presentar una reclamació contra la llista amb la puntuació provisional" href="https://preinscripcio.gencat.cat/ca/estudis/primaria/ajuda/pindoles-multimedia/" target="_blank" rel="noreferrer noopener" data-saferedirecturl="https://www.google.com/url?q=https://preinscripcio.gencat.cat/ca/estudis/primaria/ajuda/pindoles-multimedia/&amp;source=gmail&amp;ust=1745571666001000&amp;usg=AOvVaw03xpM9KI7g2kE_1431Pm6g">Com presentar una reclamació contra la llista amb la puntuació provisional</a>.</p>
<p>&nbsp;</p>
<p><strong>Publicació llista alumnes assignats al centre amb indicació de la primera petició ESO </strong></p>
<p>&nbsp;</p>
<p><em>L&#8217;alumnat assignat al centre rebrà un correu electrònic aquesta setmana amb la data i franja horària per a formalitzar la matrícula, la informació i els impressos.</em></p>
<p><em>Recordem que la formalització de la matrícula és obligatòria.</em></p>
<p>&nbsp;</p>
<p><strong>Publicació alumnat preinscrit al centre</strong></p>
<p><strong>Publicació llista d&#8217;espera ESO </strong></p>
<p>&nbsp;</p>
<p>&nbsp;</p>
<p>&nbsp;</p>
<p><strong> </strong></p>
<p>&nbsp;</p>
<p>&nbsp;</p>
<p>&nbsp;</p>
<p>&nbsp;</p>
<p><strong> </strong></p>
<p>&nbsp;</p>
<p>&nbsp;</p>
<p>&nbsp;</p>
<p>&nbsp;</p>
<p>&nbsp;</p>
<p>&nbsp;</p>

<p>Us deixem l’enllaç al web oficial d’informació de la Generalitat i accés a la sol.licitud de preinscripció : <a href="https://preinscripcio.gencat.cat/ca/estudis/eso/preinscriute/sollicitud/index.html">https://preinscripcio.gencat.cat/ca/estudis/eso/preinscriute/sollicitud/index.html</a><br />
CALENDARI:<br />
Informació oficial: WEB anterior i/o 012 Tel. Informació Generalitat de Catalunya<br />
MOLT IMPORTANT, consultar la informació al web oficial de la Generalitat i fer el seguiment  del calendari&hellip;  <a href="https://agora.xtec.cat/ins-sagulla/secretaria/preinscripcio-i-matricula/eso/" title="Read ESO">Llegeix més»</a></p>
