{"id":2282,"date":"2021-02-20T21:34:41","date_gmt":"2021-02-20T20:34:41","guid":{"rendered":"https:\/\/agora.xtec.cat\/ins-sagulla\/?page_id=2282"},"modified":"2022-02-14T12:25:38","modified_gmt":"2022-02-14T11:25:38","slug":"formulari-de-consulta","status":"publish","type":"page","link":"https:\/\/agora.xtec.cat\/ins-sagulla\/serveis\/assessorament\/formulari-de-consulta\/","title":{"rendered":"Consultes"},"content":{"rendered":"<p>Si teniu qualsevol dubte, us podeu adre\u00e7ar al seg\u00fcent correu electr\u00f2nic: <a href=\"mailto:17auroramerida@institutsagulla.cat\">17auroramerida<span class=\"atwho-query\">@institutsagulla.cat<\/span><\/a><\/p>\n","protected":false},"excerpt":{"rendered":"<p>Si teniu qualsevol dubte, us podeu adre\u00e7ar al seg\u00fcent correu electr\u00f2nic: <a href=\"mailto:17auroramerida@institutsagulla.cat\">17auroramerida@institutsagulla.cat<\/a><\/p>\n","protected":false},"author":1,"featured_media":0,"parent":2278,"menu_order":20,"comment_status":"closed","ping_status":"closed","template":"","meta":{"_bbp_topic_count":0,"_bbp_reply_count":0,"_bbp_total_topic_count":0,"_bbp_total_reply_count":0,"_bbp_voice_count":0,"_bbp_anonymous_reply_count":0,"_bbp_topic_count_hidden":0,"_bbp_reply_count_hidden":0,"_bbp_forum_subforum_count":0,"footnotes":""},"class_list":["post-2282","page","type-page","status-publish","hentry"],"post_mailing_queue_ids":[],"_links":{"self":[{"href":"https:\/\/agora.xtec.cat\/ins-sagulla\/wp-json\/wp\/v2\/pages\/2282","targetHints":{"allow":["GET"]}}],"collection":[{"href":"https:\/\/agora.xtec.cat\/ins-sagulla\/wp-json\/wp\/v2\/pages"}],"about":[{"href":"https:\/\/agora.xtec.cat\/ins-sagulla\/wp-json\/wp\/v2\/types\/page"}],"author":[{"embeddable":true,"href":"https:\/\/agora.xtec.cat\/ins-sagulla\/wp-json\/wp\/v2\/users\/1"}],"replies":[{"embeddable":true,"href":"https:\/\/agora.xtec.cat\/ins-sagulla\/wp-json\/wp\/v2\/comments?post=2282"}],"version-history":[{"count":3,"href":"https:\/\/agora.xtec.cat\/ins-sagulla\/wp-json\/wp\/v2\/pages\/2282\/revisions"}],"predecessor-version":[{"id":19781,"href":"https:\/\/agora.xtec.cat\/ins-sagulla\/wp-json\/wp\/v2\/pages\/2282\/revisions\/19781"}],"up":[{"embeddable":true,"href":"https:\/\/agora.xtec.cat\/ins-sagulla\/wp-json\/wp\/v2\/pages\/2278"}],"wp:attachment":[{"href":"https:\/\/agora.xtec.cat\/ins-sagulla\/wp-json\/wp\/v2\/media?parent=2282"}],"curies":[{"name":"wp","href":"https:\/\/api.w.org\/{rel}","templated":true}]}}