{"id":21415,"date":"2022-09-28T13:30:23","date_gmt":"2022-09-28T11:30:23","guid":{"rendered":"https:\/\/agora.xtec.cat\/ins-sagulla\/?page_id=21415"},"modified":"2025-03-26T10:51:13","modified_gmt":"2025-03-26T09:51:13","slug":"estudis","status":"publish","type":"page","link":"https:\/\/agora.xtec.cat\/ins-sagulla\/batxillerat\/estudis\/","title":{"rendered":"Estudis"},"content":{"rendered":"<p>El batxillerat forma part de l&#8217;educaci\u00f3 secund\u00e0ria postobligat\u00f2ria i es distribueix en dos cursos acad\u00e8mics. Es desenvolupa en diverses modalitats, s&#8217;organitza de manera oberta i flexible i, si cal, en vies diferents dins de cada modalitat, per tal d&#8217;oferir un itinerari personalitzat a l&#8217;alumnat d&#8217;acord amb les seves perspectives i interessos de formaci\u00f3.<\/p>\n<p>El batxillerat \u00e9s l&#8217;etapa que es cursa normalment entre els 16 i els 18 anys, tot i que \u00e9s oberta a persones de qualsevol edat, ja sigui de manera presencial o telem\u00e0tica a trav\u00e9s de l&#8217;Institut Obert de Catalunya (IOC). \u00c9s un cicle format per dos cursos de trenta hores lectives setmanals.<\/p>\n<p>El batxillerat prepara els i les alumnes per a la seva incorporaci\u00f3 a estudis posteriors, tant professionals com universitaris, i per a l&#8217;acc\u00e9s al m\u00f3n laboral.<\/p>\n<p><strong>Acc\u00e9s:<\/strong><\/p>\n<p>Per accedir al batxillerat cal tenir algun dels t\u00edtols seg\u00fcents:<\/p>\n<ul>\n<li>Graduat en educaci\u00f3 secund\u00e0ria obligat\u00f2ria (GESO),<\/li>\n<li>t\u00e8cnic d\u2019un cicle formatiu de grau mitj\u00e0 o t\u00e8cnic superior d\u2019un cicle formatiu de grau superior.<\/li>\n<li>haver cursat estudis de sistemes educatius estrangers que hagin estat homologats al t\u00edtol de GESO o al t\u00edtol de t\u00e8cnic.<\/li>\n<\/ul>\n<p class=\"subtitle\"><strong>Les sortides acad\u00e8miques i professionals<\/strong><\/p>\n<p>Amb el t\u00edtol de batxiller<strong>\u00a0<\/strong>es pot accedir:<\/p>\n<ul>\n<li>a la universitat (un cop aprovades les proves d&#8217;acc\u00e9s);<\/li>\n<li>a un cicle formatiu de grau superior de formaci\u00f3 professional o a un cicle formatiu de grau superior d&#8217;arts pl\u00e0stiques i disseny.<\/li>\n<li>a un cicle formatiu de grau superior d\u2019ensenyaments esportius, si es tenen els requisits d\u2019acc\u00e9s;<\/li>\n<li>als ensenyaments superiors art\u00edstics (un cop superada una prova espec\u00edfica d&#8217;acc\u00e9s)<\/li>\n<li>al m\u00f3n laboral.<\/li>\n<\/ul>\n<p><strong>Modalitats que pots cursar al centre:<\/strong><\/p>\n<ul>\n<li>Humanitats i ci\u00e8ncies socials<\/li>\n<li>Ci\u00e8ncies i tecnologia<\/li>\n<\/ul>\n<p><strong>Mat\u00e8ries:\u00a0\u00a0<\/strong><\/p>\n<p>El curr\u00edculum de batxillerat consta de:<\/p>\n<ul>\n<li>mat\u00e8ries comunes (les cursa tot l\u2019alumnat)<\/li>\n<li>mat\u00e8ria obligat\u00f2ria de modalitat<\/li>\n<li>mat\u00e8ries optatives<\/li>\n<li>el treball de recerca<\/li>\n<\/ul>\n<p><a href=\"https:\/\/agora.xtec.cat\/ins-sagulla\/wp-content\/uploads\/usu2114\/2025\/03\/Pla-destudis-Batxillerat-24-25-1.png\"><img loading=\"lazy\" decoding=\"async\" class=\"alignleft size-medium wp-image-24761\" src=\"https:\/\/agora.xtec.cat\/ins-sagulla\/wp-content\/uploads\/usu2114\/2025\/03\/Pla-destudis-Batxillerat-24-25-1-300x300.png\" alt=\"\" width=\"300\" height=\"300\" srcset=\"https:\/\/agora.xtec.cat\/ins-sagulla\/wp-content\/uploads\/usu2114\/2025\/03\/Pla-destudis-Batxillerat-24-25-1-300x300.png 300w, https:\/\/agora.xtec.cat\/ins-sagulla\/wp-content\/uploads\/usu2114\/2025\/03\/Pla-destudis-Batxillerat-24-25-1-150x150.png 150w, https:\/\/agora.xtec.cat\/ins-sagulla\/wp-content\/uploads\/usu2114\/2025\/03\/Pla-destudis-Batxillerat-24-25-1.png 602w\" sizes=\"auto, (max-width: 300px) 100vw, 300px\" \/><\/a><\/p>\n<p>&nbsp;<\/p>\n<p>&nbsp;<\/p>\n<p>&nbsp;<\/p>\n<p>&nbsp;<\/p>\n<p>&nbsp;<\/p>\n<p>&nbsp;<\/p>\n<p>&nbsp;<\/p>\n<p>&nbsp;<\/p>\n<p>El Projecte curricular del batxillerat que t\u00e9 l&#8217;institut el podeu trobar explicat sencer en el seg\u00fcent document:<\/p>\n<p><a href=\"https:\/\/agora.xtec.cat\/ins-sagulla\/wp-content\/uploads\/usu2114\/2025\/03\/PROJECTE-CURRICULAR-BTX-1.pdf\" target=\"_blank\" rel=\"noopener\">PROJECTE CURRICULAR BTX (1)<\/a><\/p>\n<p><span style=\"font-weight: 400;\">El Departament d&#8217;Educaci\u00f3 i formaci\u00f3 professional t\u00e9 la seva plana web de refer\u00e8ncia sobre Batxillerat:<\/span><\/p>\n<p><a href=\"https:\/\/triaeducativa.gencat.cat\/ca\/batxillerat\/index.html\">Batxillerat Departament d&#8217;Educaci\u00f3 i Formaci\u00f3 Professional<\/a><\/p>\n<p>I les preinscripcions s\u00f3n del 3 al 10 d&#8217;abril.<\/p>\n<p><a href=\"https:\/\/preinscripcio.gencat.cat\/ca\/estudis\/batxillerat\/inici\/\">Preinscripci\u00f3 Batxillerat<\/a><\/p>\n<p><a href=\"https:\/\/preinscripcio.gencat.cat\/ca\/estudis\/batxillerat\/informat\/calendari\/\">Calendari Matricula Batxillerat<\/a><\/p>\n<p>&nbsp;<\/p>\n<p>Data de Modificaci\u00f3 el 26 de mar\u00e7 del 2025<\/p>\n","protected":false},"excerpt":{"rendered":"<p>El batxillerat forma part de l&#8217;educaci\u00f3 secund\u00e0ria postobligat\u00f2ria i es distribueix en dos cursos acad\u00e8mics. Es desenvolupa en diverses modalitats, s&#8217;organitza de manera oberta i flexible i, si cal, en vies diferents dins de cada modalitat, per tal d&#8217;oferir un itinerari personalitzat a l&#8217;alumnat d&#8217;acord&hellip;  <a href=\"https:\/\/agora.xtec.cat\/ins-sagulla\/batxillerat\/estudis\/\" title=\"Read Estudis\">Llegeix m\u00e9s\u00bb<\/a><\/p>\n","protected":false},"author":1,"featured_media":0,"parent":919,"menu_order":0,"comment_status":"closed","ping_status":"closed","template":"page-templates\/side-menu.php","meta":{"_bbp_topic_count":0,"_bbp_reply_count":0,"_bbp_total_topic_count":0,"_bbp_total_reply_count":0,"_bbp_voice_count":0,"_bbp_anonymous_reply_count":0,"_bbp_topic_count_hidden":0,"_bbp_reply_count_hidden":0,"_bbp_forum_subforum_count":0,"footnotes":""},"class_list":["post-21415","page","type-page","status-publish","hentry"],"post_mailing_queue_ids":[],"_links":{"self":[{"href":"https:\/\/agora.xtec.cat\/ins-sagulla\/wp-json\/wp\/v2\/pages\/21415","targetHints":{"allow":["GET"]}}],"collection":[{"href":"https:\/\/agora.xtec.cat\/ins-sagulla\/wp-json\/wp\/v2\/pages"}],"about":[{"href":"https:\/\/agora.xtec.cat\/ins-sagulla\/wp-json\/wp\/v2\/types\/page"}],"author":[{"embeddable":true,"href":"https:\/\/agora.xtec.cat\/ins-sagulla\/wp-json\/wp\/v2\/users\/1"}],"replies":[{"embeddable":true,"href":"https:\/\/agora.xtec.cat\/ins-sagulla\/wp-json\/wp\/v2\/comments?post=21415"}],"version-history":[{"count":6,"href":"https:\/\/agora.xtec.cat\/ins-sagulla\/wp-json\/wp\/v2\/pages\/21415\/revisions"}],"predecessor-version":[{"id":24830,"href":"https:\/\/agora.xtec.cat\/ins-sagulla\/wp-json\/wp\/v2\/pages\/21415\/revisions\/24830"}],"up":[{"embeddable":true,"href":"https:\/\/agora.xtec.cat\/ins-sagulla\/wp-json\/wp\/v2\/pages\/919"}],"wp:attachment":[{"href":"https:\/\/agora.xtec.cat\/ins-sagulla\/wp-json\/wp\/v2\/media?parent=21415"}],"curies":[{"name":"wp","href":"https:\/\/api.w.org\/{rel}","templated":true}]}}

<p>El batxillerat forma part de l&#8217;educació secundària postobligatòria i es distribueix en dos cursos acadèmics. Es desenvolupa en diverses modalitats, s&#8217;organitza de manera oberta i flexible i, si cal, en vies diferents dins de cada modalitat, per tal d&#8217;oferir un itinerari personalitzat a l&#8217;alumnat d&#8217;acord amb les seves perspectives i interessos de formació.</p>
<p>El batxillerat és l&#8217;etapa que es cursa normalment entre els 16 i els 18 anys, tot i que és oberta a persones de qualsevol edat, ja sigui de manera presencial o telemàtica a través de l&#8217;Institut Obert de Catalunya (IOC). És un cicle format per dos cursos de trenta hores lectives setmanals.</p>
<p>El batxillerat prepara els i les alumnes per a la seva incorporació a estudis posteriors, tant professionals com universitaris, i per a l&#8217;accés al món laboral.</p>
<p><strong>Accés:</strong></p>
<p>Per accedir al batxillerat cal tenir algun dels títols següents:</p>
<ul>
<li>Graduat en educació secundària obligatòria (GESO),</li>
<li>tècnic d’un cicle formatiu de grau mitjà o tècnic superior d’un cicle formatiu de grau superior.</li>
<li>haver cursat estudis de sistemes educatius estrangers que hagin estat homologats al títol de GESO o al títol de tècnic.</li>
</ul>
<p class="subtitle"><strong>Les sortides acadèmiques i professionals</strong></p>
<p>Amb el títol de batxiller<strong> </strong>es pot accedir:</p>
<ul>
<li>a la universitat (un cop aprovades les proves d&#8217;accés);</li>
<li>a un cicle formatiu de grau superior de formació professional o a un cicle formatiu de grau superior d&#8217;arts plàstiques i disseny.</li>
<li>a un cicle formatiu de grau superior d’ensenyaments esportius, si es tenen els requisits d’accés;</li>
<li>als ensenyaments superiors artístics (un cop superada una prova específica d&#8217;accés)</li>
<li>al món laboral.</li>
</ul>
<p><strong>Modalitats que pots cursar al centre:</strong></p>
<ul>
<li>Humanitats i ciències socials</li>
<li>Ciències i tecnologia</li>
</ul>
<p><strong>Matèries:  </strong></p>
<p>El currículum de batxillerat consta de:</p>
<ul>
<li>matèries comunes (les cursa tot l’alumnat)</li>
<li>matèria obligatòria de modalitat</li>
<li>matèries optatives</li>
<li>el treball de recerca</li>
</ul>
<p><a href="https://agora.xtec.cat/ins-sagulla/wp-content/uploads/usu2114/2025/03/Pla-destudis-Batxillerat-24-25-1.png"><img loading="lazy" decoding="async" class="alignleft size-medium wp-image-24761" src="https://agora.xtec.cat/ins-sagulla/wp-content/uploads/usu2114/2025/03/Pla-destudis-Batxillerat-24-25-1-300x300.png" alt="" width="300" height="300" srcset="https://agora.xtec.cat/ins-sagulla/wp-content/uploads/usu2114/2025/03/Pla-destudis-Batxillerat-24-25-1-300x300.png 300w, https://agora.xtec.cat/ins-sagulla/wp-content/uploads/usu2114/2025/03/Pla-destudis-Batxillerat-24-25-1-150x150.png 150w, https://agora.xtec.cat/ins-sagulla/wp-content/uploads/usu2114/2025/03/Pla-destudis-Batxillerat-24-25-1.png 602w" sizes="auto, (max-width: 300px) 100vw, 300px" /></a></p>
<p>&nbsp;</p>
<p>&nbsp;</p>
<p>&nbsp;</p>
<p>&nbsp;</p>
<p>&nbsp;</p>
<p>&nbsp;</p>
<p>&nbsp;</p>
<p>&nbsp;</p>
<p>El Projecte curricular del batxillerat que té l&#8217;institut el podeu trobar explicat sencer en el següent document:</p>
<p><a href="https://agora.xtec.cat/ins-sagulla/wp-content/uploads/usu2114/2025/03/PROJECTE-CURRICULAR-BTX-1.pdf" target="_blank" rel="noopener">PROJECTE CURRICULAR BTX (1)</a></p>
<p><span style="font-weight: 400;">El Departament d&#8217;Educació i formació professional té la seva plana web de referència sobre Batxillerat:</span></p>
<p><a href="https://triaeducativa.gencat.cat/ca/batxillerat/index.html">Batxillerat Departament d&#8217;Educació i Formació Professional</a></p>
<p>I les preinscripcions són del 3 al 10 d&#8217;abril.</p>
<p><a href="https://preinscripcio.gencat.cat/ca/estudis/batxillerat/inici/">Preinscripció Batxillerat</a></p>
<p><a href="https://preinscripcio.gencat.cat/ca/estudis/batxillerat/informat/calendari/">Calendari Matricula Batxillerat</a></p>
<p>&nbsp;</p>
<p>Data de Modificació el 26 de març del 2025</p>

<p>El batxillerat forma part de l&#8217;educació secundària postobligatòria i es distribueix en dos cursos acadèmics. Es desenvolupa en diverses modalitats, s&#8217;organitza de manera oberta i flexible i, si cal, en vies diferents dins de cada modalitat, per tal d&#8217;oferir un itinerari personalitzat a l&#8217;alumnat d&#8217;acord&hellip;  <a href="https://agora.xtec.cat/ins-sagulla/batxillerat/estudis/" title="Read Estudis">Llegeix més»</a></p>
