{"id":1970,"date":"2021-01-25T12:24:41","date_gmt":"2021-01-25T11:24:41","guid":{"rendered":"https:\/\/agora.xtec.cat\/ins-sagulla\/?page_id=1970"},"modified":"2025-03-14T09:00:12","modified_gmt":"2025-03-14T08:00:12","slug":"grau-superior","status":"publish","type":"page","link":"https:\/\/agora.xtec.cat\/ins-sagulla\/cicles-formatius\/grau-superior\/","title":{"rendered":"Grau Superior"},"content":{"rendered":"<p><strong><em>Curs 2025-2026<\/em><\/strong><\/p>\n<p><strong><em>La Generalitat est\u00e0 adequant la informaci\u00f3 que ser\u00e0 a l&#8217;enlla\u00e7 seg\u00fcent\u00a0<a href=\"https:\/\/preinscripcio.gencat.cat\/ca\/estudis\/fp-grau-superior\/inici\/index.html\">https:\/\/preinscripcio.gencat.cat\/ca\/estudis\/fp-grau-superior\/inici\/index.html<\/a><\/em><\/strong><\/p>\n<p>&nbsp;<\/p>\n<p>Els cicles formatius de <strong>grau superior<\/strong> (CFGS) que s&#8217;imparteixen, horari de tarda (15h. &#8211; 21.30h), s\u00f3n:<\/p>\n<ul>\n<li><a href=\"https:\/\/agora.xtec.cat\/ins-sagulla\/cicles-formatius\/grau-superior\/cfps-integraciosocial\/\">T\u00e8cnic\/a Superior en Integraci\u00f3 Social<\/a><\/li>\n<li><a href=\"https:\/\/agora.xtec.cat\/ins-sagulla\/cicles-formatius\/grau-superior\/cfps-educacioinfantil\/\">T\u00e8cnic\/a Superior en Educaci\u00f3 Infantil<\/a><\/li>\n<\/ul>\n<p>Per a formalitzar la matr\u00edcula de cicles formatius de grau superior s&#8217;ha d&#8217;haver pagat els preus p\u00fablics:<\/p>\n<p><a href=\"https:\/\/educacio.gencat.cat\/ca\/departament\/normativa\/taxes-preus-publics\/preu-public\/\">https:\/\/educacio.gencat.cat\/ca\/departament\/normativa\/taxes-preus-publics\/preu-public\/ <\/a><\/p>\n<p>tenint en compte les possibles bonificacions o excepcions generals:<\/p>\n<p><a href=\"https:\/\/educacio.gencat.cat\/ca\/departament\/normativa\/taxes-preus-publics\/exempcions-bonificacions\/\">https:\/\/educacio.gencat.cat\/ca\/departament\/normativa\/taxes-preus-publics\/exempcions-bonificacions\/<\/a><\/p>\n<p>La quota anual de centre, per despeses d&#8217;asseguran\u00e7a escolar obligat\u00f2ria, complement\u00e0ria, material fungible i Jornades T\u00e8cniques, s&#8217;estableixen abans de la matr\u00edcula.<\/p>\n","protected":false},"excerpt":{"rendered":"<p>Curs 2025-2026<br \/>\nLa Generalitat est\u00e0 adequant la informaci\u00f3 que ser\u00e0 a l&#8217;enlla\u00e7 seg\u00fcent\u00a0<a href=\"https:\/\/preinscripcio.gencat.cat\/ca\/estudis\/fp-grau-superior\/inici\/index.html\">https:\/\/preinscripcio.gencat.cat\/ca\/estudis\/fp-grau-superior\/inici\/index.html<\/a><br \/>\n&nbsp;<br \/>\nEls cicles formatius de grau superior (CFGS) que s&#8217;imparteixen, horari de tarda (15h. &#8211; 21.30h), s\u00f3n:<\/p>\n<ul>\n<li><a href=\"https:\/\/agora.xtec.cat\/ins-sagulla\/cicles-formatius\/grau-superior\/cfps-integraciosocial\/\">T\u00e8cnic\/a Superior en Integraci\u00f3 Social<\/a><\/li>\n<li><a href=\"https:\/\/agora.xtec.cat\/ins-sagulla\/cicles-formatius\/grau-superior\/cfps-educacioinfantil\/\">T\u00e8cnic\/a Superior en Educaci\u00f3 Infantil<\/a><\/li>\n<\/ul>\n<p>Per a formalitzar la matr\u00edcula de cicles formatius&hellip;  <a href=\"https:\/\/agora.xtec.cat\/ins-sagulla\/cicles-formatius\/grau-superior\/\" title=\"Read Grau Superior\">Llegeix m\u00e9s\u00bb<\/a><\/p>\n","protected":false},"author":1,"featured_media":0,"parent":923,"menu_order":10,"comment_status":"closed","ping_status":"closed","template":"page-templates\/side-menu.php","meta":{"_bbp_topic_count":0,"_bbp_reply_count":0,"_bbp_total_topic_count":0,"_bbp_total_reply_count":0,"_bbp_voice_count":0,"_bbp_anonymous_reply_count":0,"_bbp_topic_count_hidden":0,"_bbp_reply_count_hidden":0,"_bbp_forum_subforum_count":0,"footnotes":""},"class_list":["post-1970","page","type-page","status-publish","hentry"],"post_mailing_queue_ids":[],"_links":{"self":[{"href":"https:\/\/agora.xtec.cat\/ins-sagulla\/wp-json\/wp\/v2\/pages\/1970","targetHints":{"allow":["GET"]}}],"collection":[{"href":"https:\/\/agora.xtec.cat\/ins-sagulla\/wp-json\/wp\/v2\/pages"}],"about":[{"href":"https:\/\/agora.xtec.cat\/ins-sagulla\/wp-json\/wp\/v2\/types\/page"}],"author":[{"embeddable":true,"href":"https:\/\/agora.xtec.cat\/ins-sagulla\/wp-json\/wp\/v2\/users\/1"}],"replies":[{"embeddable":true,"href":"https:\/\/agora.xtec.cat\/ins-sagulla\/wp-json\/wp\/v2\/comments?post=1970"}],"version-history":[{"count":6,"href":"https:\/\/agora.xtec.cat\/ins-sagulla\/wp-json\/wp\/v2\/pages\/1970\/revisions"}],"predecessor-version":[{"id":24711,"href":"https:\/\/agora.xtec.cat\/ins-sagulla\/wp-json\/wp\/v2\/pages\/1970\/revisions\/24711"}],"up":[{"embeddable":true,"href":"https:\/\/agora.xtec.cat\/ins-sagulla\/wp-json\/wp\/v2\/pages\/923"}],"wp:attachment":[{"href":"https:\/\/agora.xtec.cat\/ins-sagulla\/wp-json\/wp\/v2\/media?parent=1970"}],"curies":[{"name":"wp","href":"https:\/\/api.w.org\/{rel}","templated":true}]}}

<p><strong><em>Curs 2025-2026</em></strong></p>
<p><strong><em>La Generalitat està adequant la informació que serà a l&#8217;enllaç següent <a href="https://preinscripcio.gencat.cat/ca/estudis/fp-grau-superior/inici/index.html">https://preinscripcio.gencat.cat/ca/estudis/fp-grau-superior/inici/index.html</a></em></strong></p>
<p>&nbsp;</p>
<p>Els cicles formatius de <strong>grau superior</strong> (CFGS) que s&#8217;imparteixen, horari de tarda (15h. &#8211; 21.30h), són:</p>
<ul>
<li><a href="https://agora.xtec.cat/ins-sagulla/cicles-formatius/grau-superior/cfps-integraciosocial/">Tècnic/a Superior en Integració Social</a></li>
<li><a href="https://agora.xtec.cat/ins-sagulla/cicles-formatius/grau-superior/cfps-educacioinfantil/">Tècnic/a Superior en Educació Infantil</a></li>
</ul>
<p>Per a formalitzar la matrícula de cicles formatius de grau superior s&#8217;ha d&#8217;haver pagat els preus públics:</p>
<p><a href="https://educacio.gencat.cat/ca/departament/normativa/taxes-preus-publics/preu-public/">https://educacio.gencat.cat/ca/departament/normativa/taxes-preus-publics/preu-public/ </a></p>
<p>tenint en compte les possibles bonificacions o excepcions generals:</p>
<p><a href="https://educacio.gencat.cat/ca/departament/normativa/taxes-preus-publics/exempcions-bonificacions/">https://educacio.gencat.cat/ca/departament/normativa/taxes-preus-publics/exempcions-bonificacions/</a></p>
<p>La quota anual de centre, per despeses d&#8217;assegurança escolar obligatòria, complementària, material fungible i Jornades Tècniques, s&#8217;estableixen abans de la matrícula.</p>

<p>Curs 2025-2026<br />
La Generalitat està adequant la informació que serà a l&#8217;enllaç següent <a href="https://preinscripcio.gencat.cat/ca/estudis/fp-grau-superior/inici/index.html">https://preinscripcio.gencat.cat/ca/estudis/fp-grau-superior/inici/index.html</a><br />
&nbsp;<br />
Els cicles formatius de grau superior (CFGS) que s&#8217;imparteixen, horari de tarda (15h. &#8211; 21.30h), són:</p>
<ul>
<li><a href="https://agora.xtec.cat/ins-sagulla/cicles-formatius/grau-superior/cfps-integraciosocial/">Tècnic/a Superior en Integració Social</a></li>
<li><a href="https://agora.xtec.cat/ins-sagulla/cicles-formatius/grau-superior/cfps-educacioinfantil/">Tècnic/a Superior en Educació Infantil</a></li>
</ul>
<p>Per a formalitzar la matrícula de cicles formatius&hellip;  <a href="https://agora.xtec.cat/ins-sagulla/cicles-formatius/grau-superior/" title="Read Grau Superior">Llegeix més»</a></p>
