{"id":1011,"date":"2020-07-28T13:19:28","date_gmt":"2020-07-28T11:19:28","guid":{"rendered":"https:\/\/agora.xtec.cat\/ies-sagulla\/?page_id=1011"},"modified":"2026-04-23T09:59:36","modified_gmt":"2026-04-23T07:59:36","slug":"preinscripcio-i-matricula","status":"publish","type":"page","link":"https:\/\/agora.xtec.cat\/ins-sagulla\/secretaria\/preinscripcio-i-matricula\/","title":{"rendered":"Preinscripci\u00f3 i matr\u00edcula"},"content":{"rendered":"<p>En aquesta secci\u00f3 trobareu les\u00a0<strong>informacions del <\/strong><strong>proc\u00e9s de preinscripci\u00f3 del proper Curs 2026-2027<\/strong>\u00a0, el tr\u00e0mit \u00e9s online,\u00a0 a la web oficial de la Generalitat a on hi trobareu l&#8217;acc\u00e9s a la sol.licitud i tota la informaci\u00f3 oficial <a href=\"https:\/\/preinscripcio.gencat.cat\/ca\/inici\">https:\/\/preinscripcio.gencat.cat\/ca\/inici<\/a><\/p>\n<p>Per a informaci\u00f3 general del proc\u00e9s i\/o incid\u00e8ncies amb l&#8217;aplicaci\u00f3, heu de trucar al Tel. oficial de la Generalitat de Catalunya 012<\/p>\n<p>Podeu accedir a l&#8217;enlla\u00e7 anterior per a poder informar-vos de tot el proc\u00e9s 2026-2027 abans de que comenci el periode de preinscripci\u00f3.<\/p>\n<p>MOLT IMPORTANT, fer els tr\u00e0mits de preinscripci\u00f3 dins del termini, tenir en compte el calendari del Pla d&#8217;Estudis corresponent (ESO, BTX, FP) i fer-ne el seguiment per a solventar possibles incid\u00e8ncies dins dels terminis marcats.<\/p>\n<p>&nbsp;<\/p>\n<p><a href=\"https:\/\/agora.xtec.cat\/ins-sagulla\/secretaria\/preinscripcio-i-matricula\/eso\/\">https:\/\/agora.xtec.cat\/ins-sagulla\/secretaria\/preinscripcio-i-matricula\/eso\/<\/a><\/p>\n<p><a href=\"https:\/\/agora.xtec.cat\/ins-sagulla\/secretaria\/preinscripcio-i-matricula\/batxillerat\/\">https:\/\/agora.xtec.cat\/ins-sagulla\/secretaria\/preinscripcio-i-matricula\/batxillerat\/<\/a><\/p>\n<p><strong>NOVETAT CURS 2026-2027: <\/strong><\/p>\n<p><strong>Cercador notes de tall d&#8217;acc\u00e9s a l&#8217;FP (Refer\u00e8ncia de les notes del curs passat 2025-2026)<\/strong><\/p>\n<h1 id=\"pageTitle\" class=\"ms-core-pageTitle\"><span id=\"DeltaPlaceHolderPageTitleInTitleArea\">La Generalitat de Catalunya ha obert un canal de WhatsApp per acompanyar a l&#8217;alumnat en la preinscripci\u00f3<\/span><\/h1>\n<p><a href=\"https:\/\/www.whatsapp.com\/channel\/0029Vb4r4Ew84Om4VTV0dn3E\">https:\/\/www.whatsapp.com\/channel\/0029Vb4r4Ew84Om4VTV0dn3E<\/a><\/p>\n<p>&nbsp;<\/p>\n<p><a href=\"https:\/\/preinscripcio.gencat.cat\/ca\/estudis\/fp-grau-superior\/informat\/consulta-notes-tall\/index.html\">https:\/\/preinscripcio.gencat.cat\/ca\/estudis\/fp-grau-superior\/informat\/consulta-notes-tall\/index.html<\/a><\/p>\n<p><a href=\"https:\/\/agora.xtec.cat\/ins-sagulla\/secretaria\/preinscripcio-i-matricula\/cicles-formatius-grau-mitja\/\">https:\/\/agora.xtec.cat\/ins-sagulla\/secretaria\/preinscripcio-i-matricula\/cicles-formatius-grau-mitja\/<\/a><\/p>\n<p><a href=\"https:\/\/agora.xtec.cat\/ins-sagulla\/secretaria\/preinscripcio-i-matricula\/cicles-formatius-grau-superior\/\">https:\/\/agora.xtec.cat\/ins-sagulla\/secretaria\/preinscripcio-i-matricula\/cicles-formatius-grau-superior\/<\/a><\/p>\n<p>&nbsp;<\/p>\n<p><a href=\"https:\/\/agora.xtec.cat\/ins-sagulla\/wp-content\/uploads\/usu2114\/2021\/04\/CALENDAR-e1527854223549-1.png\"><img loading=\"lazy\" decoding=\"async\" class=\"alignnone wp-image-2772\" src=\"https:\/\/agora.xtec.cat\/ins-sagulla\/wp-content\/uploads\/usu2114\/2021\/04\/CALENDAR-e1527854223549-1-300x300.png\" alt=\"\" width=\"123\" height=\"128\" \/><\/a><\/p>\n<p>&nbsp;<\/p>\n","protected":false},"excerpt":{"rendered":"<p>En aquesta secci\u00f3 trobareu les\u00a0informacions del proc\u00e9s de preinscripci\u00f3 del proper Curs 2026-2027\u00a0, el tr\u00e0mit \u00e9s online,\u00a0 a la web oficial de la Generalitat a on hi trobareu l&#8217;acc\u00e9s a la sol.licitud i tota la informaci\u00f3 oficial <a href=\"https:\/\/preinscripcio.gencat.cat\/ca\/inici\">https:\/\/preinscripcio.gencat.cat\/ca\/inici<\/a><br \/>\nPer a informaci\u00f3 general del proc\u00e9s i\/o&hellip;  <a href=\"https:\/\/agora.xtec.cat\/ins-sagulla\/secretaria\/preinscripcio-i-matricula\/\" title=\"Read Preinscripci\u00f3 i matr\u00edcula\">Llegeix m\u00e9s\u00bb<\/a><\/p>\n","protected":false},"author":1,"featured_media":0,"parent":81,"menu_order":20,"comment_status":"closed","ping_status":"closed","template":"page-templates\/side-menu.php","meta":{"_bbp_topic_count":0,"_bbp_reply_count":0,"_bbp_total_topic_count":0,"_bbp_total_reply_count":0,"_bbp_voice_count":0,"_bbp_anonymous_reply_count":0,"_bbp_topic_count_hidden":0,"_bbp_reply_count_hidden":0,"_bbp_forum_subforum_count":0,"footnotes":""},"class_list":["post-1011","page","type-page","status-publish","hentry"],"post_mailing_queue_ids":[],"_links":{"self":[{"href":"https:\/\/agora.xtec.cat\/ins-sagulla\/wp-json\/wp\/v2\/pages\/1011","targetHints":{"allow":["GET"]}}],"collection":[{"href":"https:\/\/agora.xtec.cat\/ins-sagulla\/wp-json\/wp\/v2\/pages"}],"about":[{"href":"https:\/\/agora.xtec.cat\/ins-sagulla\/wp-json\/wp\/v2\/types\/page"}],"author":[{"embeddable":true,"href":"https:\/\/agora.xtec.cat\/ins-sagulla\/wp-json\/wp\/v2\/users\/1"}],"replies":[{"embeddable":true,"href":"https:\/\/agora.xtec.cat\/ins-sagulla\/wp-json\/wp\/v2\/comments?post=1011"}],"version-history":[{"count":6,"href":"https:\/\/agora.xtec.cat\/ins-sagulla\/wp-json\/wp\/v2\/pages\/1011\/revisions"}],"predecessor-version":[{"id":25735,"href":"https:\/\/agora.xtec.cat\/ins-sagulla\/wp-json\/wp\/v2\/pages\/1011\/revisions\/25735"}],"up":[{"embeddable":true,"href":"https:\/\/agora.xtec.cat\/ins-sagulla\/wp-json\/wp\/v2\/pages\/81"}],"wp:attachment":[{"href":"https:\/\/agora.xtec.cat\/ins-sagulla\/wp-json\/wp\/v2\/media?parent=1011"}],"curies":[{"name":"wp","href":"https:\/\/api.w.org\/{rel}","templated":true}]}}

Preinscripció i matrícula

<p>En aquesta secció trobareu les <strong>informacions del </strong><strong>procés de preinscripció del proper Curs 2026-2027</strong> , el tràmit és online,  a la web oficial de la Generalitat a on hi trobareu l&#8217;accés a la sol.licitud i tota la informació oficial <a href="https://preinscripcio.gencat.cat/ca/inici">https://preinscripcio.gencat.cat/ca/inici</a></p>
<p>Per a informació general del procés i/o incidències amb l&#8217;aplicació, heu de trucar al Tel. oficial de la Generalitat de Catalunya 012</p>
<p>Podeu accedir a l&#8217;enllaç anterior per a poder informar-vos de tot el procés 2026-2027 abans de que comenci el periode de preinscripció.</p>
<p>MOLT IMPORTANT, fer els tràmits de preinscripció dins del termini, tenir en compte el calendari del Pla d&#8217;Estudis corresponent (ESO, BTX, FP) i fer-ne el seguiment per a solventar possibles incidències dins dels terminis marcats.</p>
<p>&nbsp;</p>
<p><a href="https://agora.xtec.cat/ins-sagulla/secretaria/preinscripcio-i-matricula/eso/">https://agora.xtec.cat/ins-sagulla/secretaria/preinscripcio-i-matricula/eso/</a></p>
<p><a href="https://agora.xtec.cat/ins-sagulla/secretaria/preinscripcio-i-matricula/batxillerat/">https://agora.xtec.cat/ins-sagulla/secretaria/preinscripcio-i-matricula/batxillerat/</a></p>
<p><strong>NOVETAT CURS 2026-2027: </strong></p>
<p><strong>Cercador notes de tall d&#8217;accés a l&#8217;FP (Referència de les notes del curs passat 2025-2026)</strong></p>
<h1 id="pageTitle" class="ms-core-pageTitle"><span id="DeltaPlaceHolderPageTitleInTitleArea">La Generalitat de Catalunya ha obert un canal de WhatsApp per acompanyar a l&#8217;alumnat en la preinscripció</span></h1>
<p><a href="https://www.whatsapp.com/channel/0029Vb4r4Ew84Om4VTV0dn3E">https://www.whatsapp.com/channel/0029Vb4r4Ew84Om4VTV0dn3E</a></p>
<p>&nbsp;</p>
<p><a href="https://preinscripcio.gencat.cat/ca/estudis/fp-grau-superior/informat/consulta-notes-tall/index.html">https://preinscripcio.gencat.cat/ca/estudis/fp-grau-superior/informat/consulta-notes-tall/index.html</a></p>
<p><a href="https://agora.xtec.cat/ins-sagulla/secretaria/preinscripcio-i-matricula/cicles-formatius-grau-mitja/">https://agora.xtec.cat/ins-sagulla/secretaria/preinscripcio-i-matricula/cicles-formatius-grau-mitja/</a></p>
<p><a href="https://agora.xtec.cat/ins-sagulla/secretaria/preinscripcio-i-matricula/cicles-formatius-grau-superior/">https://agora.xtec.cat/ins-sagulla/secretaria/preinscripcio-i-matricula/cicles-formatius-grau-superior/</a></p>
<p>&nbsp;</p>
<p><a href="https://agora.xtec.cat/ins-sagulla/wp-content/uploads/usu2114/2021/04/CALENDAR-e1527854223549-1.png"><img loading="lazy" decoding="async" class="alignnone wp-image-2772" src="https://agora.xtec.cat/ins-sagulla/wp-content/uploads/usu2114/2021/04/CALENDAR-e1527854223549-1-300x300.png" alt="" width="123" height="128" /></a></p>
<p>&nbsp;</p>

<p>En aquesta secció trobareu les informacions del procés de preinscripció del proper Curs 2026-2027 , el tràmit és online,  a la web oficial de la Generalitat a on hi trobareu l&#8217;accés a la sol.licitud i tota la informació oficial <a href="https://preinscripcio.gencat.cat/ca/inici">https://preinscripcio.gencat.cat/ca/inici</a><br />
Per a informació general del procés i/o&hellip;  <a href="https://agora.xtec.cat/ins-sagulla/secretaria/preinscripcio-i-matricula/" title="Read Preinscripció i matrícula">Llegeix més»</a></p>
