{"id":1010,"date":"2020-07-28T13:19:28","date_gmt":"2020-07-28T11:19:28","guid":{"rendered":"https:\/\/agora.xtec.cat\/ies-sagulla\/?page_id=1010"},"modified":"2025-03-31T12:41:33","modified_gmt":"2025-03-31T10:41:33","slug":"tramits","status":"publish","type":"page","link":"https:\/\/agora.xtec.cat\/ins-sagulla\/secretaria\/tramits\/","title":{"rendered":"Tr\u00e0mits"},"content":{"rendered":"<p>En aquesta secci\u00f3 trobareu els diferents tr\u00e0mits o gestions a realitzar pel que fa a:<\/p>\n<ul>\n<li><a href=\"https:\/\/agora.xtec.cat\/ins-sagulla\/secretaria\/tramits\/titols-academics\/\">T\u00edtols acad\u00e8mics<\/a><\/li>\n<li><a href=\"https:\/\/agora.xtec.cat\/ins-sagulla\/secretaria\/tramits\/certificats\/\">Certificats d\u00e9quival\u00e8ncia del nivell de catal\u00e0 B2\/C!<\/a><\/li>\n<li><a href=\"https:\/\/agora.xtec.cat\/ins-sagulla\/secretaria\/preinscripcio-i-matricula\/\">Preinscripci\u00f3 i matr\u00edcula<\/a>\n<ul>\n<li><a href=\"https:\/\/agora.xtec.cat\/ins-sagulla\/secretaria\/preinscripcio-i-matricula\/eso\/\">ESO<\/a><\/li>\n<li><a href=\"https:\/\/agora.xtec.cat\/ins-sagulla\/secretaria\/preinscripcio-i-matricula\/batxillerat\/\">Batxillerat<\/a><\/li>\n<li><a href=\"https:\/\/agora.xtec.cat\/ins-sagulla\/secretaria\/preinscripcio-i-matricula\/cicles-formatius-grau-mitja\/\">Cicles formatius Grau Mitj\u00e0<\/a><\/li>\n<li><a href=\"https:\/\/agora.xtec.cat\/ins-sagulla\/secretaria\/preinscripcio-i-matricula\/cicles-formatius-grau-superior\/\">Cicles formatius Grau Superior<\/a><\/li>\n<\/ul>\n<\/li>\n<li><a href=\"https:\/\/agora.xtec.cat\/ins-sagulla\/secretaria\/beques-i-ajuts\/\">Beques i ajuts Ministeri estudis postobligatoris<\/a><\/li>\n<\/ul>\n<p>Per a consultes i\/o sol\u00b7licitud documentaci\u00f3, escriviu-nos: <a href=\"https:\/\/agora.xtec.cat\/ins-sagulla\/secretaria\/horari-datencio-al-public\/secretaria@institutsagulla.cat\">secretaria@institutsagulla.cat<\/a><\/p>\n","protected":false},"excerpt":{"rendered":"<p>En aquesta secci\u00f3 trobareu els diferents tr\u00e0mits o gestions a realitzar pel que fa a:<\/p>\n<ul>\n<li><a href=\"https:\/\/agora.xtec.cat\/ins-sagulla\/secretaria\/tramits\/titols-academics\/\">T\u00edtols acad\u00e8mics<\/a><\/li>\n<li><a href=\"https:\/\/agora.xtec.cat\/ins-sagulla\/secretaria\/tramits\/certificats\/\">Certificats d\u00e9quival\u00e8ncia del nivell de catal\u00e0 B2\/C!<\/a><\/li>\n<li><a href=\"https:\/\/agora.xtec.cat\/ins-sagulla\/secretaria\/preinscripcio-i-matricula\/\">Preinscripci\u00f3 i matr\u00edcula<\/a>\n<ul>\n<li><a href=\"https:\/\/agora.xtec.cat\/ins-sagulla\/secretaria\/preinscripcio-i-matricula\/eso\/\">ESO<\/a><\/li>\n<li><a href=\"https:\/\/agora.xtec.cat\/ins-sagulla\/secretaria\/preinscripcio-i-matricula\/batxillerat\/\">Batxillerat<\/a><\/li>\n<li><a href=\"https:\/\/agora.xtec.cat\/ins-sagulla\/secretaria\/preinscripcio-i-matricula\/cicles-formatius-grau-mitja\/\">Cicles formatius Grau Mitj\u00e0<\/a><\/li>\n<li><a href=\"https:\/\/agora.xtec.cat\/ins-sagulla\/secretaria\/preinscripcio-i-matricula\/cicles-formatius-grau-superior\/\">Cicles formatius Grau Superior<\/a><\/li>\n<\/ul>\n<\/li>\n<li><a href=\"https:\/\/agora.xtec.cat\/ins-sagulla\/secretaria\/beques-i-ajuts\/\">Beques i ajuts Ministeri estudis postobligatoris<\/a><\/li>\n<\/ul>\n<p>Per a consultes&hellip;  <a href=\"https:\/\/agora.xtec.cat\/ins-sagulla\/secretaria\/tramits\/\" title=\"Read Tr\u00e0mits\">Llegeix m\u00e9s\u00bb<\/a><\/p>\n","protected":false},"author":1,"featured_media":0,"parent":81,"menu_order":10,"comment_status":"closed","ping_status":"closed","template":"page-templates\/side-menu.php","meta":{"_bbp_topic_count":0,"_bbp_reply_count":0,"_bbp_total_topic_count":0,"_bbp_total_reply_count":0,"_bbp_voice_count":0,"_bbp_anonymous_reply_count":0,"_bbp_topic_count_hidden":0,"_bbp_reply_count_hidden":0,"_bbp_forum_subforum_count":0,"footnotes":""},"class_list":["post-1010","page","type-page","status-publish","hentry"],"post_mailing_queue_ids":[],"_links":{"self":[{"href":"https:\/\/agora.xtec.cat\/ins-sagulla\/wp-json\/wp\/v2\/pages\/1010","targetHints":{"allow":["GET"]}}],"collection":[{"href":"https:\/\/agora.xtec.cat\/ins-sagulla\/wp-json\/wp\/v2\/pages"}],"about":[{"href":"https:\/\/agora.xtec.cat\/ins-sagulla\/wp-json\/wp\/v2\/types\/page"}],"author":[{"embeddable":true,"href":"https:\/\/agora.xtec.cat\/ins-sagulla\/wp-json\/wp\/v2\/users\/1"}],"replies":[{"embeddable":true,"href":"https:\/\/agora.xtec.cat\/ins-sagulla\/wp-json\/wp\/v2\/comments?post=1010"}],"version-history":[{"count":4,"href":"https:\/\/agora.xtec.cat\/ins-sagulla\/wp-json\/wp\/v2\/pages\/1010\/revisions"}],"predecessor-version":[{"id":24856,"href":"https:\/\/agora.xtec.cat\/ins-sagulla\/wp-json\/wp\/v2\/pages\/1010\/revisions\/24856"}],"up":[{"embeddable":true,"href":"https:\/\/agora.xtec.cat\/ins-sagulla\/wp-json\/wp\/v2\/pages\/81"}],"wp:attachment":[{"href":"https:\/\/agora.xtec.cat\/ins-sagulla\/wp-json\/wp\/v2\/media?parent=1010"}],"curies":[{"name":"wp","href":"https:\/\/api.w.org\/{rel}","templated":true}]}}

Tràmits

<p>En aquesta secció trobareu els diferents tràmits o gestions a realitzar pel que fa a:</p>
<ul>
<li><a href="https://agora.xtec.cat/ins-sagulla/secretaria/tramits/titols-academics/">Títols acadèmics</a></li>
<li><a href="https://agora.xtec.cat/ins-sagulla/secretaria/tramits/certificats/">Certificats déquivalència del nivell de català B2/C!</a></li>
<li><a href="https://agora.xtec.cat/ins-sagulla/secretaria/preinscripcio-i-matricula/">Preinscripció i matrícula</a>
<ul>
<li><a href="https://agora.xtec.cat/ins-sagulla/secretaria/preinscripcio-i-matricula/eso/">ESO</a></li>
<li><a href="https://agora.xtec.cat/ins-sagulla/secretaria/preinscripcio-i-matricula/batxillerat/">Batxillerat</a></li>
<li><a href="https://agora.xtec.cat/ins-sagulla/secretaria/preinscripcio-i-matricula/cicles-formatius-grau-mitja/">Cicles formatius Grau Mitjà</a></li>
<li><a href="https://agora.xtec.cat/ins-sagulla/secretaria/preinscripcio-i-matricula/cicles-formatius-grau-superior/">Cicles formatius Grau Superior</a></li>
</ul>
</li>
<li><a href="https://agora.xtec.cat/ins-sagulla/secretaria/beques-i-ajuts/">Beques i ajuts Ministeri estudis postobligatoris</a></li>
</ul>
<p>Per a consultes i/o sol·licitud documentació, escriviu-nos: <a href="https://agora.xtec.cat/ins-sagulla/secretaria/horari-datencio-al-public/secretaria@institutsagulla.cat">secretaria@institutsagulla.cat</a></p>

<p>En aquesta secció trobareu els diferents tràmits o gestions a realitzar pel que fa a:</p>
<ul>
<li><a href="https://agora.xtec.cat/ins-sagulla/secretaria/tramits/titols-academics/">Títols acadèmics</a></li>
<li><a href="https://agora.xtec.cat/ins-sagulla/secretaria/tramits/certificats/">Certificats déquivalència del nivell de català B2/C!</a></li>
<li><a href="https://agora.xtec.cat/ins-sagulla/secretaria/preinscripcio-i-matricula/">Preinscripció i matrícula</a>
<ul>
<li><a href="https://agora.xtec.cat/ins-sagulla/secretaria/preinscripcio-i-matricula/eso/">ESO</a></li>
<li><a href="https://agora.xtec.cat/ins-sagulla/secretaria/preinscripcio-i-matricula/batxillerat/">Batxillerat</a></li>
<li><a href="https://agora.xtec.cat/ins-sagulla/secretaria/preinscripcio-i-matricula/cicles-formatius-grau-mitja/">Cicles formatius Grau Mitjà</a></li>
<li><a href="https://agora.xtec.cat/ins-sagulla/secretaria/preinscripcio-i-matricula/cicles-formatius-grau-superior/">Cicles formatius Grau Superior</a></li>
</ul>
</li>
<li><a href="https://agora.xtec.cat/ins-sagulla/secretaria/beques-i-ajuts/">Beques i ajuts Ministeri estudis postobligatoris</a></li>
</ul>
<p>Per a consultes&hellip;  <a href="https://agora.xtec.cat/ins-sagulla/secretaria/tramits/" title="Read Tràmits">Llegeix més»</a></p>
