{"id":46,"date":"2014-09-17T16:53:45","date_gmt":"2014-09-17T16:53:45","guid":{"rendered":"http:\/\/agora.xtec.cat\/ins-pere-ribot\/?page_id=46"},"modified":"2023-10-31T11:53:00","modified_gmt":"2023-10-31T10:53:00","slug":"organigrama","status":"publish","type":"page","link":"https:\/\/agora.xtec.cat\/ins-pere-ribot\/linstitut\/organigrama\/","title":{"rendered":"Organigrama"},"content":{"rendered":"<p style=\"text-align: justify;\">Els centres educatius necessitem una organitzaci\u00f3 interna que ens permeti ordenar l&#8217;acci\u00f3 di\u00e0ria de la manera m\u00e9s \u00f2ptima possible per tal de poder incidir adequadament en el nostre objectiu final: l&#8217;educaci\u00f3 de l&#8217;alumnat del centre.<\/p>\n<p style=\"text-align: justify;\">Aquesta organitzaci\u00f3 \u00e9s la que ens permet en \u00faltima inst\u00e0ncia incorporar a l&#8217;aula innovaci\u00f3 educativa i ampliar els projectes que ens plantegem.<\/p>\n<p style=\"text-align: justify;\">L&#8217;organitzaci\u00f3 b\u00e0sica de l&#8217;Institut Pere Ribot es resumeix a l&#8217;organigrama seg\u00fcent:<\/p>\n<p><a href=\"https:\/\/agora.xtec.cat\/ins-pere-ribot\/wp-content\/uploads\/usu1167\/2023\/10\/Organigrama-institut-1.jpg\"><img loading=\"lazy\" decoding=\"async\" class=\"aligncenter size-full wp-image-6427\" src=\"https:\/\/agora.xtec.cat\/ins-pere-ribot\/wp-content\/uploads\/usu1167\/2023\/10\/Organigrama-institut-1.jpg\" alt=\"\" width=\"1482\" height=\"1076\" srcset=\"https:\/\/agora.xtec.cat\/ins-pere-ribot\/wp-content\/uploads\/usu1167\/2023\/10\/Organigrama-institut-1.jpg 1482w, https:\/\/agora.xtec.cat\/ins-pere-ribot\/wp-content\/uploads\/usu1167\/2023\/10\/Organigrama-institut-1-300x218.jpg 300w, https:\/\/agora.xtec.cat\/ins-pere-ribot\/wp-content\/uploads\/usu1167\/2023\/10\/Organigrama-institut-1-1024x743.jpg 1024w, https:\/\/agora.xtec.cat\/ins-pere-ribot\/wp-content\/uploads\/usu1167\/2023\/10\/Organigrama-institut-1-768x558.jpg 768w\" sizes=\"auto, (max-width: 1482px) 100vw, 1482px\" \/><\/a><\/p>\n<p style=\"text-align: justify;\">Consell Escolar de centre:<\/p>\n<p style=\"text-align: justify;\">El consell escolar \u00e9s l&#8217;\u00f2rgan de participaci\u00f3 dels diferents sectors de la comunitat educativa en el govern dels centres. Hi ha representat l&#8217;equip directiu, el claustre de professors i professores, les fam\u00edlies i l&#8217;alumnat. Per veure la seva composici\u00f3 podeu consultar l&#8217;apartat espec\u00edfic del <a href=\"https:\/\/agora.xtec.cat\/ins-pere-ribot\/linstitut\/consell-escolar\/\">Consell Escolar.<\/a><\/p>\n<p style=\"text-align: justify;\">AFA:<\/p>\n<p style=\"text-align: justify;\">Les Associacions de Fam\u00edlies d\u2019Alumnes del centre assistiran als pares en tots aquells drets que els pertoquin pel que fa a l\u2019educaci\u00f3 dels seus fills. Les associacions de pares dels Instituts, sense fer obstacle al que \u00e9s enunciat al punt anterior, tenen com a finalitat essencial prestar la seva col\u00b7laboraci\u00f3 en les activitats educatives a c\u00e0rrec del centre, coadjuvant a l\u2019assoliment dels seus fins. En aquest enlla\u00e7 podeu trobar la composici\u00f3 de l&#8217;<a href=\"https:\/\/agora.xtec.cat\/ins-pere-ribot\/ampa\/\">AFA<\/a><\/p>\n","protected":false},"excerpt":{"rendered":"<p>Els centres educatius necessitem una organitzaci\u00f3 interna que ens permeti ordenar l&#8217;acci\u00f3 di\u00e0ria de la manera m\u00e9s \u00f2ptima possible per tal de poder incidir adequadament en el nostre objectiu final: l&#8217;educaci\u00f3 de l&#8217;alumnat del centre.<br \/>\nAquesta organitzaci\u00f3 \u00e9s la que ens permet en \u00faltima inst\u00e0ncia incorporar&hellip;  <a href=\"https:\/\/agora.xtec.cat\/ins-pere-ribot\/linstitut\/organigrama\/\" title=\"Read Organigrama\">Llegeix m\u00e9s\u00bb<\/a><\/p>\n","protected":false},"author":1,"featured_media":0,"parent":19,"menu_order":50,"comment_status":"closed","ping_status":"closed","template":"page-templates\/side-menu.php","meta":{"_bbp_topic_count":0,"_bbp_reply_count":0,"_bbp_total_topic_count":0,"_bbp_total_reply_count":0,"_bbp_voice_count":0,"_bbp_anonymous_reply_count":0,"_bbp_topic_count_hidden":0,"_bbp_reply_count_hidden":0,"_bbp_forum_subforum_count":0,"footnotes":""},"class_list":["post-46","page","type-page","status-publish","hentry"],"post_mailing_queue_ids":[],"_links":{"self":[{"href":"https:\/\/agora.xtec.cat\/ins-pere-ribot\/wp-json\/wp\/v2\/pages\/46","targetHints":{"allow":["GET"]}}],"collection":[{"href":"https:\/\/agora.xtec.cat\/ins-pere-ribot\/wp-json\/wp\/v2\/pages"}],"about":[{"href":"https:\/\/agora.xtec.cat\/ins-pere-ribot\/wp-json\/wp\/v2\/types\/page"}],"author":[{"embeddable":true,"href":"https:\/\/agora.xtec.cat\/ins-pere-ribot\/wp-json\/wp\/v2\/users\/1"}],"replies":[{"embeddable":true,"href":"https:\/\/agora.xtec.cat\/ins-pere-ribot\/wp-json\/wp\/v2\/comments?post=46"}],"version-history":[{"count":6,"href":"https:\/\/agora.xtec.cat\/ins-pere-ribot\/wp-json\/wp\/v2\/pages\/46\/revisions"}],"predecessor-version":[{"id":6428,"href":"https:\/\/agora.xtec.cat\/ins-pere-ribot\/wp-json\/wp\/v2\/pages\/46\/revisions\/6428"}],"up":[{"embeddable":true,"href":"https:\/\/agora.xtec.cat\/ins-pere-ribot\/wp-json\/wp\/v2\/pages\/19"}],"wp:attachment":[{"href":"https:\/\/agora.xtec.cat\/ins-pere-ribot\/wp-json\/wp\/v2\/media?parent=46"}],"curies":[{"name":"wp","href":"https:\/\/api.w.org\/{rel}","templated":true}]}}