{"id":3180,"date":"2019-10-01T09:51:50","date_gmt":"2019-10-01T07:51:50","guid":{"rendered":"http:\/\/agora.xtec.cat\/ins-pere-ribot\/?page_id=3180"},"modified":"2019-10-02T10:50:05","modified_gmt":"2019-10-02T08:50:05","slug":"projecte-horitzo","status":"publish","type":"page","link":"https:\/\/agora.xtec.cat\/ins-pere-ribot\/projectes\/projecte-horitzo\/","title":{"rendered":"Projecte Horitz\u00f3"},"content":{"rendered":"<p>\u00c9s un projecte dirigit a aquells alumnes que valoren positivament l&#8217;aprenentatge pr\u00e0ctic i que volen iniciar-se en el mon laboral.<\/p>\n<p>Dos dies a la setmana participen en un taller, diferent cada trimestre, vinculat a serveis municipals, entitats o comer\u00e7os.<\/p>\n<p><a href=\"https:\/\/drive.google.com\/file\/d\/1ztGN9n-gT1wIDnZv8Ps5KodC_u37i2Fx\/view?usp=sharing\" target=\"_blank\" rel=\"noopener noreferrer\"><img loading=\"lazy\" decoding=\"async\" class=\"alignnone wp-image-3203\" src=\"https:\/\/agora.xtec.cat\/ins-pere-ribot\/wp-content\/uploads\/usu1167\/2019\/10\/projecte-horitzo-300x169.jpg\" alt=\"\" width=\"519\" height=\"292\" srcset=\"https:\/\/agora.xtec.cat\/ins-pere-ribot\/wp-content\/uploads\/usu1167\/2019\/10\/projecte-horitzo-300x169.jpg 300w, https:\/\/agora.xtec.cat\/ins-pere-ribot\/wp-content\/uploads\/usu1167\/2019\/10\/projecte-horitzo-768x433.jpg 768w, https:\/\/agora.xtec.cat\/ins-pere-ribot\/wp-content\/uploads\/usu1167\/2019\/10\/projecte-horitzo-1024x577.jpg 1024w, https:\/\/agora.xtec.cat\/ins-pere-ribot\/wp-content\/uploads\/usu1167\/2019\/10\/projecte-horitzo.jpg 1431w\" sizes=\"auto, (max-width: 519px) 100vw, 519px\" \/><\/a><\/p>\n","protected":false},"excerpt":{"rendered":"<p>\u00c9s un projecte dirigit a aquells alumnes que valoren positivament l&#8217;aprenentatge pr\u00e0ctic i que volen iniciar-se en el mon laboral.<br \/>\nDos dies a la setmana participen en un taller, diferent cada trimestre, vinculat a serveis municipals, entitats o comer\u00e7os.<br \/>\n<a href=\"https:\/\/drive.google.com\/file\/d\/1ztGN9n-gT1wIDnZv8Ps5KodC_u37i2Fx\/view?usp=sharing\" target=\"_blank\" rel=\"noopener noreferrer\"><\/a><\/p>\n","protected":false},"author":49,"featured_media":0,"parent":1005,"menu_order":0,"comment_status":"closed","ping_status":"closed","template":"page-templates\/side-menu.php","meta":{"_bbp_topic_count":0,"_bbp_reply_count":0,"_bbp_total_topic_count":0,"_bbp_total_reply_count":0,"_bbp_voice_count":0,"_bbp_anonymous_reply_count":0,"_bbp_topic_count_hidden":0,"_bbp_reply_count_hidden":0,"_bbp_forum_subforum_count":0,"footnotes":""},"class_list":["post-3180","page","type-page","status-publish","hentry"],"post_mailing_queue_ids":[],"_links":{"self":[{"href":"https:\/\/agora.xtec.cat\/ins-pere-ribot\/wp-json\/wp\/v2\/pages\/3180","targetHints":{"allow":["GET"]}}],"collection":[{"href":"https:\/\/agora.xtec.cat\/ins-pere-ribot\/wp-json\/wp\/v2\/pages"}],"about":[{"href":"https:\/\/agora.xtec.cat\/ins-pere-ribot\/wp-json\/wp\/v2\/types\/page"}],"author":[{"embeddable":true,"href":"https:\/\/agora.xtec.cat\/ins-pere-ribot\/wp-json\/wp\/v2\/users\/49"}],"replies":[{"embeddable":true,"href":"https:\/\/agora.xtec.cat\/ins-pere-ribot\/wp-json\/wp\/v2\/comments?post=3180"}],"version-history":[{"count":4,"href":"https:\/\/agora.xtec.cat\/ins-pere-ribot\/wp-json\/wp\/v2\/pages\/3180\/revisions"}],"predecessor-version":[{"id":3207,"href":"https:\/\/agora.xtec.cat\/ins-pere-ribot\/wp-json\/wp\/v2\/pages\/3180\/revisions\/3207"}],"up":[{"embeddable":true,"href":"https:\/\/agora.xtec.cat\/ins-pere-ribot\/wp-json\/wp\/v2\/pages\/1005"}],"wp:attachment":[{"href":"https:\/\/agora.xtec.cat\/ins-pere-ribot\/wp-json\/wp\/v2\/media?parent=3180"}],"curies":[{"name":"wp","href":"https:\/\/api.w.org\/{rel}","templated":true}]}}