{"id":1502,"date":"2017-03-02T11:32:05","date_gmt":"2017-03-02T10:32:05","guid":{"rendered":"http:\/\/agora.xtec.cat\/ins-pere-ribot\/?page_id=1502"},"modified":"2023-06-13T11:17:42","modified_gmt":"2023-06-13T09:17:42","slug":"pau-2017","status":"publish","type":"page","link":"https:\/\/agora.xtec.cat\/ins-pere-ribot\/estudis\/batxillerat\/pau-2017\/","title":{"rendered":"PAU i PAP"},"content":{"rendered":"<h2><span style=\"color: #800000;\"><strong>PAU JUNY<\/strong><\/span><\/h2>\n<div>\n<div style=\"text-align: justify;\">\n<p>Podeu trobar tota la informaci\u00f3 de les PAU 2022 a la p\u00e0gina web del Canal Universitats de la Generalitat de Catalunya (calendari, horaris, preguntes freq\u00fcents, etc.). Hi podeu accedir clicant en aquest enlla\u00e7:<\/p>\n<p><a href=\"https:\/\/drive.google.com\/file\/d\/1INrQHT-g_eJ-ucFSJpokGaua_sdGl1dX\/view?usp=sharing\">Instruccions matr\u00edcula PAU 2023<\/a><\/p>\n<p><a href=\"https:\/\/drive.google.com\/file\/d\/1_euKAtjs230-sV4zVwS0Xdi17-1CikZF\/view?usp=sharing\">Informacions alumnat PAU 2023<\/a><\/p>\n<p><a href=\"https:\/\/drive.google.com\/file\/d\/1HLJnop65HndBXYq0fQzPUcMEjVomsJFU\/view?usp=sharing\">Informaci\u00f3 preinscripci\u00f3 universit\u00e0ria 2023<\/a><\/p>\n<\/div>\n<\/div>\n","protected":false},"excerpt":{"rendered":"<p>PAU JUNY<\/p>\n<p>Podeu trobar tota la informaci\u00f3 de les PAU 2022 a la p\u00e0gina web del Canal Universitats de la Generalitat de Catalunya (calendari, horaris, preguntes freq\u00fcents, etc.). Hi podeu accedir clicant en aquest enlla\u00e7:<br \/>\n<a href=\"https:\/\/drive.google.com\/file\/d\/1INrQHT-g_eJ-ucFSJpokGaua_sdGl1dX\/view?usp=sharing\">Instruccions matr\u00edcula PAU 2023<\/a><br \/>\n<a href=\"https:\/\/drive.google.com\/file\/d\/1_euKAtjs230-sV4zVwS0Xdi17-1CikZF\/view?usp=sharing\">Informacions alumnat PAU 2023<\/a><br \/>\n<a href=\"https:\/\/drive.google.com\/file\/d\/1HLJnop65HndBXYq0fQzPUcMEjVomsJFU\/view?usp=sharing\">Informaci\u00f3 preinscripci\u00f3 universit\u00e0ria&hellip;  <a href=\"https:\/\/agora.xtec.cat\/ins-pere-ribot\/estudis\/batxillerat\/pau-2017\/\" title=\"Read PAU i PAP\">Llegeix m\u00e9s\u00bb<\/a><\/p>\n","protected":false},"author":1,"featured_media":0,"parent":1124,"menu_order":0,"comment_status":"closed","ping_status":"closed","template":"","meta":{"_bbp_topic_count":0,"_bbp_reply_count":0,"_bbp_total_topic_count":0,"_bbp_total_reply_count":0,"_bbp_voice_count":0,"_bbp_anonymous_reply_count":0,"_bbp_topic_count_hidden":0,"_bbp_reply_count_hidden":0,"_bbp_forum_subforum_count":0,"footnotes":""},"class_list":["post-1502","page","type-page","status-publish","hentry"],"post_mailing_queue_ids":[],"_links":{"self":[{"href":"https:\/\/agora.xtec.cat\/ins-pere-ribot\/wp-json\/wp\/v2\/pages\/1502","targetHints":{"allow":["GET"]}}],"collection":[{"href":"https:\/\/agora.xtec.cat\/ins-pere-ribot\/wp-json\/wp\/v2\/pages"}],"about":[{"href":"https:\/\/agora.xtec.cat\/ins-pere-ribot\/wp-json\/wp\/v2\/types\/page"}],"author":[{"embeddable":true,"href":"https:\/\/agora.xtec.cat\/ins-pere-ribot\/wp-json\/wp\/v2\/users\/1"}],"replies":[{"embeddable":true,"href":"https:\/\/agora.xtec.cat\/ins-pere-ribot\/wp-json\/wp\/v2\/comments?post=1502"}],"version-history":[{"count":4,"href":"https:\/\/agora.xtec.cat\/ins-pere-ribot\/wp-json\/wp\/v2\/pages\/1502\/revisions"}],"predecessor-version":[{"id":6311,"href":"https:\/\/agora.xtec.cat\/ins-pere-ribot\/wp-json\/wp\/v2\/pages\/1502\/revisions\/6311"}],"up":[{"embeddable":true,"href":"https:\/\/agora.xtec.cat\/ins-pere-ribot\/wp-json\/wp\/v2\/pages\/1124"}],"wp:attachment":[{"href":"https:\/\/agora.xtec.cat\/ins-pere-ribot\/wp-json\/wp\/v2\/media?parent=1502"}],"curies":[{"name":"wp","href":"https:\/\/api.w.org\/{rel}","templated":true}]}}