{"id":1273,"date":"2016-11-09T10:42:45","date_gmt":"2016-11-09T09:42:45","guid":{"rendered":"http:\/\/agora.xtec.cat\/ins-pere-ribot\/?page_id=1273"},"modified":"2022-10-14T08:52:13","modified_gmt":"2022-10-14T06:52:13","slug":"eleccions-al-consell-escolar-de-centre-2016","status":"publish","type":"page","link":"https:\/\/agora.xtec.cat\/ins-pere-ribot\/linstitut\/consell-escolar\/eleccions-al-consell-escolar-de-centre-2016\/","title":{"rendered":"Eleccions"},"content":{"rendered":"<p>Les properes eleccions al Consell Escolar del Centre estan previstes per a l&#8217;any 2023.<\/p>\n<p>En aquest enlla\u00e7 trobareu tota la informaci\u00f3 sobre els consells escolars de centre del Departament d&#8217;Educaci\u00f3. <a href=\"https:\/\/educacio.gencat.cat\/ca\/arees-actuacio\/centres-serveis-educatius\/centres\/consells-escolars-centres\/\">CONSELLS ESCOLARS<\/a><\/p>\n","protected":false},"excerpt":{"rendered":"<p>Les properes eleccions al Consell Escolar del Centre estan previstes per a l&#8217;any 2023.<br \/>\nEn aquest enlla\u00e7 trobareu tota la informaci\u00f3 sobre els consells escolars de centre del Departament d&#8217;Educaci\u00f3. <a href=\"https:\/\/educacio.gencat.cat\/ca\/arees-actuacio\/centres-serveis-educatius\/centres\/consells-escolars-centres\/\">CONSELLS ESCOLARS<\/a><\/p>\n","protected":false},"author":1,"featured_media":0,"parent":43,"menu_order":0,"comment_status":"closed","ping_status":"closed","template":"page-templates\/side-menu.php","meta":{"_bbp_topic_count":0,"_bbp_reply_count":0,"_bbp_total_topic_count":0,"_bbp_total_reply_count":0,"_bbp_voice_count":0,"_bbp_anonymous_reply_count":0,"_bbp_topic_count_hidden":0,"_bbp_reply_count_hidden":0,"_bbp_forum_subforum_count":0,"footnotes":""},"class_list":["post-1273","page","type-page","status-publish","hentry"],"post_mailing_queue_ids":[],"_links":{"self":[{"href":"https:\/\/agora.xtec.cat\/ins-pere-ribot\/wp-json\/wp\/v2\/pages\/1273","targetHints":{"allow":["GET"]}}],"collection":[{"href":"https:\/\/agora.xtec.cat\/ins-pere-ribot\/wp-json\/wp\/v2\/pages"}],"about":[{"href":"https:\/\/agora.xtec.cat\/ins-pere-ribot\/wp-json\/wp\/v2\/types\/page"}],"author":[{"embeddable":true,"href":"https:\/\/agora.xtec.cat\/ins-pere-ribot\/wp-json\/wp\/v2\/users\/1"}],"replies":[{"embeddable":true,"href":"https:\/\/agora.xtec.cat\/ins-pere-ribot\/wp-json\/wp\/v2\/comments?post=1273"}],"version-history":[{"count":4,"href":"https:\/\/agora.xtec.cat\/ins-pere-ribot\/wp-json\/wp\/v2\/pages\/1273\/revisions"}],"predecessor-version":[{"id":5572,"href":"https:\/\/agora.xtec.cat\/ins-pere-ribot\/wp-json\/wp\/v2\/pages\/1273\/revisions\/5572"}],"up":[{"embeddable":true,"href":"https:\/\/agora.xtec.cat\/ins-pere-ribot\/wp-json\/wp\/v2\/pages\/43"}],"wp:attachment":[{"href":"https:\/\/agora.xtec.cat\/ins-pere-ribot\/wp-json\/wp\/v2\/media?parent=1273"}],"curies":[{"name":"wp","href":"https:\/\/api.w.org\/{rel}","templated":true}]}}