{"id":1017,"date":"2016-06-09T19:38:32","date_gmt":"2016-06-09T18:38:32","guid":{"rendered":"http:\/\/agora.xtec.cat\/ins-pere-ribot\/?page_id=1017"},"modified":"2026-02-25T13:03:20","modified_gmt":"2026-02-25T12:03:20","slug":"matricula-eso","status":"publish","type":"page","link":"https:\/\/agora.xtec.cat\/ins-pere-ribot\/secretaria\/matricula-eso\/","title":{"rendered":"Matr\u00edcula ESO"},"content":{"rendered":"<p style=\"text-align: justify;\">En el cas que el\/la vostre fill\/a estigui en la relaci\u00f3 definitiva de l\u2019alumnat adm\u00e8s en aquest centre, us informem que la matr\u00edcula oficial de l\u2019ESO l\u2019haureu de formalitzar entre els dies 22 al 20 de juny de 2026.<\/p>\n<p style=\"text-align: justify;\"><a href=\"https:\/\/preinscripcio.gencat.cat\/ca\/estudis\/eso\/informat\/calendari\/\">Consulteu en aquest enlla\u00e7 el calendari oficial de tot el proc\u00e9s.<\/a><\/p>\n<p><a href=\"https:\/\/agora.xtec.cat\/ins-pere-ribot\/secretaria\/preinscripcio-eso\/\">En aquest enlla\u00e7 podeu trobar tota la informaci\u00f3 sobre la preinscripci\u00f3.<\/a><\/p>\n<p style=\"text-align: justify;\"><strong><u>RELACI\u00d3 DE DOCUMENTS QUE CAL PRESENTAR<\/u><\/strong><\/p>\n<ul>\n<li style=\"text-align: justify;\">C\u00f2pia del carnet de vacunacions de l\u2019alumne\/a<\/li>\n<li style=\"text-align: justify;\">1 fotografia mida carnet. Cal fer-la sobre fons blanc i sense barrets, gorres o cintes al cap que dificultin el reconeixement de la persona fotografiada (\u00e9s suficient si la feu amb el tel\u00e8fon m\u00f2bil a baixa resoluci\u00f3).<\/li>\n<li>En el cas que h\u00e0giu fet la preinscripci\u00f3 de manera telem\u00e0tica i no h\u00e0giu hagut de presentar documentaci\u00f3 acreditativa caldr\u00e0 que ens feu arribar c\u00f2pia del DNI de l&#8217;alumne\/a i de la mare i del pare, aix\u00ed com c\u00f2pia del llibre de fam\u00edlia i de la TSI (targeta sanit\u00e0ria individual) de l&#8217;alumne\/a.<\/li>\n<li style=\"text-align: justify;\">Fulls de dades degudament complimentats:<\/li>\n<\/ul>\n<ul>\n<li style=\"list-style-type: none;\">\n<ul>\n<li style=\"list-style-type: none;\">\n<ul>\n<li><a href=\"https:\/\/drive.google.com\/file\/d\/1sWtRi7_TexJAIBAdlFjs-cv9UUSZB6qr\/view?usp=sharing\" target=\"_blank\" rel=\"noopener noreferrer\">Autoritzaci\u00f3 per a les sortides<\/a><\/li>\n<li><a href=\"https:\/\/drive.google.com\/file\/d\/12TwB-AbCMl-Dz6Ug6rzQJCHDcuumx9U7\/view?usp=sharing\" target=\"_blank\" rel=\"noopener noreferrer\">Autoritzaci\u00f3 per a l\u2019\u00fas de la imatge<\/a><\/li>\n<li><a href=\"https:\/\/drive.google.com\/file\/d\/1xlQpFyu-8Uo3jLl7-KuMHBvX136Ui05v\/view?usp=sharing\">Autoritzaci\u00f3 per a l\u2019\u00fas de serveis i recursos digitals<\/a><\/li>\n<li><a href=\"https:\/\/drive.google.com\/file\/d\/1WgXqhr0zFYqSeacOffoya_5OSsOecc2Q\/view?usp=sharing\" target=\"_blank\" rel=\"noopener noreferrer\">Autoritzaci\u00f3 per a les comunicacions SMS i App<\/a><\/li>\n<li><a href=\"https:\/\/drive.google.com\/file\/d\/181JETSEoEjyTVWaFUttrQ9E3GN5zxYt7\/view?usp=sharing\" target=\"_blank\" rel=\"noopener noreferrer\">Autoritzaci\u00f3 per a la domiciliaci\u00f3 banc\u00e0ria<\/a><\/li>\n<li><a href=\"https:\/\/drive.google.com\/file\/d\/13AUyMq8sxZFdhMDO12gd7wGVMxjol9hV\/view?usp=sharing\" target=\"_blank\" rel=\"noopener noreferrer\">Autoritzaci\u00f3 per a les comunicacions per adre\u00e7a electr\u00f2nica<\/a><\/li>\n<li><a href=\"https:\/\/drive.google.com\/file\/d\/1F-Np8dz3a__bJzBPpXO6gOnyfZIvSEeS\/view?usp=sharing\" target=\"_blank\" rel=\"noopener noreferrer\">Fitxa m\u00e8dica b\u00e0sica per a educaci\u00f3 f\u00edsica<\/a><\/li>\n<li><a href=\"https:\/\/drive.google.com\/file\/d\/1kPyry7nwcEmPMWXOXNXuUByyeknPrOa6\/view?usp=sharing\">Full de declaraci\u00f3 per fer formaci\u00f3 religiosa o activitats c\u00edviques i culturals<\/a><\/li>\n<li><a href=\"https:\/\/drive.google.com\/file\/d\/1n8Mbvk8wvJNaRWTV4mOaIhv7ySNIVXDJ\/view?usp=sharing\" target=\"_blank\" rel=\"noopener noreferrer\">Carta de comprom\u00eds educatiu<\/a><\/li>\n<li><a href=\"https:\/\/drive.google.com\/file\/d\/1DhQ6rJbrhY9tolXlayCQ4xhYDhs8v1X8\/view?usp=sharing\">Informaci\u00f3 addicional<\/a><\/li>\n<li>Si et matricules a 4t d&#8217;ESO: <a href=\"https:\/\/drive.google.com\/file\/d\/1sDCi3TEYx6-CVw2Wj5OwtdweOjjTkTAm\/view\">Itineraris<\/a><\/li>\n<\/ul>\n<\/li>\n<\/ul>\n<\/li>\n<\/ul>\n","protected":false},"excerpt":{"rendered":"<p>En el cas que el\/la vostre fill\/a estigui en la relaci\u00f3 definitiva de l\u2019alumnat adm\u00e8s en aquest centre, us informem que la matr\u00edcula oficial de l\u2019ESO l\u2019haureu de formalitzar entre els dies 22 al 20 de juny de 2026.<br \/>\n<a href=\"https:\/\/preinscripcio.gencat.cat\/ca\/estudis\/eso\/informat\/calendari\/\">Consulteu en aquest enlla\u00e7 el calendari&hellip;  <a href=\"https:\/\/agora.xtec.cat\/ins-pere-ribot\/secretaria\/matricula-eso\/\" title=\"Read Matr\u00edcula ESO\">Llegeix m\u00e9s\u00bb<\/a><\/p>\n","protected":false},"author":1,"featured_media":0,"parent":81,"menu_order":0,"comment_status":"closed","ping_status":"closed","template":"","meta":{"_bbp_topic_count":0,"_bbp_reply_count":0,"_bbp_total_topic_count":0,"_bbp_total_reply_count":0,"_bbp_voice_count":0,"_bbp_anonymous_reply_count":0,"_bbp_topic_count_hidden":0,"_bbp_reply_count_hidden":0,"_bbp_forum_subforum_count":0,"footnotes":""},"class_list":["post-1017","page","type-page","status-publish","hentry"],"post_mailing_queue_ids":[],"_links":{"self":[{"href":"https:\/\/agora.xtec.cat\/ins-pere-ribot\/wp-json\/wp\/v2\/pages\/1017","targetHints":{"allow":["GET"]}}],"collection":[{"href":"https:\/\/agora.xtec.cat\/ins-pere-ribot\/wp-json\/wp\/v2\/pages"}],"about":[{"href":"https:\/\/agora.xtec.cat\/ins-pere-ribot\/wp-json\/wp\/v2\/types\/page"}],"author":[{"embeddable":true,"href":"https:\/\/agora.xtec.cat\/ins-pere-ribot\/wp-json\/wp\/v2\/users\/1"}],"replies":[{"embeddable":true,"href":"https:\/\/agora.xtec.cat\/ins-pere-ribot\/wp-json\/wp\/v2\/comments?post=1017"}],"version-history":[{"count":7,"href":"https:\/\/agora.xtec.cat\/ins-pere-ribot\/wp-json\/wp\/v2\/pages\/1017\/revisions"}],"predecessor-version":[{"id":7413,"href":"https:\/\/agora.xtec.cat\/ins-pere-ribot\/wp-json\/wp\/v2\/pages\/1017\/revisions\/7413"}],"up":[{"embeddable":true,"href":"https:\/\/agora.xtec.cat\/ins-pere-ribot\/wp-json\/wp\/v2\/pages\/81"}],"wp:attachment":[{"href":"https:\/\/agora.xtec.cat\/ins-pere-ribot\/wp-json\/wp\/v2\/media?parent=1017"}],"curies":[{"name":"wp","href":"https:\/\/api.w.org\/{rel}","templated":true}]}}