{"id":19960,"date":"2026-02-25T12:37:26","date_gmt":"2026-02-25T11:37:26","guid":{"rendered":"https:\/\/agora.xtec.cat\/ins-noualcarras\/?page_id=19960"},"modified":"2026-02-25T12:39:30","modified_gmt":"2026-02-25T11:39:30","slug":"participacio-de-les-families","status":"publish","type":"page","link":"https:\/\/agora.xtec.cat\/ins-noualcarras\/linstitut\/participacio-de-les-families\/","title":{"rendered":"Participaci\u00f3 de les fam\u00edlies"},"content":{"rendered":"<p data-start=\"145\" data-end=\"211\"><strong data-start=\"145\" data-end=\"211\">La participaci\u00f3 de les fam\u00edlies al Nou Alcarr\u00e0s:<\/strong><\/p>\n<ul data-start=\"213\" data-end=\"1113\">\n<li data-start=\"213\" data-end=\"356\">\n<p data-start=\"215\" data-end=\"356\">Creiem que la participaci\u00f3 de les fam\u00edlies \u00e9s essencial per a l\u2019\u00e8xit educatiu, l\u2019orientaci\u00f3 personal i la maduresa de l\u2019alumnat adolescent.<\/p>\n<\/li>\n<li data-start=\"357\" data-end=\"483\">\n<p data-start=\"359\" data-end=\"483\">Institut i fam\u00edlies compartim la responsabilitat d\u2019acompanyar els nois i noies en el seu proc\u00e9s acad\u00e8mic, personal i social.<\/p>\n<\/li>\n<li data-start=\"484\" data-end=\"638\">\n<p data-start=\"486\" data-end=\"638\">Afavorim la implicaci\u00f3 de les fam\u00edlies en el seguiment educatiu mitjan\u00e7ant la <a href=\"https:\/\/agora.xtec.cat\/ins-noualcarras\/wp-content\/uploads\/usu2381\/2025\/06\/0-2526-carta-de-compromis-educatiu.pdf\" target=\"_blank\" rel=\"noopener\"><strong data-start=\"861\" data-end=\"892\">carta de comprom\u00eds educatiu<\/strong><\/a>, la tutoria, les entrevistes, les reunions i els canals digitals del centre.<\/p>\n<\/li>\n<li data-start=\"639\" data-end=\"771\">\n<p data-start=\"641\" data-end=\"771\">Promovem la participaci\u00f3 activa en la vida del centre a trav\u00e9s del <a href=\"https:\/\/agora.xtec.cat\/ins-noualcarras\/linstitut\/consell-escolar\/\" target=\"_blank\" rel=\"noopener\">Consell Escolar<\/a>, l\u2019<a href=\"https:\/\/agora.xtec.cat\/ins-noualcarras\/linstitut\/afa-de-linstitut-nou-alcarras\/\" target=\"_blank\" rel=\"noopener\">AFA<\/a> i altres espais de col\u00b7laboraci\u00f3.<\/p>\n<\/li>\n<li data-start=\"772\" data-end=\"889\">\n<p data-start=\"774\" data-end=\"889\">Oferim espais de comunicaci\u00f3 i di\u00e0leg basats en la confian\u00e7a, el respecte mutu i la corresponsabilitat educativa.<\/p>\n<\/li>\n<li data-start=\"890\" data-end=\"999\">\n<p data-start=\"892\" data-end=\"999\">Impulsem projectes i activitats compartides, com les <strong data-start=\"640\" data-end=\"688\">jornades trimestrals \u201cCompartim aprenentatges\u201d<\/strong>, que reforcen el vincle entre alumnat, fam\u00edlies i professorat i permeten compartir els processos d\u2019aprenentatge.<\/p>\n<\/li>\n<li data-start=\"1000\" data-end=\"1113\">\n<p data-start=\"1002\" data-end=\"1113\">Fomentem la coordinaci\u00f3 amb l\u2019entorn i la participaci\u00f3 en iniciatives educatives i comunit\u00e0ries del municipi.<\/p>\n<\/li>\n<\/ul>\n<p><a href=\"https:\/\/agora.xtec.cat\/ins-noualcarras\/categoria\/families\/\" target=\"_blank\" rel=\"noopener\">Enlla\u00e7 a diversos articles de la tem\u00e0tica<\/a>.<\/p>\n","protected":false},"excerpt":{"rendered":"<p>La participaci\u00f3 de les fam\u00edlies al Nou Alcarr\u00e0s:<\/p>\n<ul data-start=\"213\" data-end=\"1113\">\n<li data-start=\"213\" data-end=\"356\">\nCreiem que la participaci\u00f3 de les fam\u00edlies \u00e9s essencial per a l\u2019\u00e8xit educatiu, l\u2019orientaci\u00f3 personal i la maduresa de l\u2019alumnat adolescent.\n<\/li>\n<li data-start=\"357\" data-end=\"483\">\nInstitut i fam\u00edlies compartim la responsabilitat d\u2019acompanyar els nois i noies en&hellip;  <a href=\"https:\/\/agora.xtec.cat\/ins-noualcarras\/linstitut\/participacio-de-les-families\/\" title=\"Read Participaci\u00f3 de les fam\u00edlies\">Llegeix m\u00e9s\u00bb<\/a><\/p>\n","protected":false},"author":1,"featured_media":0,"parent":19,"menu_order":5,"comment_status":"closed","ping_status":"closed","template":"","meta":{"_bbp_topic_count":0,"_bbp_reply_count":0,"_bbp_total_topic_count":0,"_bbp_total_reply_count":0,"_bbp_voice_count":0,"_bbp_anonymous_reply_count":0,"_bbp_topic_count_hidden":0,"_bbp_reply_count_hidden":0,"_bbp_forum_subforum_count":0,"footnotes":""},"class_list":["post-19960","page","type-page","status-publish","hentry"],"post_mailing_queue_ids":[],"_links":{"self":[{"href":"https:\/\/agora.xtec.cat\/ins-noualcarras\/wp-json\/wp\/v2\/pages\/19960","targetHints":{"allow":["GET"]}}],"collection":[{"href":"https:\/\/agora.xtec.cat\/ins-noualcarras\/wp-json\/wp\/v2\/pages"}],"about":[{"href":"https:\/\/agora.xtec.cat\/ins-noualcarras\/wp-json\/wp\/v2\/types\/page"}],"author":[{"embeddable":true,"href":"https:\/\/agora.xtec.cat\/ins-noualcarras\/wp-json\/wp\/v2\/users\/1"}],"replies":[{"embeddable":true,"href":"https:\/\/agora.xtec.cat\/ins-noualcarras\/wp-json\/wp\/v2\/comments?post=19960"}],"version-history":[{"count":2,"href":"https:\/\/agora.xtec.cat\/ins-noualcarras\/wp-json\/wp\/v2\/pages\/19960\/revisions"}],"predecessor-version":[{"id":19962,"href":"https:\/\/agora.xtec.cat\/ins-noualcarras\/wp-json\/wp\/v2\/pages\/19960\/revisions\/19962"}],"up":[{"embeddable":true,"href":"https:\/\/agora.xtec.cat\/ins-noualcarras\/wp-json\/wp\/v2\/pages\/19"}],"wp:attachment":[{"href":"https:\/\/agora.xtec.cat\/ins-noualcarras\/wp-json\/wp\/v2\/media?parent=19960"}],"curies":[{"name":"wp","href":"https:\/\/api.w.org\/{rel}","templated":true}]}}