{"id":18571,"date":"2024-01-30T15:56:28","date_gmt":"2024-01-30T14:56:28","guid":{"rendered":"https:\/\/agora.xtec.cat\/ins-noualcarras\/?page_id=18571"},"modified":"2025-10-13T10:21:08","modified_gmt":"2025-10-13T08:21:08","slug":"recercaula","status":"publish","type":"page","link":"https:\/\/agora.xtec.cat\/ins-noualcarras\/recercaula\/","title":{"rendered":"\u201cAprenentatge entre iguals: RecercAULA\u201d"},"content":{"rendered":"<p><a href=\"https:\/\/projectes.xtec.cat\/recerca-educativa\/categoria\/programa-dinnovacio\/\"><img loading=\"lazy\" decoding=\"async\" class=\"alignleft wp-image-19015\" src=\"https:\/\/agora.xtec.cat\/ins-noualcarras\/wp-content\/uploads\/usu2381\/2024\/10\/Logo-RecercAULA-color-amb-text-5-1024x724.png\" alt=\"\" width=\"234\" height=\"166\" srcset=\"https:\/\/agora.xtec.cat\/ins-noualcarras\/wp-content\/uploads\/usu2381\/2024\/10\/Logo-RecercAULA-color-amb-text-5-1024x724.png 1024w, https:\/\/agora.xtec.cat\/ins-noualcarras\/wp-content\/uploads\/usu2381\/2024\/10\/Logo-RecercAULA-color-amb-text-5-300x212.png 300w, https:\/\/agora.xtec.cat\/ins-noualcarras\/wp-content\/uploads\/usu2381\/2024\/10\/Logo-RecercAULA-color-amb-text-5-768x543.png 768w, https:\/\/agora.xtec.cat\/ins-noualcarras\/wp-content\/uploads\/usu2381\/2024\/10\/Logo-RecercAULA-color-amb-text-5-1536x1086.png 1536w, https:\/\/agora.xtec.cat\/ins-noualcarras\/wp-content\/uploads\/usu2381\/2024\/10\/Logo-RecercAULA-color-amb-text-5-2048x1448.png 2048w\" sizes=\"auto, (max-width: 234px) 100vw, 234px\" \/><\/a>Participem al <a href=\"https:\/\/projectes.xtec.cat\/recerca-educativa\/categoria\/programa-dinnovacio\/\" target=\"_blank\" rel=\"noopener\">programa d&#8217;innovaci\u00f3 \u201cAprenentatge entre iguals: RecercAULA\u201d.<\/a><\/p>\n<p>La finalitat del programa del Departament d&#8217;Educaci\u00f3, que t\u00e9 una durada de tres cursos, \u00e9s <a href=\"https:\/\/drive.google.com\/file\/d\/1_VaUacdNSf6KZaqGQYX6urXYHqndvZbP\/view\" target=\"_blank\" rel=\"noopener\">promoure la cultura de l&#8217;aprenentatge entre iguals mitjan\u00e7ant la metodologia de recerca acci\u00f3<\/a>, amb l&#8217;objectiu de millorar la qualitat de les pr\u00e0ctiques d&#8217;ensenyament-aprenentatge i l&#8217;establiment de xarxes de centres investigadors i xarxes de docents recercadors.<\/p>\n<div><\/div>\n<div>Els objectius del programa s\u00f3n els seg\u00fcents:<\/div>\n<div><\/div>\n<ul>\n<li>Establir un ecosistema educatiu basat en l&#8217;aprenentatge entre iguals a trav\u00e9s de <a href=\"https:\/\/innovacio.xtec.gencat.cat\/programa\/76\" target=\"_blank\" rel=\"noopener\">xarxes de centres i docents<\/a> (comunitats d&#8217;aprenentatge professional).<\/li>\n<li>Fomentar la pr\u00e0ctica educativa basada en l&#8217;evid\u00e8ncia a trav\u00e9s de la metodologia de recerca acci\u00f3.<\/li>\n<li>Millorar la qualitat de l&#8217;ensenyament-aprenentatge a partir d&#8217;evid\u00e8ncies generades pels docents.<\/li>\n<li>Promoure una xarxa de centres que generin evid\u00e8ncies que puguin ser utilitzades per millorar les pol\u00edtiques educatives.<\/li>\n<\/ul>\n","protected":false},"excerpt":{"rendered":"<p><a href=\"https:\/\/projectes.xtec.cat\/recerca-educativa\/categoria\/programa-dinnovacio\/\"><\/a>Participem al <a href=\"https:\/\/projectes.xtec.cat\/recerca-educativa\/categoria\/programa-dinnovacio\/\" target=\"_blank\" rel=\"noopener\">programa d&#8217;innovaci\u00f3 \u201cAprenentatge entre iguals: RecercAULA\u201d.<\/a><br \/>\nLa finalitat del programa del Departament d&#8217;Educaci\u00f3, que t\u00e9 una durada de tres cursos, \u00e9s <a href=\"https:\/\/drive.google.com\/file\/d\/1_VaUacdNSf6KZaqGQYX6urXYHqndvZbP\/view\" target=\"_blank\" rel=\"noopener\">promoure la cultura de l&#8217;aprenentatge entre iguals mitjan\u00e7ant la metodologia de recerca acci\u00f3<\/a>, amb l&#8217;objectiu de&hellip;  <a href=\"https:\/\/agora.xtec.cat\/ins-noualcarras\/recercaula\/\" title=\"Read \u201cAprenentatge entre iguals: RecercAULA\u201d\">Llegeix m\u00e9s\u00bb<\/a><\/p>\n","protected":false},"author":1,"featured_media":0,"parent":0,"menu_order":1,"comment_status":"closed","ping_status":"closed","template":"","meta":{"_bbp_topic_count":0,"_bbp_reply_count":0,"_bbp_total_topic_count":0,"_bbp_total_reply_count":0,"_bbp_voice_count":0,"_bbp_anonymous_reply_count":0,"_bbp_topic_count_hidden":0,"_bbp_reply_count_hidden":0,"_bbp_forum_subforum_count":0,"footnotes":""},"class_list":["post-18571","page","type-page","status-publish","hentry"],"post_mailing_queue_ids":[],"_links":{"self":[{"href":"https:\/\/agora.xtec.cat\/ins-noualcarras\/wp-json\/wp\/v2\/pages\/18571","targetHints":{"allow":["GET"]}}],"collection":[{"href":"https:\/\/agora.xtec.cat\/ins-noualcarras\/wp-json\/wp\/v2\/pages"}],"about":[{"href":"https:\/\/agora.xtec.cat\/ins-noualcarras\/wp-json\/wp\/v2\/types\/page"}],"author":[{"embeddable":true,"href":"https:\/\/agora.xtec.cat\/ins-noualcarras\/wp-json\/wp\/v2\/users\/1"}],"replies":[{"embeddable":true,"href":"https:\/\/agora.xtec.cat\/ins-noualcarras\/wp-json\/wp\/v2\/comments?post=18571"}],"version-history":[{"count":6,"href":"https:\/\/agora.xtec.cat\/ins-noualcarras\/wp-json\/wp\/v2\/pages\/18571\/revisions"}],"predecessor-version":[{"id":19695,"href":"https:\/\/agora.xtec.cat\/ins-noualcarras\/wp-json\/wp\/v2\/pages\/18571\/revisions\/19695"}],"wp:attachment":[{"href":"https:\/\/agora.xtec.cat\/ins-noualcarras\/wp-json\/wp\/v2\/media?parent=18571"}],"curies":[{"name":"wp","href":"https:\/\/api.w.org\/{rel}","templated":true}]}}