{"id":8723,"date":"2024-11-15T09:10:10","date_gmt":"2024-11-15T08:10:10","guid":{"rendered":"https:\/\/agora.xtec.cat\/ins-nauticabcn\/?page_id=8723"},"modified":"2026-04-27T10:18:15","modified_gmt":"2026-04-27T08:18:15","slug":"vela-amb-aparell-lliure-2","status":"publish","type":"page","link":"https:\/\/agora.xtec.cat\/ins-nauticabcn\/vela-amb-aparell-lliure-2\/","title":{"rendered":"Cicle Final Vela amb aparell lliure"},"content":{"rendered":"<p><span style=\"color: #ff6600;\"><strong>Oferta formativa 2026-2027:<\/strong><\/span><\/p>\n<ul>\n<li>Cicle Final\n<ul>\n<li>GRUP: Inici del curs gener 2027 fins el juny 2027 (Semi presencial tardes de 15h a 21:30h)<\/li>\n<\/ul>\n<\/li>\n<\/ul>\n<p><span style=\"color: #ff6600;\"><strong>Oferta formativa 2025-2026:<\/strong><\/span><\/p>\n<ul>\n<li>Cicle Final\n<ul>\n<li>Grup 17 Bloc Com\u00fa del 12\/01\/26 al 03\/03\/26 (horari de mat\u00ed presencial)<\/li>\n<li>Grup 20 Bloc Com\u00fa del 12\/01\/26 al 03\/03\/26 (horari de mat\u00ed presencial)<\/li>\n<\/ul>\n<\/li>\n<\/ul>\n<p><a href=\"https:\/\/agora.xtec.cat\/ins-nauticabcn\/preinscripcio-i-matricula-cicle-final-vela-amb-aparell-lliure-curs-2025-2026\/\" target=\"_blank\" rel=\"noopener\">Preinscripci\u00f3 i matr\u00edcula Cicle Final curs 2025-2026\u00a0<\/a><\/p>\n<p>&nbsp;<\/p>\n<p><span style=\"color: #ff6600;\"><strong>Per saber-ne m\u00e9s:<\/strong><\/span><\/p>\n<p style=\"text-align: justify;\">El <strong>cicle final<\/strong> capacita per organitzar, adaptar, dirigir i dinamitzar l&#8217;entrenament b\u00e0sic i el perfeccionament t\u00e8cnic en l&#8217;etapa de tecnificaci\u00f3 esportiva de la vela en embarcacions amb aparell lliure; organitzar, acompanyar i tutelar els regatistes durant la participaci\u00f3 en activitats, competicions i esdeveniments propis d&#8217;aquest nivell; establir les \u00e0rees de navegaci\u00f3 pr\u00f2pies del nivell d&#8217;iniciaci\u00f3 i tecnificaci\u00f3; gestionar els recursos materials necessaris i coordinar les activitats dels t\u00e8cnics al seu c\u00e0rrec.<br \/>\nT\u00e9 una durada de<strong> 600 hores<\/strong>.<\/p>\n<ul>\n<li style=\"list-style-type: none;\">\n<ul>\n<li><a href=\"https:\/\/agora.xtec.cat\/ins-nauticabcn\/wp-content\/uploads\/usu313\/2026\/01\/TEGM____NA20_CA.pdf\" target=\"_blank\" rel=\"noopener\">Fitxa dels Estudis<\/a><\/li>\n<li><a href=\"https:\/\/triaeducativa.gencat.cat\/ca\/estudis\/?vela-aparell-lliure&amp;p_id=995\" target=\"_blank\" rel=\"noopener\">Informaci\u00f3 Estudis Esportius<\/a> (informaci\u00f3 sobre requisits d&#8217;acc\u00e9s, etc)<\/li>\n<li><a href=\"https:\/\/agora.xtec.cat\/ins-nauticabcn\/wp-content\/uploads\/usu313\/2024\/11\/PP_vela_alliure_cfinal-MODIFICAT.pdf\" target=\"_blank\" rel=\"noopener\">Preus p\u00fablics Cicle Final <\/a>(informaci\u00f3 provisional a falta de preus oficials per al curs 25-26)<\/li>\n<li><a href=\"https:\/\/sites.google.com\/institutdenautica.barcelona\/ensenyamentsesportius\/home\">Blog del GM de Vela<\/a><\/li>\n<\/ul>\n<\/li>\n<\/ul>\n<p>&nbsp;<\/p>\n<p>&nbsp;<\/p>\n<p><img loading=\"lazy\" decoding=\"async\" class=\"aligncenter wp-image-8725 \" src=\"https:\/\/agora.xtec.cat\/ins-nauticabcn\/wp-content\/uploads\/usu313\/2024\/11\/ESP-Vela.png\" alt=\"\" width=\"495\" height=\"371\" \/><\/p>\n","protected":false},"excerpt":{"rendered":"<p>Oferta formativa 2026-2027:<\/p>\n<ul>\n<li>Cicle Final\n<ul>\n<li>GRUP: Inici del curs gener 2027 fins el juny 2027 (Semi presencial tardes de 15h a 21:30h)<\/li>\n<\/ul>\n<\/li>\n<\/ul>\n<p>Oferta formativa 2025-2026:<\/p>\n<ul>\n<li>Cicle Final\n<ul>\n<li>Grup 17 Bloc Com\u00fa del 12\/01\/26 al 03\/03\/26 (horari de mat\u00ed presencial)<\/li>\n<li>Grup 20 Bloc Com\u00fa del 12\/01\/26 al 03\/03\/26 (horari de mat\u00ed presencial)<\/li>\n<\/ul>\n<\/li>\n<\/ul>\n<p><a&hellip;  <a href=\"https:\/\/agora.xtec.cat\/ins-nauticabcn\/vela-amb-aparell-lliure-2\/\" title=\"Read Cicle Final Vela amb aparell lliure\">Llegeix m\u00e9s\u00bb<\/a><\/p>\n","protected":false},"author":1,"featured_media":0,"parent":0,"menu_order":0,"comment_status":"closed","ping_status":"closed","template":"","meta":{"_bbp_topic_count":0,"_bbp_reply_count":0,"_bbp_total_topic_count":0,"_bbp_total_reply_count":0,"_bbp_voice_count":0,"_bbp_anonymous_reply_count":0,"_bbp_topic_count_hidden":0,"_bbp_reply_count_hidden":0,"_bbp_forum_subforum_count":0,"footnotes":""},"class_list":["post-8723","page","type-page","status-publish","hentry"],"post_mailing_queue_ids":[],"_links":{"self":[{"href":"https:\/\/agora.xtec.cat\/ins-nauticabcn\/wp-json\/wp\/v2\/pages\/8723","targetHints":{"allow":["GET"]}}],"collection":[{"href":"https:\/\/agora.xtec.cat\/ins-nauticabcn\/wp-json\/wp\/v2\/pages"}],"about":[{"href":"https:\/\/agora.xtec.cat\/ins-nauticabcn\/wp-json\/wp\/v2\/types\/page"}],"author":[{"embeddable":true,"href":"https:\/\/agora.xtec.cat\/ins-nauticabcn\/wp-json\/wp\/v2\/users\/1"}],"replies":[{"embeddable":true,"href":"https:\/\/agora.xtec.cat\/ins-nauticabcn\/wp-json\/wp\/v2\/comments?post=8723"}],"version-history":[{"count":6,"href":"https:\/\/agora.xtec.cat\/ins-nauticabcn\/wp-json\/wp\/v2\/pages\/8723\/revisions"}],"predecessor-version":[{"id":10632,"href":"https:\/\/agora.xtec.cat\/ins-nauticabcn\/wp-json\/wp\/v2\/pages\/8723\/revisions\/10632"}],"wp:attachment":[{"href":"https:\/\/agora.xtec.cat\/ins-nauticabcn\/wp-json\/wp\/v2\/media?parent=8723"}],"curies":[{"name":"wp","href":"https:\/\/api.w.org\/{rel}","templated":true}]}}

<p><span style="color: #ff6600;"><strong>Oferta formativa 2026-2027:</strong></span></p>
<ul>
<li>Cicle Final
<ul>
<li>GRUP: Inici del curs gener 2027 fins el juny 2027 (Semi presencial tardes de 15h a 21:30h)</li>
</ul>
</li>
</ul>
<p><span style="color: #ff6600;"><strong>Oferta formativa 2025-2026:</strong></span></p>
<ul>
<li>Cicle Final
<ul>
<li>Grup 17 Bloc Comú del 12/01/26 al 03/03/26 (horari de matí presencial)</li>
<li>Grup 20 Bloc Comú del 12/01/26 al 03/03/26 (horari de matí presencial)</li>
</ul>
</li>
</ul>
<p><a href="https://agora.xtec.cat/ins-nauticabcn/preinscripcio-i-matricula-cicle-final-vela-amb-aparell-lliure-curs-2025-2026/" target="_blank" rel="noopener">Preinscripció i matrícula Cicle Final curs 2025-2026 </a></p>
<p>&nbsp;</p>
<p><span style="color: #ff6600;"><strong>Per saber-ne més:</strong></span></p>
<p style="text-align: justify;">El <strong>cicle final</strong> capacita per organitzar, adaptar, dirigir i dinamitzar l&#8217;entrenament bàsic i el perfeccionament tècnic en l&#8217;etapa de tecnificació esportiva de la vela en embarcacions amb aparell lliure; organitzar, acompanyar i tutelar els regatistes durant la participació en activitats, competicions i esdeveniments propis d&#8217;aquest nivell; establir les àrees de navegació pròpies del nivell d&#8217;iniciació i tecnificació; gestionar els recursos materials necessaris i coordinar les activitats dels tècnics al seu càrrec.<br />
Té una durada de<strong> 600 hores</strong>.</p>
<ul>
<li style="list-style-type: none;">
<ul>
<li><a href="https://agora.xtec.cat/ins-nauticabcn/wp-content/uploads/usu313/2026/01/TEGM____NA20_CA.pdf" target="_blank" rel="noopener">Fitxa dels Estudis</a></li>
<li><a href="https://triaeducativa.gencat.cat/ca/estudis/?vela-aparell-lliure&amp;p_id=995" target="_blank" rel="noopener">Informació Estudis Esportius</a> (informació sobre requisits d&#8217;accés, etc)</li>
<li><a href="https://agora.xtec.cat/ins-nauticabcn/wp-content/uploads/usu313/2024/11/PP_vela_alliure_cfinal-MODIFICAT.pdf" target="_blank" rel="noopener">Preus públics Cicle Final </a>(informació provisional a falta de preus oficials per al curs 25-26)</li>
<li><a href="https://sites.google.com/institutdenautica.barcelona/ensenyamentsesportius/home">Blog del GM de Vela</a></li>
</ul>
</li>
</ul>
<p>&nbsp;</p>
<p>&nbsp;</p>
<p><img loading="lazy" decoding="async" class="aligncenter wp-image-8725 " src="https://agora.xtec.cat/ins-nauticabcn/wp-content/uploads/usu313/2024/11/ESP-Vela.png" alt="" width="495" height="371" /></p>

<p>Oferta formativa 2026-2027:</p>
<ul>
<li>Cicle Final
<ul>
<li>GRUP: Inici del curs gener 2027 fins el juny 2027 (Semi presencial tardes de 15h a 21:30h)</li>
</ul>
</li>
</ul>
<p>Oferta formativa 2025-2026:</p>
<ul>
<li>Cicle Final
<ul>
<li>Grup 17 Bloc Comú del 12/01/26 al 03/03/26 (horari de matí presencial)</li>
<li>Grup 20 Bloc Comú del 12/01/26 al 03/03/26 (horari de matí presencial)</li>
</ul>
</li>
</ul>
<p><a&hellip;  <a href="https://agora.xtec.cat/ins-nauticabcn/vela-amb-aparell-lliure-2/" title="Read Cicle Final Vela amb aparell lliure">Llegeix més»</a></p>
