{"id":814,"date":"2016-03-16T00:16:20","date_gmt":"2016-03-15T23:16:20","guid":{"rendered":"http:\/\/agora.xtec.cat\/ins-nauticabcn\/?page_id=814"},"modified":"2023-02-22T11:06:50","modified_gmt":"2023-02-22T10:06:50","slug":"programes-europeus","status":"publish","type":"page","link":"https:\/\/agora.xtec.cat\/ins-nauticabcn\/serveis\/programes-europeus\/","title":{"rendered":"Programes europeus"},"content":{"rendered":"<p>Sens dubte, les professions de l&#8217;\u00e0mbit n\u00e0utic tenen un fort component internacional que des de l&#8217;INB ens hem proposat de potenciar.<\/p>\n<p>Volem promoure i articular la mobilitat de\u00a0l\u2019alumnat a l\u2019estranger, tant en la realitzaci\u00f3\u00a0de pr\u00e0ctiques curriculars com en la integraci\u00f3\u00a0en el m\u00f3n laboral (Carta Erasmus, ECVET),\u00a0com tamb\u00e9 activitats i projectes en grups de\u00a0treball internacionals.<\/p>\n<p>\u00c9s per aix\u00f2 que l&#8217;INB ha obtingut el reconeixement europeu necessari per a participar en programes europeus, concretament la Carta Erasmus per a l\u2019Ensenyament Superior (<a href=\"https:\/\/agora.xtec.cat\/ins-nauticabcn\/wp-content\/uploads\/usu313\/2021\/03\/Carta-Eche-2021-27-Signada.pdf\">Erasmus Charter\u00a0for Higher Education &#8211; ECHE<\/a>), que proporciona el marc general de qualitat per a les activitats de cooperaci\u00f3 internacional que una instituci\u00f3 d\u2019ensenyament superior vulgui dur a terme en el marc del Programa Erasmus+. Tenim tamb\u00e9 concebuda la <a href=\"https:\/\/agora.xtec.cat\/ins-nauticabcn\/wp-content\/uploads\/usu313\/2021\/03\/Signada.pdf\">renovaci\u00f3<\/a> de la mateixa per el per\u00edode 2021-2027.<\/p>\n<p>Pot participar en aquest programa l&#8217;alumnat de l&#8217;Institut de N\u00e0utica que cursa els estudis de CFGM Salvament i socorrisme(SS10),\u00a0 CFGM Manteniment d&#8217;embarcacions d&#8217;esbarjo (TM60), CFGS Sistemes el\u00e8ctrics i de navegaci\u00f3 (EEA1) i CFGS d&#8217;Educaci\u00f3 i Animaci\u00f3 Socioesportiva orientat a platja (AEA0).<\/p>\n<p>Pots trobar la sol\u00b7licitud de l\u2019alumne per participar en el Projecte Erasmus +\u00a0<a href=\"http:\/\/agora.xtec.cat\/ins-nauticabcn\/wp-content\/uploads\/usu313\/2018\/05\/Sol%C2%B7licitud-alumne.pdf\">aqu\u00ed<\/a><\/p>\n<table style=\"border-collapse: collapse; width: 100%;\" border=\"1\">\n<tbody>\n<tr style=\"height: 30px;\">\n<td style=\"width: 50%; height: 30px;\"><a href=\" http:\/\/agora.xtec.cat\/ins-nauticabcn\/serveis\/programes-europeus\/estades-a-lestranger\/\"><img loading=\"lazy\" decoding=\"async\" class=\"wp-image-2680 aligncenter\" src=\"https:\/\/agora.xtec.cat\/ins-nauticabcn\/wp-content\/uploads\/usu313\/2018\/10\/bandera-catalana.jpg\" alt=\"\" width=\"50\" height=\"50\" srcset=\"https:\/\/agora.xtec.cat\/ins-nauticabcn\/wp-content\/uploads\/usu313\/2018\/10\/bandera-catalana.jpg 224w, https:\/\/agora.xtec.cat\/ins-nauticabcn\/wp-content\/uploads\/usu313\/2018\/10\/bandera-catalana-150x150.jpg 150w\" sizes=\"auto, (max-width: 50px) 100vw, 50px\" \/><\/a><\/td>\n<td style=\"width: 50%; height: 30px;\">Per m\u00e9s informaci\u00f3 sobre el proc\u00e9s Erasmus +\u00a0 feu\u00a0<a href=\"http:\/\/agora.xtec.cat\/ins-nauticabcn\/serveis\/programes-europeus\/estades-a-lestranger\/\">click aqu\u00ed<\/a><\/td>\n<\/tr>\n<tr style=\"height: 30px;\">\n<td style=\"width: 50%; height: 30px;\"><a href=\" http:\/\/agora.xtec.cat\/ins-nauticabcn\/serveis\/programes-europeus\/estancias-en-el-extranjero\/\"><img loading=\"lazy\" decoding=\"async\" class=\"wp-image-1002 aligncenter\" src=\"https:\/\/agora.xtec.cat\/ins-nauticabcn\/wp-content\/uploads\/usu313\/2016\/03\/baixa.png\" alt=\"\" width=\"44\" height=\"29\" \/><\/a><\/td>\n<td style=\"width: 50%; height: 30px;\">Para m\u00e1s informaci\u00f3n sobre el proceso Erasmus + haga<a href=\"http:\/\/agora.xtec.cat\/ins-nauticabcn\/serveis\/programes-europeus\/estancias-en-el-extranjero\/\"> click aqu\u00ed<\/a><\/td>\n<\/tr>\n<tr style=\"height: 30px;\">\n<td style=\"width: 50%; height: 30px;\"><a href=\" http:\/\/agora.xtec.cat\/ins-nauticabcn\/serveis\/programes-europeus\/foreign-stages\/\"><img loading=\"lazy\" decoding=\"async\" class=\"wp-image-1003 aligncenter\" src=\"https:\/\/agora.xtec.cat\/ins-nauticabcn\/wp-content\/uploads\/usu313\/2016\/03\/baixa-1.png\" alt=\"\" width=\"40\" height=\"40\" srcset=\"https:\/\/agora.xtec.cat\/ins-nauticabcn\/wp-content\/uploads\/usu313\/2016\/03\/baixa-1.png 225w, https:\/\/agora.xtec.cat\/ins-nauticabcn\/wp-content\/uploads\/usu313\/2016\/03\/baixa-1-150x150.png 150w\" sizes=\"auto, (max-width: 40px) 100vw, 40px\" \/><\/a><\/td>\n<td style=\"width: 50%; height: 30px;\">More information about Erasmus + <a href=\"http:\/\/agora.xtec.cat\/ins-nauticabcn\/serveis\/programes-europeus\/foreign-stages\/\">click here<\/a><\/td>\n<\/tr>\n<\/tbody>\n<\/table>\n<p>&nbsp;<\/p>\n<p><img loading=\"lazy\" decoding=\"async\" class=\"aligncenter size-full wp-image-5906\" src=\"https:\/\/agora.xtec.cat\/ins-nauticabcn\/wp-content\/uploads\/usu313\/2022\/03\/logo-ERASMUS-NOU3.png\" alt=\"\" width=\"421\" height=\"120\" srcset=\"https:\/\/agora.xtec.cat\/ins-nauticabcn\/wp-content\/uploads\/usu313\/2022\/03\/logo-ERASMUS-NOU3.png 421w, https:\/\/agora.xtec.cat\/ins-nauticabcn\/wp-content\/uploads\/usu313\/2022\/03\/logo-ERASMUS-NOU3-300x86.png 300w\" sizes=\"auto, (max-width: 421px) 100vw, 421px\" \/><\/p>\n","protected":false},"excerpt":{"rendered":"<p>Sens dubte, les professions de l&#8217;\u00e0mbit n\u00e0utic tenen un fort component internacional que des de l&#8217;INB ens hem proposat de potenciar.<br \/>\nVolem promoure i articular la mobilitat de\u00a0l\u2019alumnat a l\u2019estranger, tant en la realitzaci\u00f3\u00a0de pr\u00e0ctiques curriculars com en la integraci\u00f3\u00a0en el m\u00f3n laboral (Carta Erasmus, ECVET),\u00a0com&hellip;  <a href=\"https:\/\/agora.xtec.cat\/ins-nauticabcn\/serveis\/programes-europeus\/\" title=\"Read Programes europeus\">Llegeix m\u00e9s\u00bb<\/a><\/p>\n","protected":false},"author":1,"featured_media":0,"parent":63,"menu_order":1,"comment_status":"closed","ping_status":"closed","template":"page-templates\/side-menu.php","meta":{"_bbp_topic_count":0,"_bbp_reply_count":0,"_bbp_total_topic_count":0,"_bbp_total_reply_count":0,"_bbp_voice_count":0,"_bbp_anonymous_reply_count":0,"_bbp_topic_count_hidden":0,"_bbp_reply_count_hidden":0,"_bbp_forum_subforum_count":0,"footnotes":""},"class_list":["post-814","page","type-page","status-publish","hentry"],"post_mailing_queue_ids":[],"_links":{"self":[{"href":"https:\/\/agora.xtec.cat\/ins-nauticabcn\/wp-json\/wp\/v2\/pages\/814","targetHints":{"allow":["GET"]}}],"collection":[{"href":"https:\/\/agora.xtec.cat\/ins-nauticabcn\/wp-json\/wp\/v2\/pages"}],"about":[{"href":"https:\/\/agora.xtec.cat\/ins-nauticabcn\/wp-json\/wp\/v2\/types\/page"}],"author":[{"embeddable":true,"href":"https:\/\/agora.xtec.cat\/ins-nauticabcn\/wp-json\/wp\/v2\/users\/1"}],"replies":[{"embeddable":true,"href":"https:\/\/agora.xtec.cat\/ins-nauticabcn\/wp-json\/wp\/v2\/comments?post=814"}],"version-history":[{"count":2,"href":"https:\/\/agora.xtec.cat\/ins-nauticabcn\/wp-json\/wp\/v2\/pages\/814\/revisions"}],"predecessor-version":[{"id":6654,"href":"https:\/\/agora.xtec.cat\/ins-nauticabcn\/wp-json\/wp\/v2\/pages\/814\/revisions\/6654"}],"up":[{"embeddable":true,"href":"https:\/\/agora.xtec.cat\/ins-nauticabcn\/wp-json\/wp\/v2\/pages\/63"}],"wp:attachment":[{"href":"https:\/\/agora.xtec.cat\/ins-nauticabcn\/wp-json\/wp\/v2\/media?parent=814"}],"curies":[{"name":"wp","href":"https:\/\/api.w.org\/{rel}","templated":true}]}}

<p>Sens dubte, les professions de l&#8217;àmbit nàutic tenen un fort component internacional que des de l&#8217;INB ens hem proposat de potenciar.</p>
<p>Volem promoure i articular la mobilitat de l’alumnat a l’estranger, tant en la realització de pràctiques curriculars com en la integració en el món laboral (Carta Erasmus, ECVET), com també activitats i projectes en grups de treball internacionals.</p>
<p>És per això que l&#8217;INB ha obtingut el reconeixement europeu necessari per a participar en programes europeus, concretament la Carta Erasmus per a l’Ensenyament Superior (<a href="https://agora.xtec.cat/ins-nauticabcn/wp-content/uploads/usu313/2021/03/Carta-Eche-2021-27-Signada.pdf">Erasmus Charter for Higher Education &#8211; ECHE</a>), que proporciona el marc general de qualitat per a les activitats de cooperació internacional que una institució d’ensenyament superior vulgui dur a terme en el marc del Programa Erasmus+. Tenim també concebuda la <a href="https://agora.xtec.cat/ins-nauticabcn/wp-content/uploads/usu313/2021/03/Signada.pdf">renovació</a> de la mateixa per el període 2021-2027.</p>
<p>Pot participar en aquest programa l&#8217;alumnat de l&#8217;Institut de Nàutica que cursa els estudis de CFGM Salvament i socorrisme(SS10),  CFGM Manteniment d&#8217;embarcacions d&#8217;esbarjo (TM60), CFGS Sistemes elèctrics i de navegació (EEA1) i CFGS d&#8217;Educació i Animació Socioesportiva orientat a platja (AEA0).</p>
<p>Pots trobar la sol·licitud de l’alumne per participar en el Projecte Erasmus + <a href="http://agora.xtec.cat/ins-nauticabcn/wp-content/uploads/usu313/2018/05/Sol%C2%B7licitud-alumne.pdf">aquí</a></p>
<table style="border-collapse: collapse; width: 100%;" border="1">
<tbody>
<tr style="height: 30px;">
<td style="width: 50%; height: 30px;"><a href=" http://agora.xtec.cat/ins-nauticabcn/serveis/programes-europeus/estades-a-lestranger/"><img loading="lazy" decoding="async" class="wp-image-2680 aligncenter" src="https://agora.xtec.cat/ins-nauticabcn/wp-content/uploads/usu313/2018/10/bandera-catalana.jpg" alt="" width="50" height="50" srcset="https://agora.xtec.cat/ins-nauticabcn/wp-content/uploads/usu313/2018/10/bandera-catalana.jpg 224w, https://agora.xtec.cat/ins-nauticabcn/wp-content/uploads/usu313/2018/10/bandera-catalana-150x150.jpg 150w" sizes="auto, (max-width: 50px) 100vw, 50px" /></a></td>
<td style="width: 50%; height: 30px;">Per més informació sobre el procés Erasmus +  feu <a href="http://agora.xtec.cat/ins-nauticabcn/serveis/programes-europeus/estades-a-lestranger/">click aquí</a></td>
</tr>
<tr style="height: 30px;">
<td style="width: 50%; height: 30px;"><a href=" http://agora.xtec.cat/ins-nauticabcn/serveis/programes-europeus/estancias-en-el-extranjero/"><img loading="lazy" decoding="async" class="wp-image-1002 aligncenter" src="https://agora.xtec.cat/ins-nauticabcn/wp-content/uploads/usu313/2016/03/baixa.png" alt="" width="44" height="29" /></a></td>
<td style="width: 50%; height: 30px;">Para más información sobre el proceso Erasmus + haga<a href="http://agora.xtec.cat/ins-nauticabcn/serveis/programes-europeus/estancias-en-el-extranjero/"> click aquí</a></td>
</tr>
<tr style="height: 30px;">
<td style="width: 50%; height: 30px;"><a href=" http://agora.xtec.cat/ins-nauticabcn/serveis/programes-europeus/foreign-stages/"><img loading="lazy" decoding="async" class="wp-image-1003 aligncenter" src="https://agora.xtec.cat/ins-nauticabcn/wp-content/uploads/usu313/2016/03/baixa-1.png" alt="" width="40" height="40" srcset="https://agora.xtec.cat/ins-nauticabcn/wp-content/uploads/usu313/2016/03/baixa-1.png 225w, https://agora.xtec.cat/ins-nauticabcn/wp-content/uploads/usu313/2016/03/baixa-1-150x150.png 150w" sizes="auto, (max-width: 40px) 100vw, 40px" /></a></td>
<td style="width: 50%; height: 30px;">More information about Erasmus + <a href="http://agora.xtec.cat/ins-nauticabcn/serveis/programes-europeus/foreign-stages/">click here</a></td>
</tr>
</tbody>
</table>
<p>&nbsp;</p>
<p><img loading="lazy" decoding="async" class="aligncenter size-full wp-image-5906" src="https://agora.xtec.cat/ins-nauticabcn/wp-content/uploads/usu313/2022/03/logo-ERASMUS-NOU3.png" alt="" width="421" height="120" srcset="https://agora.xtec.cat/ins-nauticabcn/wp-content/uploads/usu313/2022/03/logo-ERASMUS-NOU3.png 421w, https://agora.xtec.cat/ins-nauticabcn/wp-content/uploads/usu313/2022/03/logo-ERASMUS-NOU3-300x86.png 300w" sizes="auto, (max-width: 421px) 100vw, 421px" /></p>

<p>Sens dubte, les professions de l&#8217;àmbit nàutic tenen un fort component internacional que des de l&#8217;INB ens hem proposat de potenciar.<br />
Volem promoure i articular la mobilitat de l’alumnat a l’estranger, tant en la realització de pràctiques curriculars com en la integració en el món laboral (Carta Erasmus, ECVET), com&hellip;  <a href="https://agora.xtec.cat/ins-nauticabcn/serveis/programes-europeus/" title="Read Programes europeus">Llegeix més»</a></p>
