{"id":762,"date":"2016-03-12T20:49:01","date_gmt":"2016-03-12T19:49:01","guid":{"rendered":"http:\/\/agora.xtec.cat\/ins-nauticabcn\/?page_id=762"},"modified":"2025-11-12T08:59:44","modified_gmt":"2025-11-12T07:59:44","slug":"practiques-en-empresa","status":"publish","type":"page","link":"https:\/\/agora.xtec.cat\/ins-nauticabcn\/serveis\/practiques-en-empresa\/","title":{"rendered":"Estada a l&#8217;empresa"},"content":{"rendered":"<p>Tot el nostre alumnat, ha de fer una estada a l&#8217;empresa (pr\u00e0ctiques) per a obtenir la seva titulaci\u00f3.<\/p>\n<p>La formaci\u00f3 d\u2019Estada a l&#8217;empresa est\u00e0 establerta en funci\u00f3 dels estudis, i s\u00f3n:<\/p>\n<p><strong><u>Formaci\u00f3 professional<\/u><\/strong><\/p>\n<ul>\n<li><strong>DUAL GENERAL<\/strong>: \u00c9s l\u2019estada a la empresa habitual de la FP (515h)<\/li>\n<li><strong>DUAL INTENSIVA:<\/strong>Es diferencia de l\u2019anterior en que l&#8217;alumnat est\u00e0 unes 1.000h a la empresa, i rep una remuneraci\u00f3 econ\u00f2mica. S\u2019oferta als i les alumnes de <strong>GM de Manteniment d\u2019embarcacions d\u2019esbarjo, GS de Sistemes El\u00e8ctrics i de Navegaci\u00f3 i\u00a0 GS Ensenyament i Animaci\u00f3 Socioesportiva orientat a platja.<\/strong><\/li>\n<\/ul>\n<p><u><a href=\"https:\/\/agora.xtec.cat\/fpdual\/\" data-saferedirecturl=\"https:\/\/www.google.com\/url?q=https:\/\/agora.xtec.cat\/fpdual\/&amp;source=gmail&amp;ust=1763017962999000&amp;usg=AOvVaw1Blt8aTs8uliDY7uNWSVx2\">+ info<\/a><\/u><u>\u00a0<\/u>de la formaci\u00f3 en Estada a l&#8217;Empresa<\/p>\n<p><strong><u>Ensenyaments Esportius<\/u><\/strong><\/p>\n<ul>\n<li><strong>DUAL GENERAL<\/strong>: La formaci\u00f3 d\u2019estada a l&#8217;empresa, s&#8217;estableix en funci\u00f3 del cicle.\u00a0<a href=\"https:\/\/triaeducativa.gencat.cat\/web\/.content\/fp\/formacio-centres-treball\/normativa-formacio-centres-treball.pdf\" data-saferedirecturl=\"https:\/\/www.google.com\/url?q=https:\/\/triaeducativa.gencat.cat\/web\/.content\/fp\/formacio-centres-treball\/normativa-formacio-centres-treball.pdf&amp;source=gmail&amp;ust=1763017962999000&amp;usg=AOvVaw1GlIcDc3cHFCyJeVjv-INI\">+info<\/a><\/li>\n<\/ul>\n<p>Cicles:<\/p>\n<p><strong>\u2013\u00a0\u00a0 Salvament i socorrisme<\/strong><\/p>\n<ul>\n<li>GM de Salvament i socorrisme: Cicle Inicial 115h \/ Cicle Final 180h<\/li>\n<li>GS de Salvament i socorrisme: 250h<\/li>\n<\/ul>\n<p><strong>\u2013\u00a0\u00a0\u00a0 Vela amb aparell fix<\/strong><\/p>\n<ul>\n<li>GM de Vela amb aparell fix: Cicle Inicial 80h \/ Cicle Final 150h<\/li>\n<li>GS de Vela amb aparell fix: 160h<\/li>\n<\/ul>\n<p><strong>\u2013\u00a0\u00a0\u00a0 Vela amb aparell lliure<\/strong><\/p>\n<ul>\n<li>GM de Vela amb aparell lliure: Cicle Inicial 80h \/ Cicle Final 150h<\/li>\n<\/ul>\n<p><strong>\u2013\u00a0\u00a0\u00a0 Busseig esportiu<\/strong><\/p>\n<ul>\n<li>GM deBusseig Esportiu amb Escafandre Aut\u00f2nom: Cicle Inicial 140h \/ Cicle Final 210h<\/li>\n<\/ul>\n<p><strong>\u2013 \u00a0\u00a0\u00a0Pirag\u00fcisme<\/strong><\/p>\n<ul>\n<li>GM de Pirag\u00fcisme en aig\u00fces tranquil\u00b7les: Cicle Inicial 150h \/ Cicle Final 150h<\/li>\n<\/ul>\n<p>&nbsp;<\/p>\n<p><strong><u>Programes de Formaci\u00f3 i Inserci\u00f3 (PFI)<\/u><\/strong><strong><u>\u00a0<\/u><\/strong><\/p>\n<ul>\n<li><strong>DUAL GENERAL<\/strong>: La formaci\u00f3 d\u2019estada \u00a0a l&#8217;empresa en aquest cicles son 180h.\u00a0<a href=\"https:\/\/triaeducativa.gencat.cat\/web\/.content\/fp\/formacio-centres-treball\/normativa-formacio-centres-treball.pdf\" data-saferedirecturl=\"https:\/\/www.google.com\/url?q=https:\/\/triaeducativa.gencat.cat\/web\/.content\/fp\/formacio-centres-treball\/normativa-formacio-centres-treball.pdf&amp;source=gmail&amp;ust=1763017962999000&amp;usg=AOvVaw1GlIcDc3cHFCyJeVjv-INI\">+ info<\/a><\/li>\n<\/ul>\n<p>Per a m\u00e9s informaci\u00f3\u00a0podeu contactar amb el nostre coordinador de Formaci\u00f3 Professional (Escola-Empresa):<\/p>\n<p><strong>Ramon Bordas<\/strong>\u00a0(ramonb@institutdenautica.barcelona)<\/p>\n","protected":false},"excerpt":{"rendered":"<p>Tot el nostre alumnat, ha de fer una estada a l&#8217;empresa (pr\u00e0ctiques) per a obtenir la seva titulaci\u00f3.<br \/>\nLa formaci\u00f3 d\u2019Estada a l&#8217;empresa est\u00e0 establerta en funci\u00f3 dels estudis, i s\u00f3n:<br \/>\nFormaci\u00f3 professional<\/p>\n<ul>\n<li>DUAL GENERAL: \u00c9s l\u2019estada a la empresa habitual de la FP (515h)<\/li>\n<li>DUAL INTENSIVA:Es diferencia de&hellip;  <a href=\"https:\/\/agora.xtec.cat\/ins-nauticabcn\/serveis\/practiques-en-empresa\/\" title=\"Read Estada a l&#8217;empresa\">Llegeix m\u00e9s\u00bb<\/a><br \/>\n","protected":false},"author":1,"featured_media":0,"parent":63,"menu_order":0,"comment_status":"closed","ping_status":"closed","template":"page-templates\/side-menu.php","meta":{"_bbp_topic_count":0,"_bbp_reply_count":0,"_bbp_total_topic_count":0,"_bbp_total_reply_count":0,"_bbp_voice_count":0,"_bbp_anonymous_reply_count":0,"_bbp_topic_count_hidden":0,"_bbp_reply_count_hidden":0,"_bbp_forum_subforum_count":0,"footnotes":""},"class_list":["post-762","page","type-page","status-publish","hentry"],"post_mailing_queue_ids":[],"_links":{"self":[{"href":"https:\/\/agora.xtec.cat\/ins-nauticabcn\/wp-json\/wp\/v2\/pages\/762","targetHints":{"allow":["GET"]}}],"collection":[{"href":"https:\/\/agora.xtec.cat\/ins-nauticabcn\/wp-json\/wp\/v2\/pages"}],"about":[{"href":"https:\/\/agora.xtec.cat\/ins-nauticabcn\/wp-json\/wp\/v2\/types\/page"}],"author":[{"embeddable":true,"href":"https:\/\/agora.xtec.cat\/ins-nauticabcn\/wp-json\/wp\/v2\/users\/1"}],"replies":[{"embeddable":true,"href":"https:\/\/agora.xtec.cat\/ins-nauticabcn\/wp-json\/wp\/v2\/comments?post=762"}],"version-history":[{"count":6,"href":"https:\/\/agora.xtec.cat\/ins-nauticabcn\/wp-json\/wp\/v2\/pages\/762\/revisions"}],"predecessor-version":[{"id":9908,"href":"https:\/\/agora.xtec.cat\/ins-nauticabcn\/wp-json\/wp\/v2\/pages\/762\/revisions\/9908"}],"up":[{"embeddable":true,"href":"https:\/\/agora.xtec.cat\/ins-nauticabcn\/wp-json\/wp\/v2\/pages\/63"}],"wp:attachment":[{"href":"https:\/\/agora.xtec.cat\/ins-nauticabcn\/wp-json\/wp\/v2\/media?parent=762"}],"curies":[{"name":"wp","href":"https:\/\/api.w.org\/{rel}","templated":true}]}}

<p>Tot el nostre alumnat, ha de fer una estada a l&#8217;empresa (pràctiques) per a obtenir la seva titulació.</p>
<p>La formació d’Estada a l&#8217;empresa està establerta en funció dels estudis, i són:</p>
<p><strong><u>Formació professional</u></strong></p>
<ul>
<li><strong>DUAL GENERAL</strong>: És l’estada a la empresa habitual de la FP (515h)</li>
<li><strong>DUAL INTENSIVA:</strong>Es diferencia de l’anterior en que l&#8217;alumnat està unes 1.000h a la empresa, i rep una remuneració econòmica. S’oferta als i les alumnes de <strong>GM de Manteniment d’embarcacions d’esbarjo, GS de Sistemes Elèctrics i de Navegació i  GS Ensenyament i Animació Socioesportiva orientat a platja.</strong></li>
</ul>
<p><u><a href="https://agora.xtec.cat/fpdual/" data-saferedirecturl="https://www.google.com/url?q=https://agora.xtec.cat/fpdual/&amp;source=gmail&amp;ust=1763017962999000&amp;usg=AOvVaw1Blt8aTs8uliDY7uNWSVx2">+ info</a></u><u> </u>de la formació en Estada a l&#8217;Empresa</p>
<p><strong><u>Ensenyaments Esportius</u></strong></p>
<ul>
<li><strong>DUAL GENERAL</strong>: La formació d’estada a l&#8217;empresa, s&#8217;estableix en funció del cicle. <a href="https://triaeducativa.gencat.cat/web/.content/fp/formacio-centres-treball/normativa-formacio-centres-treball.pdf" data-saferedirecturl="https://www.google.com/url?q=https://triaeducativa.gencat.cat/web/.content/fp/formacio-centres-treball/normativa-formacio-centres-treball.pdf&amp;source=gmail&amp;ust=1763017962999000&amp;usg=AOvVaw1GlIcDc3cHFCyJeVjv-INI">+info</a></li>
</ul>
<p>Cicles:</p>
<p><strong>–   Salvament i socorrisme</strong></p>
<ul>
<li>GM de Salvament i socorrisme: Cicle Inicial 115h / Cicle Final 180h</li>
<li>GS de Salvament i socorrisme: 250h</li>
</ul>
<p><strong>–    Vela amb aparell fix</strong></p>
<ul>
<li>GM de Vela amb aparell fix: Cicle Inicial 80h / Cicle Final 150h</li>
<li>GS de Vela amb aparell fix: 160h</li>
</ul>
<p><strong>–    Vela amb aparell lliure</strong></p>
<ul>
<li>GM de Vela amb aparell lliure: Cicle Inicial 80h / Cicle Final 150h</li>
</ul>
<p><strong>–    Busseig esportiu</strong></p>
<ul>
<li>GM deBusseig Esportiu amb Escafandre Autònom: Cicle Inicial 140h / Cicle Final 210h</li>
</ul>
<p><strong>–    Piragüisme</strong></p>
<ul>
<li>GM de Piragüisme en aigües tranquil·les: Cicle Inicial 150h / Cicle Final 150h</li>
</ul>
<p>&nbsp;</p>
<p><strong><u>Programes de Formació i Inserció (PFI)</u></strong><strong><u> </u></strong></p>
<ul>
<li><strong>DUAL GENERAL</strong>: La formació d’estada  a l&#8217;empresa en aquest cicles son 180h. <a href="https://triaeducativa.gencat.cat/web/.content/fp/formacio-centres-treball/normativa-formacio-centres-treball.pdf" data-saferedirecturl="https://www.google.com/url?q=https://triaeducativa.gencat.cat/web/.content/fp/formacio-centres-treball/normativa-formacio-centres-treball.pdf&amp;source=gmail&amp;ust=1763017962999000&amp;usg=AOvVaw1GlIcDc3cHFCyJeVjv-INI">+ info</a></li>
</ul>
<p>Per a més informació podeu contactar amb el nostre coordinador de Formació Professional (Escola-Empresa):</p>
<p><strong>Ramon Bordas</strong> (ramonb@institutdenautica.barcelona)</p>

<p>Tot el nostre alumnat, ha de fer una estada a l&#8217;empresa (pràctiques) per a obtenir la seva titulació.<br />
La formació d’Estada a l&#8217;empresa està establerta en funció dels estudis, i són:<br />
Formació professional</p>
<ul>
<li>DUAL GENERAL: És l’estada a la empresa habitual de la FP (515h)</li>
<li>DUAL INTENSIVA:Es diferencia de&hellip;  <a href="https://agora.xtec.cat/ins-nauticabcn/serveis/practiques-en-empresa/" title="Read Estada a l&#8217;empresa">Llegeix més»</a><br />
