{"id":39,"date":"2014-09-17T16:36:44","date_gmt":"2014-09-17T14:36:44","guid":{"rendered":"http:\/\/agora.xtec.cat\/ins-nauticabcn\/\/?page_id=39"},"modified":"2020-04-27T12:07:23","modified_gmt":"2020-04-27T10:07:23","slug":"instal%c2%b7lacions","status":"publish","type":"page","link":"https:\/\/agora.xtec.cat\/ins-nauticabcn\/linstitut\/instal%c2%b7lacions\/","title":{"rendered":"Instal\u00b7lacions"},"content":{"rendered":"<p>El centre disposa d\u2019una excel\u00b7lent ubicaci\u00f3 a les instal\u00b7lacions del Port de\u00a0Barcelona.<\/p>\n<p>L\u2019Institut de N\u00e0utica de Barcelona disposa de tres edificis principals:<\/p>\n<ul>\n<li>la <strong>Seu<\/strong> oficial, en la qual s\u2019empla\u00e7aran els espais generals del centre\u00a0(secretaria, direcci\u00f3 i aulari general), al carrer de l\u2019Escar, n\u00fam. 6-8. Aquest edifici est\u00e0 compartit amb altres empreses i institucions (Ajuntament de Barcelona, Facultat de N\u00e0utica, empreses n\u00e0utiques, etc.)<\/li>\n<\/ul>\n<ul>\n<li>l\u2019<strong>Escola Drassana<\/strong>, en la qual s\u2019ubicaran els tallers de manteniment de iots\u00a0(pintura, laminaci\u00f3, fusteria, electricitat, comunicacions, veleria\u2026), al passeig\u00a0de Joan de Borb\u00f3, n\u00fam. 100.<\/li>\n<\/ul>\n<ul>\n<li>una nau (<strong>Nau Fundaci\u00f3<\/strong>) dedicada a la preparaci\u00f3 de projectes d\u2019embarcacions\u00a0i com a complement de l\u2019Escola Drassana (taller de motors i met\u00e0l\u00b7lic). Aquest edifici el compartim amb la Fundaci\u00f3 FNOB<\/li>\n<\/ul>\n<p>Per altra banda, part de les activitats pr\u00e0ctiques dels ensenyaments esportius es\u00a0duran a terme en altres espais (piscines, platja, clubs de vela\u2026), ubicats tots ells\u00a0en les rodalies del centre, com ara el\u00a0<a href=\"http:\/\/cnab.cat\/ca\">Club Nataci\u00f3 Atl\u00e8tic-Barceloneta, <\/a>el <a href=\"http:\/\/www.cnb.cat\/\">Club Nataci\u00f3 Barcelona<\/a> o el <a href=\"https:\/\/www.velabarcelona.com\/\">Centre Municipal de Vela<\/a><\/p>\n<p><a href=\"http:\/\/agora.xtec.cat\/ins-nauticabcn\/wp-content\/uploads\/usu313\/2014\/09\/situacio.jpg\"><img loading=\"lazy\" decoding=\"async\" class=\"aligncenter wp-image-438 size-large\" src=\"http:\/\/agora.xtec.cat\/ins-nauticabcn\/wp-content\/uploads\/usu313\/2014\/09\/situacio-1024x768.jpg\" alt=\"situacio\" width=\"1024\" height=\"768\" srcset=\"https:\/\/agora.xtec.cat\/ins-nauticabcn\/wp-content\/uploads\/usu313\/2014\/09\/situacio-1024x768.jpg 1024w, https:\/\/agora.xtec.cat\/ins-nauticabcn\/wp-content\/uploads\/usu313\/2014\/09\/situacio-300x225.jpg 300w, https:\/\/agora.xtec.cat\/ins-nauticabcn\/wp-content\/uploads\/usu313\/2014\/09\/situacio-200x150.jpg 200w, https:\/\/agora.xtec.cat\/ins-nauticabcn\/wp-content\/uploads\/usu313\/2014\/09\/situacio.jpg 1063w\" sizes=\"auto, (max-width: 1024px) 100vw, 1024px\" \/><\/a><\/p>\n<p>&nbsp;<\/p>\n<p style=\"text-align: center;\">\n<p><a href=\"http:\/\/agora.xtec.cat\/ins-nauticabcn\/wp-content\/uploads\/usu313\/2016\/03\/baixa-1.png\"><img loading=\"lazy\" decoding=\"async\" class=\" wp-image-1003 alignleft\" src=\"http:\/\/agora.xtec.cat\/ins-nauticabcn\/wp-content\/uploads\/usu313\/2016\/03\/baixa-1.png\" alt=\"baixa (1)\" width=\"53\" height=\"53\" srcset=\"https:\/\/agora.xtec.cat\/ins-nauticabcn\/wp-content\/uploads\/usu313\/2016\/03\/baixa-1.png 225w, https:\/\/agora.xtec.cat\/ins-nauticabcn\/wp-content\/uploads\/usu313\/2016\/03\/baixa-1-150x150.png 150w\" sizes=\"auto, (max-width: 53px) 100vw, 53px\" \/><\/a><\/p>\n<p>&nbsp;<\/p>\n<p>&nbsp;<\/p>\n<p>INB has three buildings<\/p>\n<ul>\n<li><strong>Headquarters<\/strong> (Seu) (C\/ Escar 6-8) you can find school administration on the ground and first floor, and we have all the classrooms on the second floor.<\/li>\n<\/ul>\n<p>This Building has other facilities such as the Center of nautical resources, Barcelona City Council, business accelerator and some of the Universitat Polit\u00e8cnica de Catalunya facilities<strong>.<\/strong><\/p>\n<ul>\n<li><strong>Shipyard School<\/strong> (Escola Drassana). We have all the workshops to provide practical training in fiber glass, wood, engines, electricity and so o. (5 min, just opposite the Club Nataci\u00f3 Barcelona)<\/li>\n<\/ul>\n<ul>\n<li><strong>Industrial Plant <\/strong>(Nau Fundaci\u00f3). Industrial plant to develop boat projects and some fiber glass or engineering workshops.<\/li>\n<\/ul>\n<figure class=\"figure wp-caption aligncenter\"><a href=\"http:\/\/agora.xtec.cat\/ins-nauticabcn\/wp-content\/uploads\/usu313\/2014\/09\/Edifici-Consorci-El-Far-\u00a9-Consorci-El-Far-M.l-Medir.jpg\"><img loading=\"lazy\" decoding=\"async\" class=\"wp-image-302 size-large\" src=\"http:\/\/agora.xtec.cat\/ins-nauticabcn\/wp-content\/uploads\/usu313\/2014\/09\/Edifici-Consorci-El-Far-\u00a9-Consorci-El-Far-M.l-Medir-1024x678.jpg\" alt=\"Edifici Consorci El Far \u00a9 Consorci El Far- M.l Medir\" width=\"1024\" height=\"678\" srcset=\"https:\/\/agora.xtec.cat\/ins-nauticabcn\/wp-content\/uploads\/usu313\/2014\/09\/Edifici-Consorci-El-Far-\u00a9-Consorci-El-Far-M.l-Medir-1024x678.jpg 1024w, https:\/\/agora.xtec.cat\/ins-nauticabcn\/wp-content\/uploads\/usu313\/2014\/09\/Edifici-Consorci-El-Far-\u00a9-Consorci-El-Far-M.l-Medir-300x198.jpg 300w, https:\/\/agora.xtec.cat\/ins-nauticabcn\/wp-content\/uploads\/usu313\/2014\/09\/Edifici-Consorci-El-Far-\u00a9-Consorci-El-Far-M.l-Medir.jpg 1181w\" sizes=\"auto, (max-width: 1024px) 100vw, 1024px\" \/><\/a><figcaption class=\"wp-caption-text\">Seu principal<\/figcaption><\/figure>\n<p>&nbsp;<\/p>\n<figure class=\"figure wp-caption aligncenter\"><a href=\"http:\/\/agora.xtec.cat\/ins-nauticabcn\/wp-content\/uploads\/usu313\/2014\/09\/Edifici-Escola-Drassana-CEF-\u00a9-Consorci-El-Far-X.-de-Yzaguirre.jpg\"><img loading=\"lazy\" decoding=\"async\" class=\"wp-image-303 size-large\" src=\"http:\/\/agora.xtec.cat\/ins-nauticabcn\/wp-content\/uploads\/usu313\/2014\/09\/Edifici-Escola-Drassana-CEF-\u00a9-Consorci-El-Far-X.-de-Yzaguirre-1024x767.jpg\" alt=\"OLYMPUS DIGITAL CAMERA\" width=\"1024\" height=\"767\" srcset=\"https:\/\/agora.xtec.cat\/ins-nauticabcn\/wp-content\/uploads\/usu313\/2014\/09\/Edifici-Escola-Drassana-CEF-\u00a9-Consorci-El-Far-X.-de-Yzaguirre-1024x767.jpg 1024w, https:\/\/agora.xtec.cat\/ins-nauticabcn\/wp-content\/uploads\/usu313\/2014\/09\/Edifici-Escola-Drassana-CEF-\u00a9-Consorci-El-Far-X.-de-Yzaguirre-300x225.jpg 300w, https:\/\/agora.xtec.cat\/ins-nauticabcn\/wp-content\/uploads\/usu313\/2014\/09\/Edifici-Escola-Drassana-CEF-\u00a9-Consorci-El-Far-X.-de-Yzaguirre-200x150.jpg 200w, https:\/\/agora.xtec.cat\/ins-nauticabcn\/wp-content\/uploads\/usu313\/2014\/09\/Edifici-Escola-Drassana-CEF-\u00a9-Consorci-El-Far-X.-de-Yzaguirre.jpg 1772w\" sizes=\"auto, (max-width: 1024px) 100vw, 1024px\" \/><\/a><figcaption class=\"wp-caption-text\">Escola Drassana<\/figcaption><\/figure>\n<p>&nbsp;<\/p>\n<figure class=\"figure wp-caption aligncenter\"><a href=\"http:\/\/agora.xtec.cat\/ins-nauticabcn\/wp-content\/uploads\/usu313\/2014\/09\/CFGM-MAnteniment-Embarcacions-\u00a9-Consorci-El-Far.jpg\"><img loading=\"lazy\" decoding=\"async\" class=\"wp-image-304 size-large\" src=\"http:\/\/agora.xtec.cat\/ins-nauticabcn\/wp-content\/uploads\/usu313\/2014\/09\/CFGM-MAnteniment-Embarcacions-\u00a9-Consorci-El-Far-1024x768.jpg\" alt=\"CFGM MAnteniment Embarcacions \u00a9 Consorci El Far\" width=\"1024\" height=\"768\" srcset=\"https:\/\/agora.xtec.cat\/ins-nauticabcn\/wp-content\/uploads\/usu313\/2014\/09\/CFGM-MAnteniment-Embarcacions-\u00a9-Consorci-El-Far-1024x768.jpg 1024w, https:\/\/agora.xtec.cat\/ins-nauticabcn\/wp-content\/uploads\/usu313\/2014\/09\/CFGM-MAnteniment-Embarcacions-\u00a9-Consorci-El-Far-300x225.jpg 300w, https:\/\/agora.xtec.cat\/ins-nauticabcn\/wp-content\/uploads\/usu313\/2014\/09\/CFGM-MAnteniment-Embarcacions-\u00a9-Consorci-El-Far-200x150.jpg 200w\" sizes=\"auto, (max-width: 1024px) 100vw, 1024px\" \/><\/a><figcaption class=\"wp-caption-text\">Taller materials compostos<\/figcaption><\/figure>\n<figure class=\"figure wp-caption aligncenter\"><a href=\"http:\/\/agora.xtec.cat\/ins-nauticabcn\/wp-content\/uploads\/usu313\/2014\/09\/150306_Ins_nautica_barcelona_\u00a9ivan_gimenez_021.jpg\"><img loading=\"lazy\" decoding=\"async\" class=\"wp-image-355 size-large\" src=\"http:\/\/agora.xtec.cat\/ins-nauticabcn\/wp-content\/uploads\/usu313\/2014\/09\/150306_Ins_nautica_barcelona_\u00a9ivan_gimenez_021-1024x680.jpg\" alt=\"Institut de N\u00e0utica de Barcelona\" width=\"1024\" height=\"680\" srcset=\"https:\/\/agora.xtec.cat\/ins-nauticabcn\/wp-content\/uploads\/usu313\/2014\/09\/150306_Ins_nautica_barcelona_\u00a9ivan_gimenez_021-1024x680.jpg 1024w, https:\/\/agora.xtec.cat\/ins-nauticabcn\/wp-content\/uploads\/usu313\/2014\/09\/150306_Ins_nautica_barcelona_\u00a9ivan_gimenez_021-300x199.jpg 300w\" sizes=\"auto, (max-width: 1024px) 100vw, 1024px\" \/><\/a><figcaption class=\"wp-caption-text\">Taller mec\u00e0nic<\/figcaption><\/figure>\n<figure class=\"figure wp-caption aligncenter\"><a href=\"http:\/\/agora.xtec.cat\/ins-nauticabcn\/wp-content\/uploads\/usu313\/2014\/09\/CNAB_Piscina_interior.jpg\"><img loading=\"lazy\" decoding=\"async\" class=\"wp-image-990\" src=\"http:\/\/agora.xtec.cat\/ins-nauticabcn\/wp-content\/uploads\/usu313\/2014\/09\/CNAB_Piscina_interior.jpg\" alt=\"Piscina del CNAB \" width=\"1020\" height=\"679\" srcset=\"https:\/\/agora.xtec.cat\/ins-nauticabcn\/wp-content\/uploads\/usu313\/2014\/09\/CNAB_Piscina_interior.jpg 500w, https:\/\/agora.xtec.cat\/ins-nauticabcn\/wp-content\/uploads\/usu313\/2014\/09\/CNAB_Piscina_interior-300x200.jpg 300w\" sizes=\"auto, (max-width: 1020px) 100vw, 1020px\" \/><\/a><figcaption class=\"wp-caption-text\">Piscina del CNAB<\/figcaption><\/figure>\n<p>&nbsp;<\/p>\n","protected":false},"excerpt":{"rendered":"<p>El centre disposa d\u2019una excel\u00b7lent ubicaci\u00f3 a les instal\u00b7lacions del Port de\u00a0Barcelona.<br \/>\nL\u2019Institut de N\u00e0utica de Barcelona disposa de tres edificis principals:<\/p>\n<ul>\n<li>la Seu oficial, en la qual s\u2019empla\u00e7aran els espais generals del centre\u00a0(secretaria, direcci\u00f3 i aulari general), al carrer de l\u2019Escar, n\u00fam. 6-8. Aquest edifici est\u00e0&hellip;  <a href=\"https:\/\/agora.xtec.cat\/ins-nauticabcn\/linstitut\/instal%c2%b7lacions\/\" title=\"Read Instal\u00b7lacions\">Llegeix m\u00e9s\u00bb<\/a><br \/>\n","protected":false},"author":1,"featured_media":0,"parent":19,"menu_order":30,"comment_status":"closed","ping_status":"closed","template":"page-templates\/side-menu.php","meta":{"_bbp_topic_count":0,"_bbp_reply_count":0,"_bbp_total_topic_count":0,"_bbp_total_reply_count":0,"_bbp_voice_count":0,"_bbp_anonymous_reply_count":0,"_bbp_topic_count_hidden":0,"_bbp_reply_count_hidden":0,"_bbp_forum_subforum_count":0,"footnotes":""},"class_list":["post-39","page","type-page","status-publish","hentry"],"post_mailing_queue_ids":[],"_links":{"self":[{"href":"https:\/\/agora.xtec.cat\/ins-nauticabcn\/wp-json\/wp\/v2\/pages\/39","targetHints":{"allow":["GET"]}}],"collection":[{"href":"https:\/\/agora.xtec.cat\/ins-nauticabcn\/wp-json\/wp\/v2\/pages"}],"about":[{"href":"https:\/\/agora.xtec.cat\/ins-nauticabcn\/wp-json\/wp\/v2\/types\/page"}],"author":[{"embeddable":true,"href":"https:\/\/agora.xtec.cat\/ins-nauticabcn\/wp-json\/wp\/v2\/users\/1"}],"replies":[{"embeddable":true,"href":"https:\/\/agora.xtec.cat\/ins-nauticabcn\/wp-json\/wp\/v2\/comments?post=39"}],"version-history":[{"count":4,"href":"https:\/\/agora.xtec.cat\/ins-nauticabcn\/wp-json\/wp\/v2\/pages\/39\/revisions"}],"predecessor-version":[{"id":4031,"href":"https:\/\/agora.xtec.cat\/ins-nauticabcn\/wp-json\/wp\/v2\/pages\/39\/revisions\/4031"}],"up":[{"embeddable":true,"href":"https:\/\/agora.xtec.cat\/ins-nauticabcn\/wp-json\/wp\/v2\/pages\/19"}],"wp:attachment":[{"href":"https:\/\/agora.xtec.cat\/ins-nauticabcn\/wp-json\/wp\/v2\/media?parent=39"}],"curies":[{"name":"wp","href":"https:\/\/api.w.org\/{rel}","templated":true}]}}