{"id":3820,"date":"2022-03-17T08:44:36","date_gmt":"2022-03-17T07:44:36","guid":{"rendered":"http:\/\/agora.xtec.cat\/ins-nauticabcn\/?page_id=3820"},"modified":"2026-02-24T13:07:41","modified_gmt":"2026-02-24T12:07:41","slug":"pov","status":"publish","type":"page","link":"https:\/\/agora.xtec.cat\/ins-nauticabcn\/linstitut\/pov\/","title":{"rendered":"Portes Obertes"},"content":{"rendered":"<h5 style=\"text-align: justify;\"><strong>Benvinguts\/des a les Portes Obertes per al curs 2026\/2027 de l\u2019Institut de N\u00e0utica de Barcelona.<\/strong><\/h5>\n<p style=\"text-align: justify;\">Ens fa molt de goig poder-vos presentar les portes obertes del nostre institut, per a que tingueu l\u2019oportunitat de con\u00e8ixer-nos, i per a que us puguem ajudar a prendre una decisi\u00f3 tan important en la vostra vida, com \u00e9s els estudis post obligatoris que voleu fer.<\/p>\n<p style=\"text-align: justify;\">En aquest article, tindrem centralitzada tota la informaci\u00f3 de les portes obertes, que anirem tamb\u00e9 actualitzant a mesura que tinguem noves dades.<\/p>\n<p>&nbsp;<\/p>\n<p><strong>Les jornades de portes obertes consistiran en:<\/strong><\/p>\n<p>Primera part: presentaci\u00f3 general de l&#8217;Institut a c\u00e0rrec de la direcci\u00f3 del centre.<\/p>\n<p>Segona part: presentaci\u00f3 espec\u00edfica de cada estudi a c\u00e0rrec del professorat.<\/p>\n<p>Tercera part: visita a la Drassana del centre (per a les persones interessades en els estudis de vaixells)<\/p>\n<p>&nbsp;<\/p>\n<p style=\"text-align: justify;\"><strong>Calendari portes obertes<\/strong><b><br \/>\n<\/b><\/p>\n<p style=\"text-align: justify;\">En la taula seg\u00fcent tindreu el calendari per a les portes obertes presencials que us hem preparat per aquest mes de mar\u00e7,\u00a0 en la qual us donarem m\u00e9s detalls de els estudis concrets i podrem resoldre els vostres dubtes. \u00c9s molt recomanable que pr\u00e8viament a assistir a la sessi\u00f3, hagueu navegat per el mapa informatiu que trobareu al final d&#8217;aquesta p\u00e0gina.<\/p>\n<table style=\"width: 75.9198%; height: 559px;\">\n<tbody>\n<tr style=\"height: 33px;\">\n<td style=\"height: 33px; width: 40.6091%;\"><b>Estudis<br \/>\n<\/b><\/td>\n<td style=\"height: 33px; width: 36.9051%;\"><b>Data, lloc i hora<br \/>\n<\/b><\/td>\n<\/tr>\n<tr style=\"height: 147px;\">\n<td style=\"height: 147px; width: 40.6091%;\">Batxillerat Esportiu de doble titulaci\u00f3:<\/p>\n<ul>\n<li>Batxillerat Esportiu Salvament i socorrisme<\/li>\n<li>Batxillerat Esportiu de Vela amb aparell fix<\/li>\n<\/ul>\n<\/td>\n<td style=\"height: 147px; width: 36.9051%;\">&nbsp;<\/p>\n<p>16 de mar\u00e7 17:30hrs Batxillerat Esportiu de doble titulaci\u00f3.<\/p>\n<p>24 de mar\u00e7 17:30hrs Batxillerat Esportiu de doble titulaci\u00f3.<strong><br \/>\n<\/strong><\/p>\n<p><strong>Lloc: l&#8217;INS Joan Salvat Papasseit (Pg. de Salvat-Papasseit, s\/n 933150203<\/strong><\/p>\n<p><span style=\"color: #ff0000;\"><strong>Per ambd\u00f3s dies cal inscripci\u00f3 pr\u00e8via clicant<\/strong><\/span> <a href=\"https:\/\/docs.google.com\/forms\/d\/e\/1FAIpQLSfHO5vnWe5kM0UxEf2Y0kgizYiurj_Pz-1Y1pUR2k70ohFBeA\/viewform\" target=\"_blank\" rel=\"noopener\">aqu\u00ed<\/a>.<\/td>\n<\/tr>\n<tr>\n<td style=\"width: 40.6091%;\">Ensenyaments esportius de r\u00e8gim especial:<\/p>\n<ul>\n<li>CFGM de Salvament i socorrisme<\/li>\n<li>CFGM de Vela amb aparell fix<\/li>\n<li>CFGM de Vela amb aparell lliure<\/li>\n<li>CFGM de Busseig esportiu amb escafandre aut\u00f2nom<\/li>\n<li>CFGM de Pirag\u00fcisme en aig\u00fces tranquil\u00b7les<\/li>\n<li>CFGS de Salvament i socorrisme<\/li>\n<li>CFGS de Vela amb aparell fix<\/li>\n<li>CFGS de Vela amb aparell lliure<\/li>\n<li>Batxillerat Esportiu Salvament i socorrisme<\/li>\n<li>Batxillerat Esportiu de Vela amb aparell fix<\/li>\n<\/ul>\n<\/td>\n<td style=\"width: 36.9051%;\"><strong>Dimecres, 15 d&#8217; abril 17:00h<\/strong><\/p>\n<p><strong><br \/>\n<\/strong>Edifici Seu (c\/ de l&#8217;Escar 6-8)<\/td>\n<\/tr>\n<tr>\n<td style=\"width: 40.6091%;\">\n<ul>\n<li>PFI d&#8217; Auxiliar de Manteniment d&#8217;Embarcacions d&#8217;esbarjo.<\/li>\n<li>CFGM TM60 Manteniment d&#8217;Embarcacions d&#8217;esbarjo.<\/li>\n<li>CFGS EEA1 Sistemes el\u00e8ctrics i de navegaci\u00f3.<\/li>\n<li>CFGS AEA0 Ensenyament i animaci\u00f3 socioesportiva orientat a platja.<\/li>\n<\/ul>\n<\/td>\n<td style=\"width: 36.9051%;\"><strong>Dimecres 15 d&#8217;abril 18:00h<br \/>\n<\/strong>Edifici Seu (c\/ de l&#8217;Escar 6-8)<strong>\u00a0<\/strong><\/td>\n<\/tr>\n<\/tbody>\n<\/table>\n<p style=\"text-align: justify;\">Si teniu qualsevol dubte podeu consultar-nos al nostre correu electr\u00f2nic: a8074847<span class=\"\">@xtec.cat<\/span><\/p>\n<p>&nbsp;<\/p>\n<p style=\"text-align: justify;\"><b>El Mapa<\/b><\/p>\n<p style=\"text-align: justify;\">En aquest <a href=\"https:\/\/view.genial.ly\/605d03e71720160d9775c4c3\" target=\"_blank\" rel=\"noopener\">mapa<\/a> que us hem preparat, teniu tot el que necessiteu saber per a con\u00e8ixer-nos, i tenir en un \u00fanic lloc la informaci\u00f3 referida a qui som, els nostres trets, els estudis, la preinscripci\u00f3 i la matr\u00edcula, unes preguntes freq\u00fcents (faqs), etc.<\/p>\n<p style=\"text-align: justify;\">Si cliqueu a les diferents etapes d\u2019aquest viatge, ens coneixereu millor\u2026..<\/p>\n<p style=\"text-align: justify;\">Us hi esperem!<\/p>\n<div style=\"width: 100%;\">\n<div style=\"position: relative; padding-bottom: 66.45%; padding-top: 0; height: 0;\"><iframe loading=\"lazy\" style=\"position: absolute; top: 0; left: 0; width: 100%; height: 100%;\" title=\"Portes Obertes 23\/24\" src=\"https:\/\/view.genial.ly\/605d03e71720160d9775c4c3\" width=\"602\" height=\"400\" frameborder=\"0\" scrolling=\"yes\" allowfullscreen=\"allowfullscreen\"><\/iframe><\/div>\n<\/div>\n<p>Si no veieu b\u00e9 la infografia o els enlla\u00e7os proveu <a href=\"https:\/\/view.genial.ly\/605d03e71720160d9775c4c3\" target=\"_blank\" rel=\"noopener\">aqu\u00ed<\/a><\/p>\n<p>&nbsp;<\/p>\n<p>&nbsp;<\/p>\n<p>&nbsp;<\/p>\n<p>&nbsp;<\/p>\n<p>&nbsp;<\/p>\n<p>&nbsp;<\/p>\n<p>&nbsp;<\/p>\n","protected":false},"excerpt":{"rendered":"<p>Benvinguts\/des a les Portes Obertes per al curs 2026\/2027 de l\u2019Institut de N\u00e0utica de Barcelona.<br \/>\nEns fa molt de goig poder-vos presentar les portes obertes del nostre institut, per a que tingueu l\u2019oportunitat de con\u00e8ixer-nos, i per a que us puguem ajudar a prendre una decisi\u00f3&hellip;  <a href=\"https:\/\/agora.xtec.cat\/ins-nauticabcn\/linstitut\/pov\/\" title=\"Read Portes Obertes\">Llegeix m\u00e9s\u00bb<\/a><\/p>\n","protected":false},"author":1,"featured_media":0,"parent":19,"menu_order":90,"comment_status":"closed","ping_status":"closed","template":"page-templates\/side-menu.php","meta":{"_bbp_topic_count":0,"_bbp_reply_count":0,"_bbp_total_topic_count":0,"_bbp_total_reply_count":0,"_bbp_voice_count":0,"_bbp_anonymous_reply_count":0,"_bbp_topic_count_hidden":0,"_bbp_reply_count_hidden":0,"_bbp_forum_subforum_count":0,"footnotes":""},"class_list":["post-3820","page","type-page","status-publish","hentry"],"post_mailing_queue_ids":[],"_links":{"self":[{"href":"https:\/\/agora.xtec.cat\/ins-nauticabcn\/wp-json\/wp\/v2\/pages\/3820","targetHints":{"allow":["GET"]}}],"collection":[{"href":"https:\/\/agora.xtec.cat\/ins-nauticabcn\/wp-json\/wp\/v2\/pages"}],"about":[{"href":"https:\/\/agora.xtec.cat\/ins-nauticabcn\/wp-json\/wp\/v2\/types\/page"}],"author":[{"embeddable":true,"href":"https:\/\/agora.xtec.cat\/ins-nauticabcn\/wp-json\/wp\/v2\/users\/1"}],"replies":[{"embeddable":true,"href":"https:\/\/agora.xtec.cat\/ins-nauticabcn\/wp-json\/wp\/v2\/comments?post=3820"}],"version-history":[{"count":6,"href":"https:\/\/agora.xtec.cat\/ins-nauticabcn\/wp-json\/wp\/v2\/pages\/3820\/revisions"}],"predecessor-version":[{"id":10453,"href":"https:\/\/agora.xtec.cat\/ins-nauticabcn\/wp-json\/wp\/v2\/pages\/3820\/revisions\/10453"}],"up":[{"embeddable":true,"href":"https:\/\/agora.xtec.cat\/ins-nauticabcn\/wp-json\/wp\/v2\/pages\/19"}],"wp:attachment":[{"href":"https:\/\/agora.xtec.cat\/ins-nauticabcn\/wp-json\/wp\/v2\/media?parent=3820"}],"curies":[{"name":"wp","href":"https:\/\/api.w.org\/{rel}","templated":true}]}}

<h5 style="text-align: justify;"><strong>Benvinguts/des a les Portes Obertes per al curs 2026/2027 de l’Institut de Nàutica de Barcelona.</strong></h5>
<p style="text-align: justify;">Ens fa molt de goig poder-vos presentar les portes obertes del nostre institut, per a que tingueu l’oportunitat de conèixer-nos, i per a que us puguem ajudar a prendre una decisió tan important en la vostra vida, com és els estudis post obligatoris que voleu fer.</p>
<p style="text-align: justify;">En aquest article, tindrem centralitzada tota la informació de les portes obertes, que anirem també actualitzant a mesura que tinguem noves dades.</p>
<p>&nbsp;</p>
<p><strong>Les jornades de portes obertes consistiran en:</strong></p>
<p>Primera part: presentació general de l&#8217;Institut a càrrec de la direcció del centre.</p>
<p>Segona part: presentació específica de cada estudi a càrrec del professorat.</p>
<p>Tercera part: visita a la Drassana del centre (per a les persones interessades en els estudis de vaixells)</p>
<p>&nbsp;</p>
<p style="text-align: justify;"><strong>Calendari portes obertes</strong><b><br />
</b></p>
<p style="text-align: justify;">En la taula següent tindreu el calendari per a les portes obertes presencials que us hem preparat per aquest mes de març,  en la qual us donarem més detalls de els estudis concrets i podrem resoldre els vostres dubtes. És molt recomanable que prèviament a assistir a la sessió, hagueu navegat per el mapa informatiu que trobareu al final d&#8217;aquesta pàgina.</p>
<table style="width: 75.9198%; height: 559px;">
<tbody>
<tr style="height: 33px;">
<td style="height: 33px; width: 40.6091%;"><b>Estudis<br />
</b></td>
<td style="height: 33px; width: 36.9051%;"><b>Data, lloc i hora<br />
</b></td>
</tr>
<tr style="height: 147px;">
<td style="height: 147px; width: 40.6091%;">Batxillerat Esportiu de doble titulació:</p>
<ul>
<li>Batxillerat Esportiu Salvament i socorrisme</li>
<li>Batxillerat Esportiu de Vela amb aparell fix</li>
</ul>
</td>
<td style="height: 147px; width: 36.9051%;">&nbsp;</p>
<p>16 de març 17:30hrs Batxillerat Esportiu de doble titulació.</p>
<p>24 de març 17:30hrs Batxillerat Esportiu de doble titulació.<strong><br />
</strong></p>
<p><strong>Lloc: l&#8217;INS Joan Salvat Papasseit (Pg. de Salvat-Papasseit, s/n 933150203</strong></p>
<p><span style="color: #ff0000;"><strong>Per ambdós dies cal inscripció prèvia clicant</strong></span> <a href="https://docs.google.com/forms/d/e/1FAIpQLSfHO5vnWe5kM0UxEf2Y0kgizYiurj_Pz-1Y1pUR2k70ohFBeA/viewform" target="_blank" rel="noopener">aquí</a>.</td>
</tr>
<tr>
<td style="width: 40.6091%;">Ensenyaments esportius de règim especial:</p>
<ul>
<li>CFGM de Salvament i socorrisme</li>
<li>CFGM de Vela amb aparell fix</li>
<li>CFGM de Vela amb aparell lliure</li>
<li>CFGM de Busseig esportiu amb escafandre autònom</li>
<li>CFGM de Piragüisme en aigües tranquil·les</li>
<li>CFGS de Salvament i socorrisme</li>
<li>CFGS de Vela amb aparell fix</li>
<li>CFGS de Vela amb aparell lliure</li>
<li>Batxillerat Esportiu Salvament i socorrisme</li>
<li>Batxillerat Esportiu de Vela amb aparell fix</li>
</ul>
</td>
<td style="width: 36.9051%;"><strong>Dimecres, 15 d&#8217; abril 17:00h</strong></p>
<p><strong><br />
</strong>Edifici Seu (c/ de l&#8217;Escar 6-8)</td>
</tr>
<tr>
<td style="width: 40.6091%;">
<ul>
<li>PFI d&#8217; Auxiliar de Manteniment d&#8217;Embarcacions d&#8217;esbarjo.</li>
<li>CFGM TM60 Manteniment d&#8217;Embarcacions d&#8217;esbarjo.</li>
<li>CFGS EEA1 Sistemes elèctrics i de navegació.</li>
<li>CFGS AEA0 Ensenyament i animació socioesportiva orientat a platja.</li>
</ul>
</td>
<td style="width: 36.9051%;"><strong>Dimecres 15 d&#8217;abril 18:00h<br />
</strong>Edifici Seu (c/ de l&#8217;Escar 6-8)<strong> </strong></td>
</tr>
</tbody>
</table>
<p style="text-align: justify;">Si teniu qualsevol dubte podeu consultar-nos al nostre correu electrònic: a8074847<span class="">@xtec.cat</span></p>
<p>&nbsp;</p>
<p style="text-align: justify;"><b>El Mapa</b></p>
<p style="text-align: justify;">En aquest <a href="https://view.genial.ly/605d03e71720160d9775c4c3" target="_blank" rel="noopener">mapa</a> que us hem preparat, teniu tot el que necessiteu saber per a conèixer-nos, i tenir en un únic lloc la informació referida a qui som, els nostres trets, els estudis, la preinscripció i la matrícula, unes preguntes freqüents (faqs), etc.</p>
<p style="text-align: justify;">Si cliqueu a les diferents etapes d’aquest viatge, ens coneixereu millor…..</p>
<p style="text-align: justify;">Us hi esperem!</p>
<div style="width: 100%;">
<div style="position: relative; padding-bottom: 66.45%; padding-top: 0; height: 0;"><iframe loading="lazy" style="position: absolute; top: 0; left: 0; width: 100%; height: 100%;" title="Portes Obertes 23/24" src="https://view.genial.ly/605d03e71720160d9775c4c3" width="602" height="400" frameborder="0" scrolling="yes" allowfullscreen="allowfullscreen"></iframe></div>
</div>
<p>Si no veieu bé la infografia o els enllaços proveu <a href="https://view.genial.ly/605d03e71720160d9775c4c3" target="_blank" rel="noopener">aquí</a></p>
<p>&nbsp;</p>
<p>&nbsp;</p>
<p>&nbsp;</p>
<p>&nbsp;</p>
<p>&nbsp;</p>
<p>&nbsp;</p>
<p>&nbsp;</p>

<p>Benvinguts/des a les Portes Obertes per al curs 2026/2027 de l’Institut de Nàutica de Barcelona.<br />
Ens fa molt de goig poder-vos presentar les portes obertes del nostre institut, per a que tingueu l’oportunitat de conèixer-nos, i per a que us puguem ajudar a prendre una decisió&hellip;  <a href="https://agora.xtec.cat/ins-nauticabcn/linstitut/pov/" title="Read Portes Obertes">Llegeix més»</a></p>
