{"id":307,"date":"2015-03-25T05:15:58","date_gmt":"2015-03-25T04:15:58","guid":{"rendered":"http:\/\/agora.xtec.cat\/ins-nauticabcn\/?page_id=307"},"modified":"2020-04-25T23:50:12","modified_gmt":"2020-04-25T21:50:12","slug":"el-nostre-projecte","status":"publish","type":"page","link":"https:\/\/agora.xtec.cat\/ins-nauticabcn\/projecte-educatiu\/el-nostre-projecte\/","title":{"rendered":"El nostre projecte"},"content":{"rendered":"<p>L\u2019Institut de N\u00e0utica de Barcelona neix el curs 2015-2016 com a institut de formaci\u00f3 professional integrada de refer\u00e8ncia i d\u2019excel\u00b7l\u00e8ncia, especialitzat exclusivament en el sector de la n\u00e0utica i les activitats esportives.<\/p>\n<p>Creat gr\u00e0cies a un conveni de col\u00b7laboraci\u00f3 entre el Consorci d\u2019Educaci\u00f3 de Barcelona, el Departament d\u2019Ensenyament de la Generalitat de Catalunya i el Consorci El Far, el nostre objectiu principal \u00e9s formar i qualificar els professionals del mar, amb les compet\u00e8ncies t\u00e8cniques i actitudinals que requereix el sector de la n\u00e0utica esportiva i d\u2019esbarjo. Ens proposem articular els itineraris formatius i professionals per orientar i acompanyar els alumnes i treballadors en el seu propi cam\u00ed de promoci\u00f3 professional, a trav\u00e9s de formaci\u00f3 reglada, cont\u00ednua i ocupacional.<\/p>\n<p>Disposem d\u2019una ubicaci\u00f3 excel\u00b7lent a les instal\u00b7lacions del Port de Barcelona, i compartim seu amb altres empreses o institucions (Facultat de N\u00e0utica, Ajuntament de Barcelona, etc.). Volem aprofitar aquest avantatge per establir lligams amb les empreses i els organismes del sector n\u00e0utic, promoure una intensa relaci\u00f3 amb el m\u00f3n esportiu i professional, i poder tenir un paper clau en la dinamitzaci\u00f3 i la competitivitat del Port de Barcelona. Tot aix\u00f2 aportar\u00e0 un valor afegit a la formaci\u00f3 del nostre alumnat, tant en l\u2019\u00e0mbit tecnol\u00f2gic com en el de transmissi\u00f3 dels valors professionals, ja que facilitar\u00e0 la incorporaci\u00f3 de les novetats tecnol\u00f2giques als curr\u00edculums formatius<\/p>\n<p>Els trets fonamentals del nostre centre son:<\/p>\n<p><strong>Metodologia innovadora <\/strong><\/p>\n<p>El nostre centre tindr\u00e0 com a marc metodol\u00f2gic l\u2019aprenentatge competencial, en el qual els coneixements, les habilitats, les actituds i els valors capaciten conjuntament els alumnes a partir d\u2019enfocaments d\u2019aprenentatge basats en projectes i casos reals (ABP)<\/p>\n<p>&nbsp;<\/p>\n<p><strong>Angl\u00e8s en els cicles formatius<\/strong><\/p>\n<p>En un entorn tan global com el n\u00e0utic, en qu\u00e8 l\u2019\u00fas de l\u2019angl\u00e8s en situacions professionals \u00e9s un fet molt habitual, apostem per incorporar en la majoria de m\u00f2duls dels cicles formatius activitats o tasques professionals que l\u2019incloguin. A m\u00e9s es potencia la participaci\u00f3 en intercanvis i estades d\u2019alumnes i professors a altres pa\u00efsos de la UE<\/p>\n<p>&nbsp;<\/p>\n<p><strong>Treball en entorns internacionals i estades a l\u2019estranger<\/strong><\/p>\n<p>Volem promoure i articular la mobilitat de l\u2019alumnat a l\u2019estranger, tant en la realitzaci\u00f3 de pr\u00e0ctiques curriculars com en la integraci\u00f3 en el m\u00f3n laboral (Carta Erasmus, ECVET), com tamb\u00e9 activitats i projectes en grups de treball internacionals.<\/p>\n<p>&nbsp;<\/p>\n<p><strong>Formaci\u00f3 professional dual<\/strong><\/p>\n<p>Apostem per aquesta modalitat de formaci\u00f3 professional que alterna l\u2019ensenyament en un centre formatiu i l\u2019activitat remunerada en una empresa. Al nostre institut, tots els cicles formatius combinaran la formaci\u00f3 al centre amb programes d\u2019aprenentatge i activitats remunerades en empreses dedicades a la n\u00e0utica.<\/p>\n<p>&nbsp;<\/p>\n<p><strong>Orientaci\u00f3 individual i acci\u00f3 tutorial<\/strong><\/p>\n<p>Volem respondre a les necessitats individuals i grupals dels alumnes donant-los suport en el proc\u00e9s d\u2019ensenyament i aprenentatge. En aquest sentit, proposem activitats obertes i flexibles i adaptacions curriculars als alumnes amb dificultats d\u2019aprenentatge, a m\u00e9s d\u2019un seguiment tutorial individualitzat abans, durant i despr\u00e9s de l\u2019estada al centre.<\/p>\n","protected":false},"excerpt":{"rendered":"<p>L\u2019Institut de N\u00e0utica de Barcelona neix el curs 2015-2016 com a institut de formaci\u00f3 professional integrada de refer\u00e8ncia i d\u2019excel\u00b7l\u00e8ncia, especialitzat exclusivament en el sector de la n\u00e0utica i les activitats esportives.<br \/>\nCreat gr\u00e0cies a un conveni de col\u00b7laboraci\u00f3 entre el Consorci d\u2019Educaci\u00f3 de Barcelona, el&hellip;  <a href=\"https:\/\/agora.xtec.cat\/ins-nauticabcn\/projecte-educatiu\/el-nostre-projecte\/\" title=\"Read El nostre projecte\">Llegeix m\u00e9s\u00bb<\/a><\/p>\n","protected":false},"author":1,"featured_media":0,"parent":57,"menu_order":0,"comment_status":"closed","ping_status":"closed","template":"page-templates\/side-menu.php","meta":{"_bbp_topic_count":0,"_bbp_reply_count":0,"_bbp_total_topic_count":0,"_bbp_total_reply_count":0,"_bbp_voice_count":0,"_bbp_anonymous_reply_count":0,"_bbp_topic_count_hidden":0,"_bbp_reply_count_hidden":0,"_bbp_forum_subforum_count":0,"footnotes":""},"class_list":["post-307","page","type-page","status-publish","hentry"],"post_mailing_queue_ids":[],"_links":{"self":[{"href":"https:\/\/agora.xtec.cat\/ins-nauticabcn\/wp-json\/wp\/v2\/pages\/307","targetHints":{"allow":["GET"]}}],"collection":[{"href":"https:\/\/agora.xtec.cat\/ins-nauticabcn\/wp-json\/wp\/v2\/pages"}],"about":[{"href":"https:\/\/agora.xtec.cat\/ins-nauticabcn\/wp-json\/wp\/v2\/types\/page"}],"author":[{"embeddable":true,"href":"https:\/\/agora.xtec.cat\/ins-nauticabcn\/wp-json\/wp\/v2\/users\/1"}],"replies":[{"embeddable":true,"href":"https:\/\/agora.xtec.cat\/ins-nauticabcn\/wp-json\/wp\/v2\/comments?post=307"}],"version-history":[{"count":4,"href":"https:\/\/agora.xtec.cat\/ins-nauticabcn\/wp-json\/wp\/v2\/pages\/307\/revisions"}],"predecessor-version":[{"id":4004,"href":"https:\/\/agora.xtec.cat\/ins-nauticabcn\/wp-json\/wp\/v2\/pages\/307\/revisions\/4004"}],"up":[{"embeddable":true,"href":"https:\/\/agora.xtec.cat\/ins-nauticabcn\/wp-json\/wp\/v2\/pages\/57"}],"wp:attachment":[{"href":"https:\/\/agora.xtec.cat\/ins-nauticabcn\/wp-json\/wp\/v2\/media?parent=307"}],"curies":[{"name":"wp","href":"https:\/\/api.w.org\/{rel}","templated":true}]}}

<p>L’Institut de Nàutica de Barcelona neix el curs 2015-2016 com a institut de formació professional integrada de referència i d’excel·lència, especialitzat exclusivament en el sector de la nàutica i les activitats esportives.</p>
<p>Creat gràcies a un conveni de col·laboració entre el Consorci d’Educació de Barcelona, el Departament d’Ensenyament de la Generalitat de Catalunya i el Consorci El Far, el nostre objectiu principal és formar i qualificar els professionals del mar, amb les competències tècniques i actitudinals que requereix el sector de la nàutica esportiva i d’esbarjo. Ens proposem articular els itineraris formatius i professionals per orientar i acompanyar els alumnes i treballadors en el seu propi camí de promoció professional, a través de formació reglada, contínua i ocupacional.</p>
<p>Disposem d’una ubicació excel·lent a les instal·lacions del Port de Barcelona, i compartim seu amb altres empreses o institucions (Facultat de Nàutica, Ajuntament de Barcelona, etc.). Volem aprofitar aquest avantatge per establir lligams amb les empreses i els organismes del sector nàutic, promoure una intensa relació amb el món esportiu i professional, i poder tenir un paper clau en la dinamització i la competitivitat del Port de Barcelona. Tot això aportarà un valor afegit a la formació del nostre alumnat, tant en l’àmbit tecnològic com en el de transmissió dels valors professionals, ja que facilitarà la incorporació de les novetats tecnològiques als currículums formatius</p>
<p>Els trets fonamentals del nostre centre son:</p>
<p><strong>Metodologia innovadora </strong></p>
<p>El nostre centre tindrà com a marc metodològic l’aprenentatge competencial, en el qual els coneixements, les habilitats, les actituds i els valors capaciten conjuntament els alumnes a partir d’enfocaments d’aprenentatge basats en projectes i casos reals (ABP)</p>
<p>&nbsp;</p>
<p><strong>Anglès en els cicles formatius</strong></p>
<p>En un entorn tan global com el nàutic, en què l’ús de l’anglès en situacions professionals és un fet molt habitual, apostem per incorporar en la majoria de mòduls dels cicles formatius activitats o tasques professionals que l’incloguin. A més es potencia la participació en intercanvis i estades d’alumnes i professors a altres països de la UE</p>
<p>&nbsp;</p>
<p><strong>Treball en entorns internacionals i estades a l’estranger</strong></p>
<p>Volem promoure i articular la mobilitat de l’alumnat a l’estranger, tant en la realització de pràctiques curriculars com en la integració en el món laboral (Carta Erasmus, ECVET), com també activitats i projectes en grups de treball internacionals.</p>
<p>&nbsp;</p>
<p><strong>Formació professional dual</strong></p>
<p>Apostem per aquesta modalitat de formació professional que alterna l’ensenyament en un centre formatiu i l’activitat remunerada en una empresa. Al nostre institut, tots els cicles formatius combinaran la formació al centre amb programes d’aprenentatge i activitats remunerades en empreses dedicades a la nàutica.</p>
<p>&nbsp;</p>
<p><strong>Orientació individual i acció tutorial</strong></p>
<p>Volem respondre a les necessitats individuals i grupals dels alumnes donant-los suport en el procés d’ensenyament i aprenentatge. En aquest sentit, proposem activitats obertes i flexibles i adaptacions curriculars als alumnes amb dificultats d’aprenentatge, a més d’un seguiment tutorial individualitzat abans, durant i després de l’estada al centre.</p>

<p>L’Institut de Nàutica de Barcelona neix el curs 2015-2016 com a institut de formació professional integrada de referència i d’excel·lència, especialitzat exclusivament en el sector de la nàutica i les activitats esportives.<br />
Creat gràcies a un conveni de col·laboració entre el Consorci d’Educació de Barcelona, el&hellip;  <a href="https://agora.xtec.cat/ins-nauticabcn/projecte-educatiu/el-nostre-projecte/" title="Read El nostre projecte">Llegeix més»</a></p>
