{"id":287,"date":"2015-03-24T18:18:42","date_gmt":"2015-03-24T17:18:42","guid":{"rendered":"http:\/\/agora.xtec.cat\/ins-nauticabcn\/?page_id=287"},"modified":"2026-01-21T10:20:07","modified_gmt":"2026-01-21T09:20:07","slug":"gs-sistemes-electrotecnics-i-de-comunicacio-dels-vaixells","status":"publish","type":"page","link":"https:\/\/agora.xtec.cat\/ins-nauticabcn\/estudis\/formacio-professional\/gs-sistemes-electrotecnics-i-de-comunicacio-dels-vaixells\/","title":{"rendered":"GS de Sistemes el\u00e8ctrics i de Navegaci\u00f3"},"content":{"rendered":"<p><span style=\"color: #ff6600;\"><strong>Oferta formativa 2025-2026:<\/strong><\/span><\/p>\n<p>Setembre 2025<\/p>\n<ul>\n<li>Preinscripci\u00f3 i matr\u00edcula curs 2025-2026 (aquest apartat s&#8217;actualitza en el moment que s&#8217;obre un per\u00edode de preinscripci\u00f3 i matr\u00edcula)<\/li>\n<\/ul>\n<p>&nbsp;<\/p>\n<p><span style=\"color: #ff6600;\"><strong>Per saber-ne m\u00e9s:<\/strong><\/span><\/p>\n<p>En els estudis de GS de Sistemes el\u00e8ctrics i de Navegaci\u00f3, l&#8217;alumnat apr\u00e9n a desenvolupar i gestionar projectes de manteniment en les instal\u00b7lacions electrot\u00e8cniques, de comunicaci\u00f3 i electr\u00f2niques de les embarcacions esportives i d&#8217;esbarjo. Aquests estudis es realitzen en horari de tarda i en modalitat dual, \u00e9s a dir alternant la formaci\u00f3 te\u00f2rica i pr\u00e0ctica al institut, amb la possibilitat de realitzar pr\u00e0ctiques remunerades en empreses del sector.<\/p>\n<p>A m\u00e9s, oferim tamb\u00e9 a tot el nostre alumnat, la possibilitat que de forma paral\u00b7lela i gratu\u00efta puguin obtenir altres titulacions vitals en el que ser\u00e0 el seu futur professional, com ara la <strong>titulaci\u00f3 n\u00e0utica de formaci\u00f3 b\u00e0sica en seguretat.<\/strong><\/p>\n<ul>\n<li style=\"list-style-type: none;\">\n<ul>\n<li><a href=\"https:\/\/agora.xtec.cat\/ins-nauticabcn\/wp-content\/uploads\/usu313\/2026\/01\/CFPS____EEA1_CA.pdf\" target=\"_blank\" rel=\"noopener\">Fitxa dels Estudis<\/a><\/li>\n<li><a href=\"https:\/\/agora.xtec.cat\/ins-nauticabcn\/wp-content\/uploads\/usu313\/2019\/04\/RESUM-CONVALIDACIONS-UPC.pdf\">Convalidacions a graus universitaris<\/a><\/li>\n<li><a href=\"https:\/\/sites.google.com\/institutdenautica.barcelona\/tcnic-en-manteniment-dembarcac\/home\">Blog del GS de Sistemes el\u00e8ctrics i de Navegaci\u00f3<\/a><\/li>\n<li><a href=\"https:\/\/agora.xtec.cat\/ins-nauticabcn\/wp-content\/uploads\/usu313\/2024\/02\/Captura-de-pantalla-2024-02-22-131733.png\" target=\"_blank\" rel=\"noopener\">Preus p\u00fablics<\/a> fixats per el Departament d&#8217;Educaci\u00f3 i Formaci\u00f3 Professional. Cost de l&#8217;estudi (materials, EPIS, sortides&#8230;) es detalla a l\u2019apartat de preinscripci\u00f3 i matr\u00edcula a l\u2019inici d\u2019aquesta p\u00e0gina.<\/li>\n<\/ul>\n<\/li>\n<\/ul>\n<p>&nbsp;<\/p>\n<p>La distribuci\u00f3 dels M\u00f2duls Professionals d&#8217;aquests estudis \u00e9s:<\/p>\n<table style=\"border-collapse: collapse; width: 100%; height: 419px;\" border=\"1\">\n<tbody>\n<tr style=\"height: 32px;\">\n<td style=\"width: 50%; text-align: center; height: 32px;\"><strong>PRIMER CURS<\/strong><\/td>\n<td style=\"width: 50%; text-align: center; height: 32px;\"><strong>SEGON CURS<\/strong><\/td>\n<\/tr>\n<tr style=\"height: 31px;\">\n<td style=\"width: 50%; height: 31px;\">Itinerari personal per a l&#8217;ocupabilitat I<\/td>\n<td style=\"width: 50%; height: 31px;\">Itinerari personal per a l&#8217;ocupabilitat II<\/td>\n<\/tr>\n<tr style=\"height: 31px;\">\n<td style=\"width: 50%; height: 31px;\">Sistemes i circuits el\u00e8ctrics<\/td>\n<td style=\"width: 50%; height: 31px;\">Projecte intermodular de sistemes electrot\u00e8cnics i automatitzats.<\/td>\n<\/tr>\n<tr style=\"height: 31px;\">\n<td style=\"width: 50%; height: 31px;\">T\u00e8cniques i processos en instal\u00b7lacions dom\u00f2tiques i autom\u00e0tiques<\/td>\n<td style=\"width: 50%; height: 31px;\">Configuraci\u00f3 d&#8217;instal\u00b7lacions dom\u00f2tiques i autom\u00e0tiques (M4)<\/td>\n<\/tr>\n<tr style=\"height: 31px;\">\n<td style=\"width: 50%; height: 31px;\">Documentaci\u00f3 t\u00e8cnica en instal\u00b7lacions el\u00e8ctriques<\/td>\n<td style=\"width: 50%; height: 31px;\">Desenvolupament de xarxes el\u00e8ctriques i centres de transformaci\u00f3 (M6)<\/td>\n<\/tr>\n<tr style=\"height: 46px;\">\n<td style=\"width: 50%; height: 42px;\">Digitalitzaci\u00f3 aplicada als sectors productius.<\/td>\n<td style=\"width: 50%; height: 42px;\">Sistemes de comunicacions i d\u2019ajut a la navegaci\u00f3 (M16)<\/td>\n<\/tr>\n<tr style=\"height: 31px;\">\n<td style=\"width: 50%; height: 31px;\">Instal\u00b7lacions el\u00e8ctriques del vaixell<\/td>\n<td style=\"width: 50%; height: 31px;\">Gesti\u00f3 del muntatge i del manteniment d&#8217;instal\u00b7lacions el\u00e8ctriques ( M7)<\/td>\n<\/tr>\n<tr style=\"height: 31px;\">\n<td style=\"width: 50%; height: 31px;\">Muntatge d&#8217;instal\u00b7lacions el\u00e8ctriques del vaixell<\/td>\n<td style=\"width: 50%; height: 31px;\">Processos en instal\u00b7lacions d\u2019infraestructures comunes de tlc (M8)<\/td>\n<\/tr>\n<tr style=\"height: 32px;\">\n<td style=\"width: 50%; height: 32px;\">T\u00e8cniques i processos en instal\u00b7lacions el\u00e8ctriques<\/td>\n<td style=\"width: 50%; height: 32px;\">Tutoria 2<\/td>\n<\/tr>\n<tr style=\"height: 32px;\">\n<td style=\"width: 50%; height: 32px;\">Configuraci\u00f3 d&#8217;instal\u00b7lacions el\u00e8ctriques<\/td>\n<td style=\"width: 50%; height: 32px;\"><\/td>\n<\/tr>\n<tr style=\"height: 32px;\">\n<td style=\"width: 50%; height: 32px;\">Sostenibilitat aplicada al sistema productiu.<\/td>\n<td style=\"width: 50%; height: 32px;\"><\/td>\n<\/tr>\n<tr style=\"height: 31px;\">\n<td style=\"width: 50%; height: 31px;\">Angl\u00e8s professional<\/td>\n<td style=\"width: 50%; height: 31px;\"><\/td>\n<\/tr>\n<tr style=\"height: 32px;\">\n<td style=\"width: 50%; height: 32px;\">Tutoria 1<\/td>\n<td style=\"width: 50%; height: 32px;\"><\/td>\n<\/tr>\n<\/tbody>\n<\/table>\n<p>A m\u00e9s per a tots els alumnes que<strong> ja tinguin el CFGS Sistemes Electrot\u00e8cnics i Automatitzats<\/strong> s\u2019ofereix l&#8217;especialitzaci\u00f3 en n\u00e0utica (Sistemes el\u00e8ctrics i de navegaci\u00f3), compactada en un sol curs acad\u00e8mic<\/p>\n<p>Podeu consultar els m\u00f2duls que heu de cursar en el seg\u00fcent document:\u00a0<a href=\"https:\/\/agora.xtec.cat\/ins-nauticabcn\/wp-content\/uploads\/usu313\/2021\/07\/especialitzaci\u00f3-n\u00e0uticav2.docx.pdf\" target=\"_blank\" rel=\"noopener noreferrer\">especialitzaci\u00f3 n\u00e0utica<\/a><a href=\"http:\/\/agora.xtec.cat\/ins-nauticabcn\/wp-content\/uploads\/usu313\/2017\/07\/especialitzacio%CC%81-na%CC%80utica.pdf\">.<\/a><\/p>\n<p>&nbsp;<\/p>\n<p>&nbsp;<\/p>\n<hr \/>\n<p><sup>(*)<\/sup>\u00a0Correspon al T\u00edtol de GS de Sistemes Electrot\u00e8cnics i Automatitzats, perfil professional d\u2019Instal\u00b7lacions El\u00e8ctriques i Comunicacions del Vaixell<\/p>\n<p style=\"text-align: center;\">\r\n\t<div class=\"slideshow_container slideshow_container_style-light\" style=\" \" data-slideshow-id=\"1505\" data-style-name=\"style-light\" data-style-version=\"2.3.1\" >\r\n\r\n\t\t\t\t\t<div class=\"slideshow_loading_icon\"><\/div>\r\n\t\t\r\n\t\t<div class=\"slideshow_content\" style=\"display: none;\">\r\n\r\n\t\t\t<div class=\"slideshow_view\">\r\n\t<div class=\"slideshow_slide slideshow_slide_video\">\r\n\t\t<div class=\"slideshow_slide_video_id\" style=\"display: none;\" data-show-related-videos=\"0\">pEgqtV_cqKg<\/div>\r\n\t<\/div>\r\n<div style=\"clear: both;\"><\/div><\/div>\r\n\t\t<\/div>\r\n\r\n\t\t<div class=\"slideshow_controlPanel slideshow_transparent\" style=\"display: none;\"><ul><li class=\"slideshow_togglePlay\" data-play-text=\"Visualitza\" data-pause-text=\"Pausa\"><\/li><\/ul><\/div>\r\n\r\n\t\t<div class=\"slideshow_button slideshow_previous slideshow_transparent\" role=\"button\" data-previous-text=\"Anterior\" style=\"display: none;\"><\/div>\r\n\t\t<div class=\"slideshow_button slideshow_next slideshow_transparent\" role=\"button\" data-next-text=\"Seg\u00fcent\" style=\"display: none;\"><\/div>\r\n\r\n\t\t<div class=\"slideshow_pagination\" style=\"display: none;\" data-go-to-text=\"V\u00e9s a la diapositiva\"><div class=\"slideshow_pagination_center\"><\/div><\/div>\r\n\r\n\t\t<!-- WordPress Slideshow Version 2.3.1 -->\r\n\r\n\t\t\t<\/div>\r\n\r\n<\/p>\n<table style=\"width: 998px; height: 498px;\">\n<tbody>\n<tr style=\"height: 488px;\">\n<td style=\"width: 387.778px; height: 488px;\"><img loading=\"lazy\" decoding=\"async\" class=\"aligncenter wp-image-5741 size-full\" src=\"https:\/\/agora.xtec.cat\/ins-nauticabcn\/wp-content\/uploads\/usu313\/2022\/01\/Copia-de-Grau-Superior-Sistemes-de-Navegacio.jpg\" alt=\"\" width=\"1414\" height=\"2000\" srcset=\"https:\/\/agora.xtec.cat\/ins-nauticabcn\/wp-content\/uploads\/usu313\/2022\/01\/Copia-de-Grau-Superior-Sistemes-de-Navegacio.jpg 1414w, https:\/\/agora.xtec.cat\/ins-nauticabcn\/wp-content\/uploads\/usu313\/2022\/01\/Copia-de-Grau-Superior-Sistemes-de-Navegacio-212x300.jpg 212w, https:\/\/agora.xtec.cat\/ins-nauticabcn\/wp-content\/uploads\/usu313\/2022\/01\/Copia-de-Grau-Superior-Sistemes-de-Navegacio-724x1024.jpg 724w, https:\/\/agora.xtec.cat\/ins-nauticabcn\/wp-content\/uploads\/usu313\/2022\/01\/Copia-de-Grau-Superior-Sistemes-de-Navegacio-768x1086.jpg 768w, https:\/\/agora.xtec.cat\/ins-nauticabcn\/wp-content\/uploads\/usu313\/2022\/01\/Copia-de-Grau-Superior-Sistemes-de-Navegacio-1086x1536.jpg 1086w\" sizes=\"auto, (max-width: 1414px) 100vw, 1414px\" \/><\/td>\n<td style=\"width: 606.667px; height: 488px;\"><img loading=\"lazy\" decoding=\"async\" class=\"wp-image-2425 alignleft\" src=\"http:\/\/agora.xtec.cat\/ins-nauticabcn\/wp-content\/uploads\/usu313\/2015\/03\/Screen-Shot-04-16-18-at-09.44-AM.png\" alt=\"\" width=\"553\" height=\"388\" srcset=\"https:\/\/agora.xtec.cat\/ins-nauticabcn\/wp-content\/uploads\/usu313\/2015\/03\/Screen-Shot-04-16-18-at-09.44-AM.png 1279w, https:\/\/agora.xtec.cat\/ins-nauticabcn\/wp-content\/uploads\/usu313\/2015\/03\/Screen-Shot-04-16-18-at-09.44-AM-300x210.png 300w, https:\/\/agora.xtec.cat\/ins-nauticabcn\/wp-content\/uploads\/usu313\/2015\/03\/Screen-Shot-04-16-18-at-09.44-AM-768x539.png 768w, https:\/\/agora.xtec.cat\/ins-nauticabcn\/wp-content\/uploads\/usu313\/2015\/03\/Screen-Shot-04-16-18-at-09.44-AM-1024x718.png 1024w\" sizes=\"auto, (max-width: 553px) 100vw, 553px\" \/><\/td>\n<\/tr>\n<\/tbody>\n<\/table>\n\n\t\t<style type=\"text\/css\">\n\t\t\t#gallery-1 {\n\t\t\t\tmargin: auto;\n\t\t\t}\n\t\t\t#gallery-1 .gallery-item {\n\t\t\t\tfloat: left;\n\t\t\t\tmargin-top: 10px;\n\t\t\t\ttext-align: center;\n\t\t\t\twidth: 33%;\n\t\t\t}\n\t\t\t#gallery-1 img {\n\t\t\t\tborder: 2px solid #cfcfcf;\n\t\t\t}\n\t\t\t#gallery-1 .gallery-caption {\n\t\t\t\tmargin-left: 0;\n\t\t\t}\n\t\t\t\/* see gallery_shortcode() in wp-includes\/media.php *\/\n\t\t<\/style>\n\t\t<div id='gallery-1' class='gallery galleryid-287 gallery-columns-3 gallery-size-medium'><dl class='gallery-item'>\n\t\t\t<dt class='gallery-icon landscape'>\n\t\t\t\t<a href='https:\/\/agora.xtec.cat\/ins-nauticabcn\/wp-content\/uploads\/usu313\/2017\/03\/Tecnoferran-Copy.jpg'><img loading=\"lazy\" decoding=\"async\" width=\"300\" height=\"169\" src=\"https:\/\/agora.xtec.cat\/ins-nauticabcn\/wp-content\/uploads\/usu313\/2017\/03\/Tecnoferran-Copy-300x169.jpg\" class=\"attachment-medium size-medium\" alt=\"\" srcset=\"https:\/\/agora.xtec.cat\/ins-nauticabcn\/wp-content\/uploads\/usu313\/2017\/03\/Tecnoferran-Copy-300x169.jpg 300w, https:\/\/agora.xtec.cat\/ins-nauticabcn\/wp-content\/uploads\/usu313\/2017\/03\/Tecnoferran-Copy-768x432.jpg 768w, https:\/\/agora.xtec.cat\/ins-nauticabcn\/wp-content\/uploads\/usu313\/2017\/03\/Tecnoferran-Copy.jpg 1024w\" sizes=\"auto, (max-width: 300px) 100vw, 300px\" \/><\/a>\n\t\t\t<\/dt><\/dl><dl class='gallery-item'>\n\t\t\t<dt class='gallery-icon landscape'>\n\t\t\t\t<a href='https:\/\/agora.xtec.cat\/ins-nauticabcn\/wp-content\/uploads\/usu313\/2017\/03\/Centre-simulacio-Copy.jpg'><img loading=\"lazy\" decoding=\"async\" width=\"300\" height=\"225\" src=\"https:\/\/agora.xtec.cat\/ins-nauticabcn\/wp-content\/uploads\/usu313\/2017\/03\/Centre-simulacio-Copy-300x225.jpg\" class=\"attachment-medium size-medium\" alt=\"\" srcset=\"https:\/\/agora.xtec.cat\/ins-nauticabcn\/wp-content\/uploads\/usu313\/2017\/03\/Centre-simulacio-Copy-300x225.jpg 300w, https:\/\/agora.xtec.cat\/ins-nauticabcn\/wp-content\/uploads\/usu313\/2017\/03\/Centre-simulacio-Copy-768x576.jpg 768w, https:\/\/agora.xtec.cat\/ins-nauticabcn\/wp-content\/uploads\/usu313\/2017\/03\/Centre-simulacio-Copy.jpg 1024w, https:\/\/agora.xtec.cat\/ins-nauticabcn\/wp-content\/uploads\/usu313\/2017\/03\/Centre-simulacio-Copy-200x150.jpg 200w\" sizes=\"auto, (max-width: 300px) 100vw, 300px\" \/><\/a>\n\t\t\t<\/dt><\/dl><dl class='gallery-item'>\n\t\t\t<dt class='gallery-icon portrait'>\n\t\t\t\t<a href='https:\/\/agora.xtec.cat\/ins-nauticabcn\/wp-content\/uploads\/usu313\/2015\/03\/electr1.png'><img loading=\"lazy\" decoding=\"async\" width=\"256\" height=\"300\" src=\"https:\/\/agora.xtec.cat\/ins-nauticabcn\/wp-content\/uploads\/usu313\/2015\/03\/electr1-256x300.png\" class=\"attachment-medium size-medium\" alt=\"\" srcset=\"https:\/\/agora.xtec.cat\/ins-nauticabcn\/wp-content\/uploads\/usu313\/2015\/03\/electr1-256x300.png 256w, https:\/\/agora.xtec.cat\/ins-nauticabcn\/wp-content\/uploads\/usu313\/2015\/03\/electr1.png 425w\" sizes=\"auto, (max-width: 256px) 100vw, 256px\" \/><\/a>\n\t\t\t<\/dt><\/dl><br style=\"clear: both\" \/><dl class='gallery-item'>\n\t\t\t<dt class='gallery-icon landscape'>\n\t\t\t\t<a href='https:\/\/agora.xtec.cat\/ins-nauticabcn\/wp-content\/uploads\/usu313\/2015\/06\/PFI1.jpg'><img loading=\"lazy\" decoding=\"async\" width=\"300\" height=\"200\" src=\"https:\/\/agora.xtec.cat\/ins-nauticabcn\/wp-content\/uploads\/usu313\/2015\/06\/PFI1-300x200.jpg\" class=\"attachment-medium size-medium\" alt=\"\" srcset=\"https:\/\/agora.xtec.cat\/ins-nauticabcn\/wp-content\/uploads\/usu313\/2015\/06\/PFI1-300x200.jpg 300w, https:\/\/agora.xtec.cat\/ins-nauticabcn\/wp-content\/uploads\/usu313\/2015\/06\/PFI1.jpg 462w\" sizes=\"auto, (max-width: 300px) 100vw, 300px\" \/><\/a>\n\t\t\t<\/dt><\/dl><dl class='gallery-item'>\n\t\t\t<dt class='gallery-icon landscape'>\n\t\t\t\t<a href='https:\/\/agora.xtec.cat\/ins-nauticabcn\/wp-content\/uploads\/usu313\/2017\/03\/Albert-Bargu\u00e9s-volta-mon-Copy.jpg'><img loading=\"lazy\" decoding=\"async\" width=\"300\" height=\"225\" src=\"https:\/\/agora.xtec.cat\/ins-nauticabcn\/wp-content\/uploads\/usu313\/2017\/03\/Albert-Bargu\u00e9s-volta-mon-Copy-300x225.jpg\" class=\"attachment-medium size-medium\" alt=\"\" srcset=\"https:\/\/agora.xtec.cat\/ins-nauticabcn\/wp-content\/uploads\/usu313\/2017\/03\/Albert-Bargu\u00e9s-volta-mon-Copy-300x225.jpg 300w, https:\/\/agora.xtec.cat\/ins-nauticabcn\/wp-content\/uploads\/usu313\/2017\/03\/Albert-Bargu\u00e9s-volta-mon-Copy-768x576.jpg 768w, https:\/\/agora.xtec.cat\/ins-nauticabcn\/wp-content\/uploads\/usu313\/2017\/03\/Albert-Bargu\u00e9s-volta-mon-Copy.jpg 1024w, https:\/\/agora.xtec.cat\/ins-nauticabcn\/wp-content\/uploads\/usu313\/2017\/03\/Albert-Bargu\u00e9s-volta-mon-Copy-200x150.jpg 200w\" sizes=\"auto, (max-width: 300px) 100vw, 300px\" \/><\/a>\n\t\t\t<\/dt><\/dl>\n\t\t\t<br style='clear: both' \/>\n\t\t<\/div>\n\n<p>&nbsp;<\/p>\n<p>&nbsp;<\/p>\n<p>&nbsp;<\/p>\n","protected":false},"excerpt":{"rendered":"<p>Oferta formativa 2025-2026:<br \/>\nSetembre 2025<\/p>\n<ul>\n<li>Preinscripci\u00f3 i matr\u00edcula curs 2025-2026 (aquest apartat s&#8217;actualitza en el moment que s&#8217;obre un per\u00edode de preinscripci\u00f3 i matr\u00edcula)<\/li>\n<\/ul>\n<p>&nbsp;<br \/>\nPer saber-ne m\u00e9s:<br \/>\nEn els estudis de GS de Sistemes el\u00e8ctrics i de Navegaci\u00f3, l&#8217;alumnat apr\u00e9n a desenvolupar i gestionar projectes de manteniment en les&hellip;  <a href=\"https:\/\/agora.xtec.cat\/ins-nauticabcn\/estudis\/formacio-professional\/gs-sistemes-electrotecnics-i-de-comunicacio-dels-vaixells\/\" title=\"Read GS de Sistemes el\u00e8ctrics i de Navegaci\u00f3\">Llegeix m\u00e9s\u00bb<\/a><\/p>\n","protected":false},"author":1,"featured_media":0,"parent":278,"menu_order":0,"comment_status":"closed","ping_status":"closed","template":"page-templates\/side-menu.php","meta":{"_bbp_topic_count":0,"_bbp_reply_count":0,"_bbp_total_topic_count":0,"_bbp_total_reply_count":0,"_bbp_voice_count":0,"_bbp_anonymous_reply_count":0,"_bbp_topic_count_hidden":0,"_bbp_reply_count_hidden":0,"_bbp_forum_subforum_count":0,"footnotes":""},"class_list":["post-287","page","type-page","status-publish","hentry"],"post_mailing_queue_ids":[],"_links":{"self":[{"href":"https:\/\/agora.xtec.cat\/ins-nauticabcn\/wp-json\/wp\/v2\/pages\/287","targetHints":{"allow":["GET"]}}],"collection":[{"href":"https:\/\/agora.xtec.cat\/ins-nauticabcn\/wp-json\/wp\/v2\/pages"}],"about":[{"href":"https:\/\/agora.xtec.cat\/ins-nauticabcn\/wp-json\/wp\/v2\/types\/page"}],"author":[{"embeddable":true,"href":"https:\/\/agora.xtec.cat\/ins-nauticabcn\/wp-json\/wp\/v2\/users\/1"}],"replies":[{"embeddable":true,"href":"https:\/\/agora.xtec.cat\/ins-nauticabcn\/wp-json\/wp\/v2\/comments?post=287"}],"version-history":[{"count":6,"href":"https:\/\/agora.xtec.cat\/ins-nauticabcn\/wp-json\/wp\/v2\/pages\/287\/revisions"}],"predecessor-version":[{"id":10286,"href":"https:\/\/agora.xtec.cat\/ins-nauticabcn\/wp-json\/wp\/v2\/pages\/287\/revisions\/10286"}],"up":[{"embeddable":true,"href":"https:\/\/agora.xtec.cat\/ins-nauticabcn\/wp-json\/wp\/v2\/pages\/278"}],"wp:attachment":[{"href":"https:\/\/agora.xtec.cat\/ins-nauticabcn\/wp-json\/wp\/v2\/media?parent=287"}],"curies":[{"name":"wp","href":"https:\/\/api.w.org\/{rel}","templated":true}]}}