{"id":1730,"date":"2017-07-06T09:46:31","date_gmt":"2017-07-06T07:46:31","guid":{"rendered":"http:\/\/agora.xtec.cat\/ins-nauticabcn\/?page_id=1730"},"modified":"2026-04-29T13:29:28","modified_gmt":"2026-04-29T11:29:28","slug":"cfgs-sistemes-electrotecnics-i-automatitzats-especialitzacio-en-nautica","status":"publish","type":"page","link":"https:\/\/agora.xtec.cat\/ins-nauticabcn\/estudis\/formacio-professional\/cfgs-sistemes-electrotecnics-i-automatitzats-especialitzacio-en-nautica\/","title":{"rendered":"GS Ensenyament i Animaci\u00f3 Socioesportiva orientat a platja"},"content":{"rendered":"<p><span style=\"color: #ff6600;\"><strong>Oferta formativa 2026-2027:<\/strong><\/span><\/p>\n<p>Setembre 2026<\/p>\n<ul>\n<li><a href=\"https:\/\/agora.xtec.cat\/ins-nauticabcn\/preinscripcio-i-matricula-cfgs-ensenyament-i-animacio-socioesportiva-orientat-a-platja\/\" target=\"_blank\" rel=\"noopener\"><strong>Preinscripci\u00f3 i matr\u00edcula curs 2026-2027<\/strong><\/a><\/li>\n<\/ul>\n<p><strong><span style=\"color: #ff6600;\">Per saber-ne m\u00e9s: <\/span><\/strong><\/p>\n<p>Des de l&#8217;Institut de N\u00e0utica de Barcelona, ens plau informar-vos que del <strong>curs 2018-2019 impartim el cicle formatiu de grau superior d&#8217;Ensenyament i Animaci\u00f3 Socioesportiva (EAS) orientat en activitats esportives de platja <sup>(*)<\/sup>.<\/strong><\/p>\n<p>Aquest cicle va encaminat a formar l&#8217;alumnat en el m\u00f3n de les activitats f\u00edsic-esportives a l&#8217;entorn de la platja, per donar resposta a la demanda dels sectors esportius relacionats amb el mar. Amb aquests estudis, donem eines a l&#8217;alumnat per a qu\u00e8 siguin competents en el sector professional relacionat amb les activitats l\u00fadiques i esportives que tenen lloc a la platja. Aquests estudis tenen una durada de dos anys en horari de mat\u00ed. S&#8217;ofereix la modalitat dual i la possibilitat de fer pr\u00e0ctiques a l&#8217;estranger.<\/p>\n<p>&nbsp;<\/p>\n<ul>\n<li style=\"list-style-type: none;\">\n<ul>\n<li><a href=\"https:\/\/agora.xtec.cat\/ins-nauticabcn\/wp-content\/uploads\/usu313\/2026\/01\/CFPS____AEA0_CA.pdf\" target=\"_blank\" rel=\"noopener\">Fitxa dels estudis<\/a><\/li>\n<li><a href=\"https:\/\/agora.xtec.cat\/ins-nauticabcn\/wp-content\/uploads\/usu313\/2024\/02\/Captura-de-pantalla-2024-02-22-131733.png\" target=\"_blank\" rel=\"noopener\">Preus p\u00fablics<\/a> fixats per el Departament d&#8217;Educaci\u00f3 i Formaci\u00f3 Professional. Cost de l&#8217;estudi (materials, instal\u00b7lacions, sortides&#8230;) es detalla a l\u2019apartat de preinscripci\u00f3 i matr\u00edcula a l\u2019inici d\u2019aquesta p\u00e0gina.<\/li>\n<li><a href=\"https:\/\/sites.google.com\/institutdenautica.barcelona\/tseasdeplatjainb\/home\">Blog dels TSEAS de Platja<\/a><\/li>\n<\/ul>\n<\/li>\n<\/ul>\n<p><span style=\"font-family: inherit; font-size: 1em;\">La distribuci\u00f3 actual dels m\u00f2duls professional (MP) \u00e9s la seg\u00fcent:<\/span><\/p>\n<table style=\"border-collapse: collapse; width: 100%; height: 360px;\" border=\"1\">\n<tbody>\n<tr style=\"height: 30px;\">\n<td style=\"width: 50%; text-align: center; height: 30px;\"><strong>PRIMER CURS<\/strong><\/td>\n<td style=\"width: 50%; text-align: center; height: 30px;\"><strong>SEGON CURS<\/strong><\/td>\n<\/tr>\n<tr style=\"height: 30px;\">\n<td style=\"width: 50%; text-align: left; height: 30px;\">Dinamitzaci\u00f3 grupal<\/td>\n<td style=\"width: 50%; height: 30px;\">Jocs i activitats fisicorecreatives i d&#8217;animaci\u00f3 tur\u00edstica. (M9)<\/td>\n<\/tr>\n<tr style=\"height: 30px;\">\n<td style=\"width: 50%; text-align: left; height: 30px;\">Sostenibilitat aplicada al sistema productiu<\/td>\n<td style=\"width: 50%; height: 30px;\">Activitats d&#8217;Oci i Temps Lliure. (M6)<\/td>\n<\/tr>\n<tr style=\"height: 30px;\">\n<td style=\"width: 50%; text-align: left; height: 30px;\">Valoraci\u00f3 de la Condici\u00f3 F\u00edsica i Intervenci\u00f3 en Accidents<\/td>\n<td style=\"width: 50%; height: 30px;\">Planificaci\u00f3 de l\u2019Animaci\u00f3 Socioesportiva. (M3)<\/td>\n<\/tr>\n<tr style=\"height: 30px;\">\n<td style=\"width: 50%; text-align: left; height: 30px;\">Activitats Fisicoesportives Individuals<\/td>\n<td style=\"width: 50%; height: 30px;\">Activitats Fisicoesportives per a la Inclusi\u00f3 Social. (M10)<\/td>\n<\/tr>\n<tr style=\"height: 30px;\">\n<td style=\"width: 50%; text-align: left; height: 30px;\">Metodologia de l&#8217;Ensenyament d&#8217;Activitats Fisicoesportives<\/td>\n<td style=\"width: 50%; height: 30px;\">Projecte intermodular.<\/td>\n<\/tr>\n<tr style=\"height: 30px;\">\n<td style=\"width: 50%; text-align: left; height: 30px;\">Angl\u00e8s professional<\/td>\n<td style=\"width: 50%; height: 30px;\">Activitats esportives aqu\u00e0tiques<\/td>\n<\/tr>\n<tr style=\"height: 30px;\">\n<td style=\"width: 50%; text-align: left; height: 30px;\">Activitats fisicoesportives d\u2019equip<\/td>\n<td style=\"width: 50%; height: 30px;\">Habilitats aqu\u00e0tiques<\/td>\n<\/tr>\n<tr style=\"height: 30px;\">\n<td style=\"width: 50%; text-align: left; height: 30px;\">Activitats fisicoesportives d\u2019implements<\/td>\n<td style=\"width: 50%; height: 30px;\">Itinerari personal per a l\u2019ocupabilitat II<\/td>\n<\/tr>\n<tr style=\"height: 30px;\">\n<td style=\"width: 50%; text-align: left; height: 30px;\">Itinerari personal per a l\u2019ocupabilitat I<\/td>\n<td style=\"width: 50%; height: 30px;\">Tutoria 2<\/td>\n<\/tr>\n<tr style=\"height: 30px;\">\n<td style=\"width: 50%; text-align: left; height: 30px;\">Tutoria 1<\/td>\n<td style=\"width: 50%; height: 30px;\"><\/td>\n<\/tr>\n<tr style=\"height: 30px;\">\n<td style=\"width: 50%; text-align: left; height: 30px;\"><\/td>\n<td style=\"width: 50%; height: 30px;\"><\/td>\n<\/tr>\n<\/tbody>\n<\/table>\n<p>(*) Correspon a l&#8217;antic Grau Superior d&#8217;Animaci\u00f3 d&#8217;Activitats F\u00edsiques i Esportives (AAFE)<\/p>\n<p style=\"text-align: center;\">\r\n\t<div class=\"slideshow_container slideshow_container_style-light\" style=\" \" data-slideshow-id=\"4046\" data-style-name=\"style-light\" data-style-version=\"2.3.1\" >\r\n\r\n\t\t\t\t\t<div class=\"slideshow_loading_icon\"><\/div>\r\n\t\t\r\n\t\t<div class=\"slideshow_content\" style=\"display: none;\">\r\n\r\n\t\t\t<div class=\"slideshow_view\">\r\n\t<div class=\"slideshow_slide slideshow_slide_video\">\r\n\t\t<div class=\"slideshow_slide_video_id\" style=\"display: none;\" data-show-related-videos=\"0\">btKt9mOhGh4<\/div>\r\n\t<\/div>\r\n<div style=\"clear: both;\"><\/div><\/div>\r\n\t\t<\/div>\r\n\r\n\t\t<div class=\"slideshow_controlPanel slideshow_transparent\" style=\"display: none;\"><ul><li class=\"slideshow_togglePlay\" data-play-text=\"Visualitza\" data-pause-text=\"Pausa\"><\/li><\/ul><\/div>\r\n\r\n\t\t<div class=\"slideshow_button slideshow_previous slideshow_transparent\" role=\"button\" data-previous-text=\"Anterior\" style=\"display: none;\"><\/div>\r\n\t\t<div class=\"slideshow_button slideshow_next slideshow_transparent\" role=\"button\" data-next-text=\"Seg\u00fcent\" style=\"display: none;\"><\/div>\r\n\r\n\t\t<div class=\"slideshow_pagination\" style=\"display: none;\" data-go-to-text=\"V\u00e9s a la diapositiva\"><div class=\"slideshow_pagination_center\"><\/div><\/div>\r\n\r\n\t\t<!-- WordPress Slideshow Version 2.3.1 -->\r\n\r\n\t\t\t<\/div>\r\n\r\n<\/p>\n<hr \/>\n\n\t\t<style type=\"text\/css\">\n\t\t\t#gallery-1 {\n\t\t\t\tmargin: auto;\n\t\t\t}\n\t\t\t#gallery-1 .gallery-item {\n\t\t\t\tfloat: left;\n\t\t\t\tmargin-top: 10px;\n\t\t\t\ttext-align: center;\n\t\t\t\twidth: 33%;\n\t\t\t}\n\t\t\t#gallery-1 img {\n\t\t\t\tborder: 2px solid #cfcfcf;\n\t\t\t}\n\t\t\t#gallery-1 .gallery-caption {\n\t\t\t\tmargin-left: 0;\n\t\t\t}\n\t\t\t\/* see gallery_shortcode() in wp-includes\/media.php *\/\n\t\t<\/style>\n\t\t<div id='gallery-1' class='gallery galleryid-1730 gallery-columns-3 gallery-size-full'><dl class='gallery-item'>\n\t\t\t<dt class='gallery-icon landscape'>\n\t\t\t\t<a href='https:\/\/agora.xtec.cat\/ins-nauticabcn\/projectes\/attachment\/foto-2-2\/'><img loading=\"lazy\" decoding=\"async\" width=\"1024\" height=\"768\" src=\"https:\/\/agora.xtec.cat\/ins-nauticabcn\/wp-content\/uploads\/usu313\/2019\/02\/Foto-2.jpg\" class=\"attachment-full size-full\" alt=\"\" srcset=\"https:\/\/agora.xtec.cat\/ins-nauticabcn\/wp-content\/uploads\/usu313\/2019\/02\/Foto-2.jpg 1024w, https:\/\/agora.xtec.cat\/ins-nauticabcn\/wp-content\/uploads\/usu313\/2019\/02\/Foto-2-300x225.jpg 300w, https:\/\/agora.xtec.cat\/ins-nauticabcn\/wp-content\/uploads\/usu313\/2019\/02\/Foto-2-768x576.jpg 768w, https:\/\/agora.xtec.cat\/ins-nauticabcn\/wp-content\/uploads\/usu313\/2019\/02\/Foto-2-200x150.jpg 200w\" sizes=\"auto, (max-width: 1024px) 100vw, 1024px\" \/><\/a>\n\t\t\t<\/dt><\/dl><dl class='gallery-item'>\n\t\t\t<dt class='gallery-icon landscape'>\n\t\t\t\t<a href='https:\/\/agora.xtec.cat\/ins-nauticabcn\/portada\/portes-obertes-2019-2020\/attachment\/foto-8\/'><img loading=\"lazy\" decoding=\"async\" width=\"1024\" height=\"768\" src=\"https:\/\/agora.xtec.cat\/ins-nauticabcn\/wp-content\/uploads\/usu313\/2019\/02\/Foto-8.jpg\" class=\"attachment-full size-full\" alt=\"\" aria-describedby=\"gallery-1-2853\" srcset=\"https:\/\/agora.xtec.cat\/ins-nauticabcn\/wp-content\/uploads\/usu313\/2019\/02\/Foto-8.jpg 1024w, https:\/\/agora.xtec.cat\/ins-nauticabcn\/wp-content\/uploads\/usu313\/2019\/02\/Foto-8-300x225.jpg 300w, https:\/\/agora.xtec.cat\/ins-nauticabcn\/wp-content\/uploads\/usu313\/2019\/02\/Foto-8-768x576.jpg 768w, https:\/\/agora.xtec.cat\/ins-nauticabcn\/wp-content\/uploads\/usu313\/2019\/02\/Foto-8-200x150.jpg 200w\" sizes=\"auto, (max-width: 1024px) 100vw, 1024px\" \/><\/a>\n\t\t\t<\/dt>\n\t\t\t\t<dd class='wp-caption-text gallery-caption' id='gallery-1-2853'>\n\t\t\t\tSessi\u00f3 SUP MP16\n\t\t\t\t<\/dd><\/dl><dl class='gallery-item'>\n\t\t\t<dt class='gallery-icon landscape'>\n\t\t\t\t<a href='https:\/\/agora.xtec.cat\/ins-nauticabcn\/dav-38\/'><img loading=\"lazy\" decoding=\"async\" width=\"2608\" height=\"1955\" src=\"https:\/\/agora.xtec.cat\/ins-nauticabcn\/wp-content\/uploads\/usu313\/2019\/04\/6.jpg\" class=\"attachment-full size-full\" alt=\"\" aria-describedby=\"gallery-1-3125\" srcset=\"https:\/\/agora.xtec.cat\/ins-nauticabcn\/wp-content\/uploads\/usu313\/2019\/04\/6.jpg 2608w, https:\/\/agora.xtec.cat\/ins-nauticabcn\/wp-content\/uploads\/usu313\/2019\/04\/6-300x225.jpg 300w, https:\/\/agora.xtec.cat\/ins-nauticabcn\/wp-content\/uploads\/usu313\/2019\/04\/6-768x576.jpg 768w, https:\/\/agora.xtec.cat\/ins-nauticabcn\/wp-content\/uploads\/usu313\/2019\/04\/6-1024x768.jpg 1024w, https:\/\/agora.xtec.cat\/ins-nauticabcn\/wp-content\/uploads\/usu313\/2019\/04\/6-200x150.jpg 200w\" sizes=\"auto, (max-width: 2608px) 100vw, 2608px\" \/><\/a>\n\t\t\t<\/dt>\n\t\t\t\t<dd class='wp-caption-text gallery-caption' id='gallery-1-3125'>\n\t\t\t\tSessi\u00f3 esports de platja MP6\n\t\t\t\t<\/dd><\/dl><br style=\"clear: both\" \/><dl class='gallery-item'>\n\t\t\t<dt class='gallery-icon landscape'>\n\t\t\t\t<a href='https:\/\/agora.xtec.cat\/ins-nauticabcn\/general\/acollim-a-estudiants-francesos-i-italians-dun-projecte-erasmus-europeu\/attachment\/img-20190401-wa0009\/'><img loading=\"lazy\" decoding=\"async\" width=\"1600\" height=\"1200\" src=\"https:\/\/agora.xtec.cat\/ins-nauticabcn\/wp-content\/uploads\/usu313\/2019\/04\/IMG-20190401-WA0009.jpg\" class=\"attachment-full size-full\" alt=\"\" aria-describedby=\"gallery-1-3055\" srcset=\"https:\/\/agora.xtec.cat\/ins-nauticabcn\/wp-content\/uploads\/usu313\/2019\/04\/IMG-20190401-WA0009.jpg 1600w, https:\/\/agora.xtec.cat\/ins-nauticabcn\/wp-content\/uploads\/usu313\/2019\/04\/IMG-20190401-WA0009-300x225.jpg 300w, https:\/\/agora.xtec.cat\/ins-nauticabcn\/wp-content\/uploads\/usu313\/2019\/04\/IMG-20190401-WA0009-768x576.jpg 768w, https:\/\/agora.xtec.cat\/ins-nauticabcn\/wp-content\/uploads\/usu313\/2019\/04\/IMG-20190401-WA0009-1024x768.jpg 1024w, https:\/\/agora.xtec.cat\/ins-nauticabcn\/wp-content\/uploads\/usu313\/2019\/04\/IMG-20190401-WA0009-200x150.jpg 200w\" sizes=\"auto, (max-width: 1600px) 100vw, 1600px\" \/><\/a>\n\t\t\t<\/dt>\n\t\t\t\t<dd class='wp-caption-text gallery-caption' id='gallery-1-3055'>\n\t\t\t\tJornada alumnes Erasmus\n\t\t\t\t<\/dd><\/dl><dl class='gallery-item'>\n\t\t\t<dt class='gallery-icon portrait'>\n\t\t\t\t<a href='https:\/\/agora.xtec.cat\/ins-nauticabcn\/foto-4\/'><img loading=\"lazy\" decoding=\"async\" width=\"768\" height=\"1024\" src=\"https:\/\/agora.xtec.cat\/ins-nauticabcn\/wp-content\/uploads\/usu313\/2019\/02\/Foto-4.jpg\" class=\"attachment-full size-full\" alt=\"\" aria-describedby=\"gallery-1-2849\" srcset=\"https:\/\/agora.xtec.cat\/ins-nauticabcn\/wp-content\/uploads\/usu313\/2019\/02\/Foto-4.jpg 768w, https:\/\/agora.xtec.cat\/ins-nauticabcn\/wp-content\/uploads\/usu313\/2019\/02\/Foto-4-225x300.jpg 225w\" sizes=\"auto, (max-width: 768px) 100vw, 768px\" \/><\/a>\n\t\t\t<\/dt>\n\t\t\t\t<dd class='wp-caption-text gallery-caption' id='gallery-1-2849'>\n\t\t\t\tSessi\u00f3 MP2 Dinamitzaci\u00f3 grupal\n\t\t\t\t<\/dd><\/dl><dl class='gallery-item'>\n\t\t\t<dt class='gallery-icon landscape'>\n\t\t\t\t<a href='https:\/\/agora.xtec.cat\/ins-nauticabcn\/dav-20\/'><img loading=\"lazy\" decoding=\"async\" width=\"3640\" height=\"2441\" src=\"https:\/\/agora.xtec.cat\/ins-nauticabcn\/wp-content\/uploads\/usu313\/2019\/02\/Jornada-intercicles-platja-7.jpg\" class=\"attachment-full size-full\" alt=\"\" aria-describedby=\"gallery-1-2897\" srcset=\"https:\/\/agora.xtec.cat\/ins-nauticabcn\/wp-content\/uploads\/usu313\/2019\/02\/Jornada-intercicles-platja-7.jpg 3640w, https:\/\/agora.xtec.cat\/ins-nauticabcn\/wp-content\/uploads\/usu313\/2019\/02\/Jornada-intercicles-platja-7-300x201.jpg 300w, https:\/\/agora.xtec.cat\/ins-nauticabcn\/wp-content\/uploads\/usu313\/2019\/02\/Jornada-intercicles-platja-7-768x515.jpg 768w, https:\/\/agora.xtec.cat\/ins-nauticabcn\/wp-content\/uploads\/usu313\/2019\/02\/Jornada-intercicles-platja-7-1024x687.jpg 1024w\" sizes=\"auto, (max-width: 3640px) 100vw, 3640px\" \/><\/a>\n\t\t\t<\/dt>\n\t\t\t\t<dd class='wp-caption-text gallery-caption' id='gallery-1-2897'>\n\t\t\t\tSessi\u00f3 Esports individuals de platja MP5\n\t\t\t\t<\/dd><\/dl><br style=\"clear: both\" \/><dl class='gallery-item'>\n\t\t\t<dt class='gallery-icon landscape'>\n\t\t\t\t<a href='https:\/\/agora.xtec.cat\/ins-nauticabcn\/dav-33\/'><img loading=\"lazy\" decoding=\"async\" width=\"3436\" height=\"2577\" src=\"https:\/\/agora.xtec.cat\/ins-nauticabcn\/wp-content\/uploads\/usu313\/2019\/04\/4.jpg\" class=\"attachment-full size-full\" alt=\"\" aria-describedby=\"gallery-1-3120\" srcset=\"https:\/\/agora.xtec.cat\/ins-nauticabcn\/wp-content\/uploads\/usu313\/2019\/04\/4.jpg 3436w, https:\/\/agora.xtec.cat\/ins-nauticabcn\/wp-content\/uploads\/usu313\/2019\/04\/4-300x225.jpg 300w, https:\/\/agora.xtec.cat\/ins-nauticabcn\/wp-content\/uploads\/usu313\/2019\/04\/4-768x576.jpg 768w, https:\/\/agora.xtec.cat\/ins-nauticabcn\/wp-content\/uploads\/usu313\/2019\/04\/4-1024x768.jpg 1024w, https:\/\/agora.xtec.cat\/ins-nauticabcn\/wp-content\/uploads\/usu313\/2019\/04\/4-200x150.jpg 200w\" sizes=\"auto, (max-width: 3436px) 100vw, 3436px\" \/><\/a>\n\t\t\t<\/dt>\n\t\t\t\t<dd class='wp-caption-text gallery-caption' id='gallery-1-3120'>\n\t\t\t\tSessi\u00f3 esports de platja MP6\n\t\t\t\t<\/dd><\/dl><dl class='gallery-item'>\n\t\t\t<dt class='gallery-icon portrait'>\n\t\t\t\t<a href='https:\/\/agora.xtec.cat\/ins-nauticabcn\/foto-5\/'><img loading=\"lazy\" decoding=\"async\" width=\"768\" height=\"1024\" src=\"https:\/\/agora.xtec.cat\/ins-nauticabcn\/wp-content\/uploads\/usu313\/2019\/02\/Foto-5.jpg\" class=\"attachment-full size-full\" alt=\"\" aria-describedby=\"gallery-1-2850\" srcset=\"https:\/\/agora.xtec.cat\/ins-nauticabcn\/wp-content\/uploads\/usu313\/2019\/02\/Foto-5.jpg 768w, https:\/\/agora.xtec.cat\/ins-nauticabcn\/wp-content\/uploads\/usu313\/2019\/02\/Foto-5-225x300.jpg 225w\" sizes=\"auto, (max-width: 768px) 100vw, 768px\" \/><\/a>\n\t\t\t<\/dt>\n\t\t\t\t<dd class='wp-caption-text gallery-caption' id='gallery-1-2850'>\n\t\t\t\tSessi\u00f3 MP2 Dinamitzaci\u00f3 grupal grupal M2\n\t\t\t\t<\/dd><\/dl><dl class='gallery-item'>\n\t\t\t<dt class='gallery-icon landscape'>\n\t\t\t\t<a href='https:\/\/agora.xtec.cat\/ins-nauticabcn\/dav-19\/'><img loading=\"lazy\" decoding=\"async\" width=\"3662\" height=\"2706\" src=\"https:\/\/agora.xtec.cat\/ins-nauticabcn\/wp-content\/uploads\/usu313\/2019\/02\/Jornada-intercicles-platja-5.jpg\" class=\"attachment-full size-full\" alt=\"\" aria-describedby=\"gallery-1-2896\" srcset=\"https:\/\/agora.xtec.cat\/ins-nauticabcn\/wp-content\/uploads\/usu313\/2019\/02\/Jornada-intercicles-platja-5.jpg 3662w, https:\/\/agora.xtec.cat\/ins-nauticabcn\/wp-content\/uploads\/usu313\/2019\/02\/Jornada-intercicles-platja-5-300x222.jpg 300w, https:\/\/agora.xtec.cat\/ins-nauticabcn\/wp-content\/uploads\/usu313\/2019\/02\/Jornada-intercicles-platja-5-768x568.jpg 768w, https:\/\/agora.xtec.cat\/ins-nauticabcn\/wp-content\/uploads\/usu313\/2019\/02\/Jornada-intercicles-platja-5-1024x757.jpg 1024w\" sizes=\"auto, (max-width: 3662px) 100vw, 3662px\" \/><\/a>\n\t\t\t<\/dt>\n\t\t\t\t<dd class='wp-caption-text gallery-caption' id='gallery-1-2896'>\n\t\t\t\tJornada intercicles esports de platja\n\t\t\t\t<\/dd><\/dl><br style=\"clear: both\" \/><dl class='gallery-item'>\n\t\t\t<dt class='gallery-icon landscape'>\n\t\t\t\t<a href='https:\/\/agora.xtec.cat\/ins-nauticabcn\/foto-enviada-per-joan-monguillot-9\/'><img loading=\"lazy\" decoding=\"async\" width=\"1600\" height=\"1200\" src=\"https:\/\/agora.xtec.cat\/ins-nauticabcn\/wp-content\/uploads\/usu313\/2019\/03\/Foto-enviada-per-Joan-Monguillot-9.jpg\" class=\"attachment-full size-full\" alt=\"\" aria-describedby=\"gallery-1-2991\" srcset=\"https:\/\/agora.xtec.cat\/ins-nauticabcn\/wp-content\/uploads\/usu313\/2019\/03\/Foto-enviada-per-Joan-Monguillot-9.jpg 1600w, https:\/\/agora.xtec.cat\/ins-nauticabcn\/wp-content\/uploads\/usu313\/2019\/03\/Foto-enviada-per-Joan-Monguillot-9-300x225.jpg 300w, https:\/\/agora.xtec.cat\/ins-nauticabcn\/wp-content\/uploads\/usu313\/2019\/03\/Foto-enviada-per-Joan-Monguillot-9-768x576.jpg 768w, https:\/\/agora.xtec.cat\/ins-nauticabcn\/wp-content\/uploads\/usu313\/2019\/03\/Foto-enviada-per-Joan-Monguillot-9-1024x768.jpg 1024w, https:\/\/agora.xtec.cat\/ins-nauticabcn\/wp-content\/uploads\/usu313\/2019\/03\/Foto-enviada-per-Joan-Monguillot-9-200x150.jpg 200w\" sizes=\"auto, (max-width: 1600px) 100vw, 1600px\" \/><\/a>\n\t\t\t<\/dt>\n\t\t\t\t<dd class='wp-caption-text gallery-caption' id='gallery-1-2991'>\n\t\t\t\tJornada INEFC BCN MP4\n\t\t\t\t<\/dd><\/dl><dl class='gallery-item'>\n\t\t\t<dt class='gallery-icon landscape'>\n\t\t\t\t<a href='https:\/\/agora.xtec.cat\/ins-nauticabcn\/dav-32\/'><img loading=\"lazy\" decoding=\"async\" width=\"3421\" height=\"2565\" src=\"https:\/\/agora.xtec.cat\/ins-nauticabcn\/wp-content\/uploads\/usu313\/2019\/04\/3.jpg\" class=\"attachment-full size-full\" alt=\"\" aria-describedby=\"gallery-1-3119\" srcset=\"https:\/\/agora.xtec.cat\/ins-nauticabcn\/wp-content\/uploads\/usu313\/2019\/04\/3.jpg 3421w, https:\/\/agora.xtec.cat\/ins-nauticabcn\/wp-content\/uploads\/usu313\/2019\/04\/3-300x225.jpg 300w, https:\/\/agora.xtec.cat\/ins-nauticabcn\/wp-content\/uploads\/usu313\/2019\/04\/3-768x576.jpg 768w, https:\/\/agora.xtec.cat\/ins-nauticabcn\/wp-content\/uploads\/usu313\/2019\/04\/3-1024x768.jpg 1024w, https:\/\/agora.xtec.cat\/ins-nauticabcn\/wp-content\/uploads\/usu313\/2019\/04\/3-200x150.jpg 200w\" sizes=\"auto, (max-width: 3421px) 100vw, 3421px\" \/><\/a>\n\t\t\t<\/dt>\n\t\t\t\t<dd class='wp-caption-text gallery-caption' id='gallery-1-3119'>\n\t\t\t\tSessi\u00f3 esports de platja MP6\n\t\t\t\t<\/dd><\/dl><dl class='gallery-item'>\n\t\t\t<dt class='gallery-icon landscape'>\n\t\t\t\t<a href='https:\/\/agora.xtec.cat\/ins-nauticabcn\/foto-enviada-per-joan-monguillot-9-2\/'><img loading=\"lazy\" decoding=\"async\" width=\"1600\" height=\"1200\" src=\"https:\/\/agora.xtec.cat\/ins-nauticabcn\/wp-content\/uploads\/usu313\/2019\/03\/Foto-enviada-per-Joan-Monguillot-9-1.jpg\" class=\"attachment-full size-full\" alt=\"\" aria-describedby=\"gallery-1-3011\" srcset=\"https:\/\/agora.xtec.cat\/ins-nauticabcn\/wp-content\/uploads\/usu313\/2019\/03\/Foto-enviada-per-Joan-Monguillot-9-1.jpg 1600w, https:\/\/agora.xtec.cat\/ins-nauticabcn\/wp-content\/uploads\/usu313\/2019\/03\/Foto-enviada-per-Joan-Monguillot-9-1-300x225.jpg 300w, https:\/\/agora.xtec.cat\/ins-nauticabcn\/wp-content\/uploads\/usu313\/2019\/03\/Foto-enviada-per-Joan-Monguillot-9-1-768x576.jpg 768w, https:\/\/agora.xtec.cat\/ins-nauticabcn\/wp-content\/uploads\/usu313\/2019\/03\/Foto-enviada-per-Joan-Monguillot-9-1-1024x768.jpg 1024w, https:\/\/agora.xtec.cat\/ins-nauticabcn\/wp-content\/uploads\/usu313\/2019\/03\/Foto-enviada-per-Joan-Monguillot-9-1-200x150.jpg 200w\" sizes=\"auto, (max-width: 1600px) 100vw, 1600px\" \/><\/a>\n\t\t\t<\/dt>\n\t\t\t\t<dd class='wp-caption-text gallery-caption' id='gallery-1-3011'>\n\t\t\t\tSessi\u00f3 sal\u00f3 de l&#8217;ensenyament\n\t\t\t\t<\/dd><\/dl><br style=\"clear: both\" \/>\n\t\t<\/div>\n\n","protected":false},"excerpt":{"rendered":"<p>Oferta formativa 2026-2027:<br \/>\nSetembre 2026<\/p>\n<ul>\n<li><a href=\"https:\/\/agora.xtec.cat\/ins-nauticabcn\/preinscripcio-i-matricula-cfgs-ensenyament-i-animacio-socioesportiva-orientat-a-platja\/\" target=\"_blank\" rel=\"noopener\">Preinscripci\u00f3 i matr\u00edcula curs 2026-2027<\/a><\/li>\n<\/ul>\n<p>Per saber-ne m\u00e9s:<br \/>\nDes de l&#8217;Institut de N\u00e0utica de Barcelona, ens plau informar-vos que del curs 2018-2019 impartim el cicle formatiu de grau superior d&#8217;Ensenyament i Animaci\u00f3 Socioesportiva (EAS) orientat en activitats esportives de platja&hellip;  <a href=\"https:\/\/agora.xtec.cat\/ins-nauticabcn\/estudis\/formacio-professional\/cfgs-sistemes-electrotecnics-i-automatitzats-especialitzacio-en-nautica\/\" title=\"Read GS Ensenyament i Animaci\u00f3 Socioesportiva orientat a platja\">Llegeix m\u00e9s\u00bb<\/a><\/p>\n","protected":false},"author":1,"featured_media":0,"parent":278,"menu_order":0,"comment_status":"closed","ping_status":"closed","template":"page-templates\/side-menu.php","meta":{"_bbp_topic_count":0,"_bbp_reply_count":0,"_bbp_total_topic_count":0,"_bbp_total_reply_count":0,"_bbp_voice_count":0,"_bbp_anonymous_reply_count":0,"_bbp_topic_count_hidden":0,"_bbp_reply_count_hidden":0,"_bbp_forum_subforum_count":0,"footnotes":""},"class_list":["post-1730","page","type-page","status-publish","hentry"],"post_mailing_queue_ids":[],"_links":{"self":[{"href":"https:\/\/agora.xtec.cat\/ins-nauticabcn\/wp-json\/wp\/v2\/pages\/1730","targetHints":{"allow":["GET"]}}],"collection":[{"href":"https:\/\/agora.xtec.cat\/ins-nauticabcn\/wp-json\/wp\/v2\/pages"}],"about":[{"href":"https:\/\/agora.xtec.cat\/ins-nauticabcn\/wp-json\/wp\/v2\/types\/page"}],"author":[{"embeddable":true,"href":"https:\/\/agora.xtec.cat\/ins-nauticabcn\/wp-json\/wp\/v2\/users\/1"}],"replies":[{"embeddable":true,"href":"https:\/\/agora.xtec.cat\/ins-nauticabcn\/wp-json\/wp\/v2\/comments?post=1730"}],"version-history":[{"count":6,"href":"https:\/\/agora.xtec.cat\/ins-nauticabcn\/wp-json\/wp\/v2\/pages\/1730\/revisions"}],"predecessor-version":[{"id":10740,"href":"https:\/\/agora.xtec.cat\/ins-nauticabcn\/wp-json\/wp\/v2\/pages\/1730\/revisions\/10740"}],"up":[{"embeddable":true,"href":"https:\/\/agora.xtec.cat\/ins-nauticabcn\/wp-json\/wp\/v2\/pages\/278"}],"wp:attachment":[{"href":"https:\/\/agora.xtec.cat\/ins-nauticabcn\/wp-json\/wp\/v2\/media?parent=1730"}],"curies":[{"name":"wp","href":"https:\/\/api.w.org\/{rel}","templated":true}]}}