{"id":10400,"date":"2026-02-19T10:43:20","date_gmt":"2026-02-19T09:43:20","guid":{"rendered":"https:\/\/agora.xtec.cat\/ins-nauticabcn\/?page_id=10400"},"modified":"2026-04-08T11:54:12","modified_gmt":"2026-04-08T09:54:12","slug":"preinscripcio-i-matricula-cicle-inicial-vela-maig-2026-per-alumnat-de-cicles-formatius","status":"publish","type":"page","link":"https:\/\/agora.xtec.cat\/ins-nauticabcn\/preinscripcio-i-matricula-cicle-inicial-vela-maig-2026-per-alumnat-de-cicles-formatius\/","title":{"rendered":"Preinscripci\u00f3 i matricula Cicle Inicial Vela maig 2026 (per alumnat de Cicles Formatius)"},"content":{"rendered":"<p><strong>PREINSCRIPCI\u00d3 I MATR\u00cdCULA CICLES D&#8217;ESTUDIS ESPORTIUS<br \/>\n<\/strong><\/p>\n<table>\n<tbody>\n<tr>\n<td><a href=\"#a\"><strong>a) Dates clau i horari de preinscripci\u00f3 i matr\u00edcula<\/strong><\/a><\/td>\n<\/tr>\n<tr>\n<td><a href=\"#b\"><strong>b) Informaci\u00f3 general i requisits d&#8217;acc\u00e9s<\/strong><\/a><\/td>\n<\/tr>\n<tr>\n<td><a href=\"#c\"><strong>c) Proc\u00e9s preinscripci\u00f3<\/strong><\/a><\/td>\n<\/tr>\n<tr>\n<td><a href=\"#d\"><strong>d) Quadre de preus<\/strong><\/a><\/td>\n<\/tr>\n<tr>\n<td><a href=\"#e\"><strong>e) Documents de matr\u00edcula<\/strong><\/a><\/td>\n<\/tr>\n<\/tbody>\n<\/table>\n<p><strong>\u00a0<\/strong><\/p>\n<p><span style=\"color: #ff9900;\"><strong>CURS 2025-2026<\/strong><\/span><\/p>\n<ul>\n<li><strong>Cicle Inicial d&#8217;Ensenyaments esportius de Vela ( maig 2026):<\/strong><\/li>\n<\/ul>\n<p>Oferta Inicial <strong>60 places<\/strong><\/p>\n<p>&nbsp;<\/p>\n<p><span style=\"color: #3366ff;\"><strong><span id=\"a\">a) Dates clau i horari de preinscripci\u00f3 i matr\u00edcula<\/span><\/strong><\/span><\/p>\n<table width=\"1050\">\n<tbody>\n<tr>\n<td><strong>Cicle Formatiu<\/strong><\/td>\n<td><strong>Preinscripci\u00f3<\/strong><\/td>\n<td><strong>Matr\u00edcula<\/strong><\/td>\n<td><strong>Detall Preinscripci\u00f3<\/strong><\/td>\n<\/tr>\n<tr>\n<td>&nbsp;<\/p>\n<p>Cicle Inicial de CFGM Vela (maig 2026)<\/td>\n<td>Del 5 al 19 de mar\u00e7<\/td>\n<td>Del 7 al 15 d&#8217;abril<\/td>\n<td><a href=\"https:\/\/agora.xtec.cat\/ins-nauticabcn\/wp-content\/uploads\/usu313\/2026\/02\/CALENDARI-DE-PREINSCRIPCIO-I-MATRICULA-GM-VELA-G25-2025-2026.pdf\" target=\"_blank\" rel=\"noopener\">Calendari preinscripci\u00f3<\/a><\/td>\n<\/tr>\n<\/tbody>\n<\/table>\n<p>&nbsp;<\/p>\n<p><strong>\u00a0<\/strong><\/p>\n<p><strong><span id=\"b\"><span style=\"color: #3366ff;\">b) Informaci\u00f3 General (requisits d\u2019acc\u00e9s i documentaci\u00f3)<\/span><br \/>\n<\/span><\/strong><\/p>\n<p><span style=\"color: #ff9900;\"><strong>2025-2026<\/strong><\/span><\/p>\n<p><a href=\"https:\/\/triaeducativa.gencat.cat\/ca\/estudis\/?vela-aparell-fix&amp;p_id=994\" target=\"_blank\" rel=\"noopener\">Informaci\u00f3 Cicle Inicial CFGM Vela<\/a><\/p>\n<p><span id=\"c\" style=\"color: #ffffff;\">c<\/span><br \/>\n<span style=\"color: #3366ff;\"><strong>c) Proc\u00e9s de preinscripci\u00f3<\/strong><\/span><\/p>\n<p><span style=\"color: #ff9900;\"><strong>CURS 2025-2026<\/strong><\/span><\/p>\n<ul>\n<li>\n<h4><strong>Cicle Inicial d&#8217;Ensenyament esportiu CFGM\u00a0 Vela (maig 2026):<br \/>\n<\/strong><\/h4>\n<\/li>\n<\/ul>\n<p>Per fer la preinscripci\u00f3 a l&#8217;intensiu de mar\u00e7 de vela per al curs 25-26 cal:<\/p>\n<p><strong><span style=\"color: #ff00ff;\">PAS 1:<\/span> Descarregar i emplenar sol\u00b7licitud de preinscripci\u00f3<\/strong> <strong>i escanejar-la amb la vostra documentaci\u00f3 personal<\/strong> <em>DNI de l&#8217;alumne, Targeta sanit\u00e0ria de l&#8217;alumne, Requisit d&#8217;acc\u00e9s (ESO o equivalent i el certificat de superaci\u00f3 de la prova espec\u00edfica d&#8217;acc\u00e9s) <\/em>i en cas de menors d&#8217;edat adjuntar tamb\u00e9: <em>DNI del tutor\/a mare\/pare, Llibre de fam\u00edlia. <\/em><em>El nostre codi de centre \u00e9s: 08074847<\/em><\/p>\n<p><strong>Sol\u00b7licitud preinscripci\u00f3 d&#8217;estudis esportius clicant<\/strong> <a href=\"https:\/\/agora.xtec.cat\/ins-nauticabcn\/wp-content\/uploads\/usu313\/2025\/04\/Full-Preinscripcio-Esports-25-26.pdf\" target=\"_blank\" rel=\"noopener\">aqu\u00ed<\/a><\/p>\n<p><strong><span style=\"color: #ff00ff;\">PAS 2:<\/span> Omplir el formulari d&#8217;inscripci\u00f3, i adjuntar la sol\u00b7licitud de preinscripci\u00f3 juntament amb la vostra documentaci\u00f3 personal<\/strong> (podreu carregar tota la documentaci\u00f3 al mateix formulari d&#8217;inscripci\u00f3). Per omplir el formulari d&#8217;inscripci\u00f3 cal tenir un compte de Gmail (<a href=\"https:\/\/www.youtube.com\/watch?v=k77d2wRASDQ&amp;t=23s\" target=\"_blank\" rel=\"noopener\">Tutorial per fer un compte de gmail<\/a>)<\/p>\n<p><strong>Formulari d&#8217;inscripci\u00f3<\/strong> aqu\u00ed &#8211; <em>Formulari tancat<\/em><\/p>\n<h6><\/h6>\n<h6><strong><span style=\"color: #ff0000;\">MOLT IMPORTANT!<\/span> \u00e9s requisit imprescindible superar la prova espec\u00edfica per accedir als Cicles d&#8217;Ensenyaments Esportius Cicle Inicial<br \/>\n<\/strong><\/h6>\n<p><strong>Informaci\u00f3 PROVES ESPEC\u00cdFIQUES D&#8217;ACC\u00c9S ENSENYAMENTS ESPORTIUS, fes clic <a href=\"https:\/\/triaeducativa.gencat.cat\/ca\/proves\/proves-acces\/esportius\/esportius-prova-especifica\/vela\/\" target=\"_blank\" rel=\"noopener\">aqu\u00ed<\/a><\/strong><\/p>\n<p>&nbsp;<\/p>\n<p>Si necessites ajuda\u00a0 per realitzar aquesta preinscripci\u00f3 pots venir a la secretaria del centre en horari d&#8217;atenci\u00f3 al p\u00fablic (de dilluns a divendres de 9h a 13h i les tardes de dilluns i dimecres de 15h a 18h) i t&#8217;ajudarem.<\/p>\n<p>Podeu demanar <strong>informaci\u00f3 addicional<\/strong> a la secretaria de l&#8217;institut pels canals seg\u00fcents:<\/p>\n<ul>\n<li>Escriure un e-mail al nostre correu: <strong>a8074847<span class=\"\">@xtec.cat<\/span><\/strong><\/li>\n<li>Trucar al tel\u00e8fon de l&#8217;institut: <strong>93 884 60 74<\/strong><\/li>\n<\/ul>\n<p><strong>\u00a0<\/strong><\/p>\n<p><span id=\"d\" style=\"color: #ffffff;\">d<\/span><br \/>\n<strong><span style=\"color: #3366ff;\">d) Quadre de preus 2024\/2025<\/span> <\/strong><\/p>\n<table>\n<tbody>\n<tr>\n<td><strong>Ensenyaments esportius de r\u00e8gim especial<\/strong><\/td>\n<td><strong>Quota material\u00a0<\/strong><\/td>\n<td><strong>Quota curricular<\/strong><\/td>\n<td><strong>Total quotes curs<\/strong><\/td>\n<\/tr>\n<tr>\n<td>Cicle Inicial (NA00) Vela (alumnat GUIAMN)<\/td>\n<td>30\u20ac<\/td>\n<td>257,50\u20ac preu p\u00fablic<\/td>\n<td>287,50\u20ac<\/td>\n<\/tr>\n<tr>\n<td>Cicle Inicial (NA00) Vela (alumnat EAS)<\/td>\n<td>30\u20ac<\/td>\n<td>257,50\u20ac preu p\u00fablic<\/td>\n<td>287,50\u20ac<\/td>\n<\/tr>\n<tr>\n<td>Cicle Inicial (NA00) Vela (alumnat Condicionament F\u00edsic)<\/td>\n<td>30\u20ac<\/td>\n<td>274,50\u20ac preu p\u00fablic<\/td>\n<td>304,50\u20ac<\/td>\n<\/tr>\n<\/tbody>\n<\/table>\n<p><em>Pot haver variacions als preus de les quotes curriculars.<\/em><\/p>\n<p><span style=\"color: #ffffff;\"><strong><span id=\"e\">e<\/span><\/strong><\/span><\/p>\n<p><span style=\"color: #3366ff;\"><strong>e) Documents de matr\u00edcula<\/strong><\/span><\/p>\n<p><span style=\"color: #ff9900;\"><strong>CURS 2025-2026<\/strong><\/span><\/p>\n<p>Tot l\u2019alumnat preinscrit ha resultat adm\u00e8s.<\/p>\n<p>El per\u00edode de matr\u00edcula \u00e9s del 7 al 15 d\u2019abril (cal que us poseu en contacte al correu: a8074847@xtec.cat)<\/p>\n<p>&nbsp;<\/p>\n<p>&nbsp;<\/p>\n<p><a href=\"https:\/\/agora.xtec.cat\/ins-nauticabcn\/wp-content\/uploads\/usu313\/2021\/10\/Horari-de-secretariaII_page-0001-e1634743535738.jpg\"><img loading=\"lazy\" decoding=\"async\" class=\"size-large wp-image-5586 aligncenter\" src=\"https:\/\/agora.xtec.cat\/ins-nauticabcn\/wp-content\/uploads\/usu313\/2021\/10\/Horari-de-secretariaII_page-0001-e1634743535738-1024x670.jpg\" alt=\"\" width=\"1024\" height=\"670\" srcset=\"https:\/\/agora.xtec.cat\/ins-nauticabcn\/wp-content\/uploads\/usu313\/2021\/10\/Horari-de-secretariaII_page-0001-e1634743535738-1024x670.jpg 1024w, https:\/\/agora.xtec.cat\/ins-nauticabcn\/wp-content\/uploads\/usu313\/2021\/10\/Horari-de-secretariaII_page-0001-e1634743535738-300x196.jpg 300w, https:\/\/agora.xtec.cat\/ins-nauticabcn\/wp-content\/uploads\/usu313\/2021\/10\/Horari-de-secretariaII_page-0001-e1634743535738-768x503.jpg 768w, https:\/\/agora.xtec.cat\/ins-nauticabcn\/wp-content\/uploads\/usu313\/2021\/10\/Horari-de-secretariaII_page-0001-e1634743535738.jpg 1241w\" sizes=\"auto, (max-width: 1024px) 100vw, 1024px\" \/><\/a><\/p>\n<p>&nbsp;<\/p>\n<p>&nbsp;<\/p>\n<p>&nbsp;<\/p>\n<p>&nbsp;<\/p>\n","protected":false},"excerpt":{"rendered":"<p>PREINSCRIPCI\u00d3 I MATR\u00cdCULA CICLES D&#8217;ESTUDIS ESPORTIUS<\/p>\n<p><a href=\"#a\">a) Dates clau i horari de preinscripci\u00f3 i matr\u00edcula<\/a><\/p>\n<p><a href=\"#b\">b) Informaci\u00f3 general i requisits d&#8217;acc\u00e9s<\/a><\/p>\n<p><a href=\"#c\">c) Proc\u00e9s preinscripci\u00f3<\/a><\/p>\n<p><a href=\"#d\">d) Quadre de preus<\/a><\/p>\n<p><a href=\"#e\">e) Documents de matr\u00edcula<\/a><\/p>\n<p>\u00a0<br \/>\nCURS 2025-2026<\/p>\n<ul>\n<li>Cicle Inicial d&#8217;Ensenyaments esportius de Vela ( maig 2026):<\/li>\n<\/ul>\n<p>Oferta Inicial 60 places<br \/>\n&nbsp;<br \/>\na) Dates&hellip;  <a href=\"https:\/\/agora.xtec.cat\/ins-nauticabcn\/preinscripcio-i-matricula-cicle-inicial-vela-maig-2026-per-alumnat-de-cicles-formatius\/\" title=\"Read Preinscripci\u00f3 i matricula Cicle Inicial Vela maig 2026 (per alumnat de Cicles Formatius)\">Llegeix m\u00e9s\u00bb<\/a><\/p>\n","protected":false},"author":1,"featured_media":0,"parent":0,"menu_order":0,"comment_status":"closed","ping_status":"closed","template":"","meta":{"_bbp_topic_count":0,"_bbp_reply_count":0,"_bbp_total_topic_count":0,"_bbp_total_reply_count":0,"_bbp_voice_count":0,"_bbp_anonymous_reply_count":0,"_bbp_topic_count_hidden":0,"_bbp_reply_count_hidden":0,"_bbp_forum_subforum_count":0,"footnotes":""},"class_list":["post-10400","page","type-page","status-publish","hentry"],"post_mailing_queue_ids":[],"_links":{"self":[{"href":"https:\/\/agora.xtec.cat\/ins-nauticabcn\/wp-json\/wp\/v2\/pages\/10400","targetHints":{"allow":["GET"]}}],"collection":[{"href":"https:\/\/agora.xtec.cat\/ins-nauticabcn\/wp-json\/wp\/v2\/pages"}],"about":[{"href":"https:\/\/agora.xtec.cat\/ins-nauticabcn\/wp-json\/wp\/v2\/types\/page"}],"author":[{"embeddable":true,"href":"https:\/\/agora.xtec.cat\/ins-nauticabcn\/wp-json\/wp\/v2\/users\/1"}],"replies":[{"embeddable":true,"href":"https:\/\/agora.xtec.cat\/ins-nauticabcn\/wp-json\/wp\/v2\/comments?post=10400"}],"version-history":[{"count":6,"href":"https:\/\/agora.xtec.cat\/ins-nauticabcn\/wp-json\/wp\/v2\/pages\/10400\/revisions"}],"predecessor-version":[{"id":10497,"href":"https:\/\/agora.xtec.cat\/ins-nauticabcn\/wp-json\/wp\/v2\/pages\/10400\/revisions\/10497"}],"wp:attachment":[{"href":"https:\/\/agora.xtec.cat\/ins-nauticabcn\/wp-json\/wp\/v2\/media?parent=10400"}],"curies":[{"name":"wp","href":"https:\/\/api.w.org\/{rel}","templated":true}]}}