{"id":10392,"date":"2026-02-19T10:17:56","date_gmt":"2026-02-19T09:17:56","guid":{"rendered":"https:\/\/agora.xtec.cat\/ins-nauticabcn\/?page_id=10392"},"modified":"2026-04-24T12:29:15","modified_gmt":"2026-04-24T10:29:15","slug":"preinscripcio-i-matricula-cicle-inicial-salvament-i-socorrisme-maig-2026-per-alumnat-de-cicles-formatius","status":"publish","type":"page","link":"https:\/\/agora.xtec.cat\/ins-nauticabcn\/preinscripcio-i-matricula-cicle-inicial-salvament-i-socorrisme-maig-2026-per-alumnat-de-cicles-formatius\/","title":{"rendered":"Preinscripci\u00f3 i matricula Cicle Inicial Salvament i Socorrisme intensiu estiu (per alumnat de Cicles Formatius)"},"content":{"rendered":"<p><strong><span style=\"color: #ff9900;\">PREINSCRIPCI\u00d3 I MATR\u00cdCULA CICLES D&#8217;ESTUDIS ESPORTIUS<\/span><br \/>\n<\/strong><\/p>\n<table style=\"border-collapse: collapse; width: 21.3967%;\">\n<tbody>\n<tr>\n<td style=\"width: 100%;\"><a href=\"#a\"><strong>a) Dates clau i calendari de matr\u00edcula<\/strong><\/a><\/td>\n<\/tr>\n<tr>\n<td style=\"width: 100%;\"><a href=\"#b\"><strong>b) Informaci\u00f3 general i requisits d&#8217;acc\u00e9s<\/strong><\/a><\/td>\n<\/tr>\n<tr>\n<td style=\"width: 100%;\"><a href=\"#d\"><strong>c) Quadre de preus<\/strong><\/a><\/td>\n<\/tr>\n<tr>\n<td style=\"width: 100%;\"><strong><a href=\"#e\">e) Documents de matr\u00edcula<\/a><\/strong><\/td>\n<\/tr>\n<\/tbody>\n<\/table>\n<p><span style=\"color: #ff9900;\"><strong>CURS 2025-2026<\/strong><\/span><\/p>\n<ul>\n<li><strong>Cicle Inicial d&#8217;Ensenyaments esportius de Salvament i Socorrisme ( juny 2026):<\/strong><\/li>\n<\/ul>\n<p>Oferta Inicial <strong>30 places<\/strong><\/p>\n<p><span style=\"color: #0000ff;\"><strong><span id=\"a\">a) Dates clau i calendari de matr\u00edcula<\/span><\/strong><\/span><\/p>\n<table style=\"border-collapse: collapse; width: 56.9837%;\">\n<tbody>\n<tr>\n<td style=\"width: 27.4446%;\"><strong>Cicle Formatiu<\/strong><\/td>\n<td style=\"width: 35.0717%;\"><strong>Matr\u00edcula<\/strong><\/td>\n<\/tr>\n<tr>\n<td style=\"width: 27.4446%;\">Cicle inicial de CFGM Salvament i socorrisme (intensiu 2026)<\/td>\n<td style=\"width: 35.0717%;\">Del 18 al 27\/05\/2026<\/td>\n<\/tr>\n<\/tbody>\n<\/table>\n<p>&nbsp;<\/p>\n<p><strong><span id=\"b\"><span style=\"color: #0000ff;\">b) Informaci\u00f3 General (requisits d\u2019acc\u00e9s i documentaci\u00f3)<\/span><br \/>\n<\/span><\/strong><\/p>\n<p><strong>2025-2026<\/strong><\/p>\n<p><a href=\"https:\/\/triaeducativa.gencat.cat\/ca\/estudis\/?salvament-socorrisme&amp;p_id=1951\" target=\"_blank\" rel=\"noopener\">Informaci\u00f3 Cicle Inicial CFGM Salvament i Socorrisme<\/a><\/p>\n<h6><strong><span style=\"color: #ff0000;\">MOLT IMPORTANT!<\/span> \u00e9s requisit imprescindible superar la prova espec\u00edfica per accedir als Cicles d&#8217;Ensenyaments Esportius Cicle Inicial<br \/>\n<\/strong><\/h6>\n<p><strong>Informaci\u00f3 PROVES ESPEC\u00cdFIQUES D&#8217;ACC\u00c9S ENSENYAMENTS ESPORTIUS, fes clic <a href=\"https:\/\/triaeducativa.gencat.cat\/ca\/proves\/proves-acces\/esportius\/esportius-prova-especifica\/salvament-socorrisme\/\" target=\"_blank\" rel=\"noopener\">aqu\u00ed<\/a><\/strong><\/p>\n<p><span id=\"d\" style=\"color: #ffffff;\">d<\/span><br \/>\n<span style=\"color: #0000ff;\"><strong>d) Quadre de preus 2025\/2026<\/strong><\/span><\/p>\n<table>\n<tbody>\n<tr>\n<td><strong>Ensenyaments esportius de r\u00e8gim especial<\/strong><\/td>\n<td><strong>Quota material\u00a0<\/strong><\/td>\n<td><strong>Quota curricular<\/strong><\/td>\n<td><strong>Total quotes curs<\/strong><\/td>\n<\/tr>\n<tr>\n<td>Cicle Inicial (SS11) Salvament i Socorrisme (alumnat GUIAMN)<\/td>\n<td>30\u20ac*<\/td>\n<td><span style=\"color: #000000;\">530,5\u20ac preu p\u00fablic<\/span><\/td>\n<td><span style=\"color: #000000;\">560,50\u20ac<\/span><\/td>\n<\/tr>\n<tr>\n<td>Cicle Inicial (SS11) Salvament i Socorrisme (alumnat EAS)<\/td>\n<td>30\u20ac*<\/td>\n<td><span style=\"color: #000000;\">513,50 preu p\u00fablic<\/span><\/td>\n<td><span style=\"color: #000000;\">543,50\u20ac<\/span><\/td>\n<\/tr>\n<tr>\n<td>Cicle Inicial (SS11) Salvament i Socorrisme (alumnat Condicionament F\u00edsic)<\/td>\n<td>30\u20ac*<\/td>\n<td><span style=\"color: #000000;\">547,50\u20ac preu p\u00fablic<\/span><\/td>\n<td><span style=\"color: #000000;\">577,50\u20ac<\/span><\/td>\n<\/tr>\n<\/tbody>\n<\/table>\n<p><em>* La quota de material inclou: asseguran\u00e7a escolar, material escolar, intranet, control d\u2019assist\u00e8ncia, c\u00f2pies, manteniment inform\u00e0tic i borsa de treball.<\/em><\/p>\n<p><em>Pot haver variacions als preus de les quotes curriculars.<\/em><\/p>\n<p><span style=\"color: #ffffff;\"><strong><span id=\"e\">e<\/span><\/strong><\/span><\/p>\n<p><span style=\"color: #0000ff;\"><strong>e) Documents de matr\u00edcula<\/strong><\/span><\/p>\n<p><span style=\"color: #ff9900;\"><strong>CURS 2025-2026<\/strong><\/span><\/p>\n<p><strong>Documents matr\u00edcula Cicle Inicial Grau Mitj\u00e0 Salvament i Socorrisme <a href=\"https:\/\/drive.google.com\/drive\/folders\/1n0extc8ffAAyNv9outMrSWK-FGcSuCDL?usp=sharing\" target=\"_blank\" rel=\"noopener\">aqu\u00ed<\/a><\/strong><\/p>\n<p>Tot l&#8217;alumnat ha d&#8217;aportar la seg\u00fcent documentaci\u00f3:<\/p>\n<ul>\n<li>DNI<\/li>\n<li>TARGETA SANITARIA<\/li>\n<li>CERTIFICAT DE SUPERACI\u00d3 DE LA PROVA D&#8217;ACC\u00c9S<\/li>\n<li>CERTIFICAT CICLE FORMATIU FINALITZAT (GUIAMN, EAS, CF)<\/li>\n<\/ul>\n<p>Podeu demanar <strong>informaci\u00f3 addicional<\/strong> a la secretaria de l&#8217;institut pels canals seg\u00fcents:<\/p>\n<ul>\n<li>Escriure un e-mail al nostre correu: <strong>a8074847<span class=\"\">@xtec.cat\u00a0 \u00a0 \u00a0 \u00a0 \u00a0<\/span><\/strong>Trucar al tel\u00e8fon de l&#8217;institut: <strong>93 884 60 74<\/strong><\/li>\n<\/ul>\n<p>&nbsp;<\/p>\n<p><a href=\"https:\/\/agora.xtec.cat\/ins-nauticabcn\/wp-content\/uploads\/usu313\/2021\/10\/Horari-de-secretariaII_page-0001-e1634743535738.jpg\"><img loading=\"lazy\" decoding=\"async\" class=\"size-large wp-image-5586 aligncenter\" src=\"https:\/\/agora.xtec.cat\/ins-nauticabcn\/wp-content\/uploads\/usu313\/2021\/10\/Horari-de-secretariaII_page-0001-e1634743535738-1024x670.jpg\" alt=\"\" width=\"1024\" height=\"670\" srcset=\"https:\/\/agora.xtec.cat\/ins-nauticabcn\/wp-content\/uploads\/usu313\/2021\/10\/Horari-de-secretariaII_page-0001-e1634743535738-1024x670.jpg 1024w, https:\/\/agora.xtec.cat\/ins-nauticabcn\/wp-content\/uploads\/usu313\/2021\/10\/Horari-de-secretariaII_page-0001-e1634743535738-300x196.jpg 300w, https:\/\/agora.xtec.cat\/ins-nauticabcn\/wp-content\/uploads\/usu313\/2021\/10\/Horari-de-secretariaII_page-0001-e1634743535738-768x503.jpg 768w, https:\/\/agora.xtec.cat\/ins-nauticabcn\/wp-content\/uploads\/usu313\/2021\/10\/Horari-de-secretariaII_page-0001-e1634743535738.jpg 1241w\" sizes=\"auto, (max-width: 1024px) 100vw, 1024px\" \/><\/a><\/p>\n<p>&nbsp;<\/p>\n<p>&nbsp;<\/p>\n<p>&nbsp;<\/p>\n<p>&nbsp;<\/p>\n","protected":false},"excerpt":{"rendered":"<p>PREINSCRIPCI\u00d3 I MATR\u00cdCULA CICLES D&#8217;ESTUDIS ESPORTIUS<\/p>\n<p><a href=\"#a\">a) Dates clau i calendari de matr\u00edcula<\/a><\/p>\n<p><a href=\"#b\">b) Informaci\u00f3 general i requisits d&#8217;acc\u00e9s<\/a><\/p>\n<p><a href=\"#d\">c) Quadre de preus<\/a><\/p>\n<p><a href=\"#e\">e) Documents de matr\u00edcula<\/a><\/p>\n<p>CURS 2025-2026<\/p>\n<ul>\n<li>Cicle Inicial d&#8217;Ensenyaments esportius de Salvament i Socorrisme ( juny 2026):<\/li>\n<\/ul>\n<p>Oferta Inicial 30 places<br \/>\na) Dates clau i calendari&hellip;  <a href=\"https:\/\/agora.xtec.cat\/ins-nauticabcn\/preinscripcio-i-matricula-cicle-inicial-salvament-i-socorrisme-maig-2026-per-alumnat-de-cicles-formatius\/\" title=\"Read Preinscripci\u00f3 i matricula Cicle Inicial Salvament i Socorrisme intensiu estiu (per alumnat de Cicles Formatius)\">Llegeix m\u00e9s\u00bb<\/a><\/p>\n","protected":false},"author":1,"featured_media":0,"parent":0,"menu_order":0,"comment_status":"closed","ping_status":"closed","template":"","meta":{"_bbp_topic_count":0,"_bbp_reply_count":0,"_bbp_total_topic_count":0,"_bbp_total_reply_count":0,"_bbp_voice_count":0,"_bbp_anonymous_reply_count":0,"_bbp_topic_count_hidden":0,"_bbp_reply_count_hidden":0,"_bbp_forum_subforum_count":0,"footnotes":""},"class_list":["post-10392","page","type-page","status-publish","hentry"],"post_mailing_queue_ids":[],"_links":{"self":[{"href":"https:\/\/agora.xtec.cat\/ins-nauticabcn\/wp-json\/wp\/v2\/pages\/10392","targetHints":{"allow":["GET"]}}],"collection":[{"href":"https:\/\/agora.xtec.cat\/ins-nauticabcn\/wp-json\/wp\/v2\/pages"}],"about":[{"href":"https:\/\/agora.xtec.cat\/ins-nauticabcn\/wp-json\/wp\/v2\/types\/page"}],"author":[{"embeddable":true,"href":"https:\/\/agora.xtec.cat\/ins-nauticabcn\/wp-json\/wp\/v2\/users\/1"}],"replies":[{"embeddable":true,"href":"https:\/\/agora.xtec.cat\/ins-nauticabcn\/wp-json\/wp\/v2\/comments?post=10392"}],"version-history":[{"count":6,"href":"https:\/\/agora.xtec.cat\/ins-nauticabcn\/wp-json\/wp\/v2\/pages\/10392\/revisions"}],"predecessor-version":[{"id":10575,"href":"https:\/\/agora.xtec.cat\/ins-nauticabcn\/wp-json\/wp\/v2\/pages\/10392\/revisions\/10575"}],"wp:attachment":[{"href":"https:\/\/agora.xtec.cat\/ins-nauticabcn\/wp-json\/wp\/v2\/media?parent=10392"}],"curies":[{"name":"wp","href":"https:\/\/api.w.org\/{rel}","templated":true}]}}