{"id":10060,"date":"2025-11-17T17:27:14","date_gmt":"2025-11-17T16:27:14","guid":{"rendered":"https:\/\/agora.xtec.cat\/ins-nauticabcn\/?page_id=10060"},"modified":"2026-04-27T13:30:03","modified_gmt":"2026-04-27T11:30:03","slug":"grau-superior-vela-amb-aparell-lliure","status":"publish","type":"page","link":"https:\/\/agora.xtec.cat\/ins-nauticabcn\/grau-superior-vela-amb-aparell-lliure\/","title":{"rendered":"Grau Superior Vela amb aparell lliure"},"content":{"rendered":"<p><span style=\"color: #ff6600;\"><strong>Oferta formativa 2026-2027:<\/strong><\/span><\/p>\n<p><a href=\"https:\/\/agora.xtec.cat\/ins-nauticabcn\/preinscripcio-i-matricula-grau-superior-vela-aparell-lliure-curs-2026-2027\/\" target=\"_blank\" rel=\"noopener\"><strong>GRUP Bloc Com\u00fa: Inici octubre 2026, final al desembre (Semi presencial a la tarda de 15h a 21:30h)<\/strong><\/a><\/p>\n<p><a href=\"https:\/\/agora.xtec.cat\/ins-nauticabcn\/preinscripcio-i-matricula-grau-superior-vela-aparell-lliure-curs-2026-2027\/\" target=\"_blank\" rel=\"noopener\"><strong>GRUP Bloc Espec\u00edfic: Inici de gener fins l&#8217;abril del 2027 (Semi presencial a la tarda de 15h a 21:30h)<\/strong><\/a><\/p>\n<p><span style=\"color: #ff6600;\"><strong>Oferta formativa 2025-2026:<\/strong><\/span><\/p>\n<p>Grup 11 Bloc Com\u00fa del 06\/10\/25 al 03\/12\/25 (torn de mat\u00ed presencial)<\/p>\n<p>Grup 11 Bloc Espec\u00edfic de gener a juny del 2026 de 15 a 21:30 hores<\/p>\n<p><a href=\"https:\/\/agora.xtec.cat\/ins-nauticabcn\/preinscripcio-i-matricula-grau-superior-vela-aparell-lliure-curs-2025-2026\/\" target=\"_blank\" rel=\"noopener\">Preinscripci\u00f3 i matr\u00edcula <strong>Bloc Espec\u00edfic<\/strong> Grau Superior de Vela amb aparell Lliure<\/a><\/p>\n<p>&nbsp;<\/p>\n<p><span style=\"color: #ff6600;\"><strong>Per saber-ne m\u00e9s:<\/strong><\/span><\/p>\n<p>Aquests estudis capaciten per programar, dirigir i coordinar l\u2019entrenament esportiu d\u2019esportistes de vela amb aparell lliure i equips d\u2019esportistes en competicions de nivell mitj\u00e0 i alt; coordinar els recursos humans i materials en l\u2019activitat de vela amb aparell lliure i dirigir escoles de vela amb aparell lliure. Tenen una durada de <strong>750 hores<\/strong>, distribu\u00efdes en <strong>un curs <\/strong>acad\u00e8mic.<\/p>\n<ul>\n<li><a href=\"https:\/\/agora.xtec.cat\/ins-nauticabcn\/wp-content\/uploads\/usu313\/2026\/01\/TEGS____NAB0_CA.pdf\" target=\"_blank\" rel=\"noopener\">Fitxa dels Estudis<\/a><\/li>\n<li><a href=\"https:\/\/triaeducativa.gencat.cat\/ca\/estudis?vela-aparell-lliure&amp;p_id=2234\" target=\"_blank\" rel=\"noopener\">Informaci\u00f3 Estudis Esportius<\/a> (informaci\u00f3 sobre requisits d\u2019acc\u00e9s, etc)<\/li>\n<li><a href=\"https:\/\/agora.xtec.cat\/ins-nauticabcn\/wp-content\/uploads\/usu313\/2025\/04\/PP-gs-vela-amb-aparell-lliure.pdf\" target=\"_blank\" rel=\"noopener\">Preus p\u00fablics<\/a> (informaci\u00f3 provisional a falta de preus oficials per al curs 25-26)<\/li>\n<\/ul>\n<p><img loading=\"lazy\" decoding=\"async\" class=\"aligncenter wp-image-8725 \" src=\"https:\/\/agora.xtec.cat\/ins-nauticabcn\/wp-content\/uploads\/usu313\/2024\/11\/ESP-Vela.png\" alt=\"\" width=\"495\" height=\"371\" \/><\/p>\n","protected":false},"excerpt":{"rendered":"<p>Oferta formativa 2026-2027:<br \/>\n<a href=\"https:\/\/agora.xtec.cat\/ins-nauticabcn\/preinscripcio-i-matricula-grau-superior-vela-aparell-lliure-curs-2026-2027\/\" target=\"_blank\" rel=\"noopener\">GRUP Bloc Com\u00fa: Inici octubre 2026, final al desembre (Semi presencial a la tarda de 15h a 21:30h)<\/a><br \/>\n<a href=\"https:\/\/agora.xtec.cat\/ins-nauticabcn\/preinscripcio-i-matricula-grau-superior-vela-aparell-lliure-curs-2026-2027\/\" target=\"_blank\" rel=\"noopener\">GRUP Bloc Espec\u00edfic: Inici de gener fins l&#8217;abril del 2027 (Semi presencial a la tarda de 15h a 21:30h)<\/a><br \/>\nOferta formativa&hellip;  <a href=\"https:\/\/agora.xtec.cat\/ins-nauticabcn\/grau-superior-vela-amb-aparell-lliure\/\" title=\"Read Grau Superior Vela amb aparell lliure\">Llegeix m\u00e9s\u00bb<\/a><\/p>\n","protected":false},"author":1,"featured_media":0,"parent":0,"menu_order":0,"comment_status":"closed","ping_status":"closed","template":"","meta":{"_bbp_topic_count":0,"_bbp_reply_count":0,"_bbp_total_topic_count":0,"_bbp_total_reply_count":0,"_bbp_voice_count":0,"_bbp_anonymous_reply_count":0,"_bbp_topic_count_hidden":0,"_bbp_reply_count_hidden":0,"_bbp_forum_subforum_count":0,"footnotes":""},"class_list":["post-10060","page","type-page","status-publish","hentry"],"post_mailing_queue_ids":[],"_links":{"self":[{"href":"https:\/\/agora.xtec.cat\/ins-nauticabcn\/wp-json\/wp\/v2\/pages\/10060","targetHints":{"allow":["GET"]}}],"collection":[{"href":"https:\/\/agora.xtec.cat\/ins-nauticabcn\/wp-json\/wp\/v2\/pages"}],"about":[{"href":"https:\/\/agora.xtec.cat\/ins-nauticabcn\/wp-json\/wp\/v2\/types\/page"}],"author":[{"embeddable":true,"href":"https:\/\/agora.xtec.cat\/ins-nauticabcn\/wp-json\/wp\/v2\/users\/1"}],"replies":[{"embeddable":true,"href":"https:\/\/agora.xtec.cat\/ins-nauticabcn\/wp-json\/wp\/v2\/comments?post=10060"}],"version-history":[{"count":6,"href":"https:\/\/agora.xtec.cat\/ins-nauticabcn\/wp-json\/wp\/v2\/pages\/10060\/revisions"}],"predecessor-version":[{"id":10681,"href":"https:\/\/agora.xtec.cat\/ins-nauticabcn\/wp-json\/wp\/v2\/pages\/10060\/revisions\/10681"}],"wp:attachment":[{"href":"https:\/\/agora.xtec.cat\/ins-nauticabcn\/wp-json\/wp\/v2\/media?parent=10060"}],"curies":[{"name":"wp","href":"https:\/\/api.w.org\/{rel}","templated":true}]}}

<p><span style="color: #ff6600;"><strong>Oferta formativa 2026-2027:</strong></span></p>
<p><a href="https://agora.xtec.cat/ins-nauticabcn/preinscripcio-i-matricula-grau-superior-vela-aparell-lliure-curs-2026-2027/" target="_blank" rel="noopener"><strong>GRUP Bloc Comú: Inici octubre 2026, final al desembre (Semi presencial a la tarda de 15h a 21:30h)</strong></a></p>
<p><a href="https://agora.xtec.cat/ins-nauticabcn/preinscripcio-i-matricula-grau-superior-vela-aparell-lliure-curs-2026-2027/" target="_blank" rel="noopener"><strong>GRUP Bloc Específic: Inici de gener fins l&#8217;abril del 2027 (Semi presencial a la tarda de 15h a 21:30h)</strong></a></p>
<p><span style="color: #ff6600;"><strong>Oferta formativa 2025-2026:</strong></span></p>
<p>Grup 11 Bloc Comú del 06/10/25 al 03/12/25 (torn de matí presencial)</p>
<p>Grup 11 Bloc Específic de gener a juny del 2026 de 15 a 21:30 hores</p>
<p><a href="https://agora.xtec.cat/ins-nauticabcn/preinscripcio-i-matricula-grau-superior-vela-aparell-lliure-curs-2025-2026/" target="_blank" rel="noopener">Preinscripció i matrícula <strong>Bloc Específic</strong> Grau Superior de Vela amb aparell Lliure</a></p>
<p>&nbsp;</p>
<p><span style="color: #ff6600;"><strong>Per saber-ne més:</strong></span></p>
<p>Aquests estudis capaciten per programar, dirigir i coordinar l’entrenament esportiu d’esportistes de vela amb aparell lliure i equips d’esportistes en competicions de nivell mitjà i alt; coordinar els recursos humans i materials en l’activitat de vela amb aparell lliure i dirigir escoles de vela amb aparell lliure. Tenen una durada de <strong>750 hores</strong>, distribuïdes en <strong>un curs </strong>acadèmic.</p>
<ul>
<li><a href="https://agora.xtec.cat/ins-nauticabcn/wp-content/uploads/usu313/2026/01/TEGS____NAB0_CA.pdf" target="_blank" rel="noopener">Fitxa dels Estudis</a></li>
<li><a href="https://triaeducativa.gencat.cat/ca/estudis?vela-aparell-lliure&amp;p_id=2234" target="_blank" rel="noopener">Informació Estudis Esportius</a> (informació sobre requisits d’accés, etc)</li>
<li><a href="https://agora.xtec.cat/ins-nauticabcn/wp-content/uploads/usu313/2025/04/PP-gs-vela-amb-aparell-lliure.pdf" target="_blank" rel="noopener">Preus públics</a> (informació provisional a falta de preus oficials per al curs 25-26)</li>
</ul>
<p><img loading="lazy" decoding="async" class="aligncenter wp-image-8725 " src="https://agora.xtec.cat/ins-nauticabcn/wp-content/uploads/usu313/2024/11/ESP-Vela.png" alt="" width="495" height="371" /></p>

<p>Oferta formativa 2026-2027:<br />
<a href="https://agora.xtec.cat/ins-nauticabcn/preinscripcio-i-matricula-grau-superior-vela-aparell-lliure-curs-2026-2027/" target="_blank" rel="noopener">GRUP Bloc Comú: Inici octubre 2026, final al desembre (Semi presencial a la tarda de 15h a 21:30h)</a><br />
<a href="https://agora.xtec.cat/ins-nauticabcn/preinscripcio-i-matricula-grau-superior-vela-aparell-lliure-curs-2026-2027/" target="_blank" rel="noopener">GRUP Bloc Específic: Inici de gener fins l&#8217;abril del 2027 (Semi presencial a la tarda de 15h a 21:30h)</a><br />
Oferta formativa&hellip;  <a href="https://agora.xtec.cat/ins-nauticabcn/grau-superior-vela-amb-aparell-lliure/" title="Read Grau Superior Vela amb aparell lliure">Llegeix més»</a></p>
