{"id":10016,"date":"2025-11-17T16:48:04","date_gmt":"2025-11-17T15:48:04","guid":{"rendered":"https:\/\/agora.xtec.cat\/ins-nauticabcn\/?page_id=10016"},"modified":"2026-04-28T12:40:55","modified_gmt":"2026-04-28T10:40:55","slug":"cicle-inicial-de-salvament-i-socorrisme","status":"publish","type":"page","link":"https:\/\/agora.xtec.cat\/ins-nauticabcn\/cicle-inicial-de-salvament-i-socorrisme\/","title":{"rendered":"Cicle Inicial de Salvament i Socorrisme"},"content":{"rendered":"<p><span style=\"color: #ff6600;\"><strong>Oferta formativa curs 2026-2027:<\/strong><\/span><\/p>\n<ul>\n<li>Cicle Inicial:<\/li>\n<\/ul>\n<ul style=\"list-style-type: circle;\">\n<li><a href=\"https:\/\/agora.xtec.cat\/ins-nauticabcn\/preinscripcio-i-matricula-cicle-inicial-salvament-i-socorrisme-curs-2026-2027\/\" target=\"_blank\" rel=\"noopener\"><strong>GRUP: Inici del curs al setembre, final del curs novembre (Presencial matins de 8h a 14:30h)<\/strong><\/a><\/li>\n<li><a href=\"https:\/\/agora.xtec.cat\/ins-nauticabcn\/preinscripcio-i-matricula-cicle-inicial-salvament-i-socorrisme-curs-2026-2027\/\" target=\"_blank\" rel=\"noopener\"><strong>GRUP: Inici del curs a l&#8217;octubre, final del curs desembre (Presencial matins de 8h a 14:30h)<\/strong><\/a><\/li>\n<li><a href=\"https:\/\/agora.xtec.cat\/ins-nauticabcn\/matricula-cicle-inicial-cfgm-salvament-i-socorrisme-alumnat-ins-maria-espinalt\/\" target=\"_blank\" rel=\"noopener\"><strong>GRUP: Alumnat de l&#8217;INS Maria Espinalt<\/strong><\/a><\/li>\n<li>GRUP &#8211; Pla de barris: Inici de curs abril 2027, final de curs al juny (Presencial matins de 8h a 14:30h)<\/li>\n<li>GRUP &#8211; Nataci\u00f3 (Nom\u00e9s Bloc com\u00fa): Inici de curs abril 2027, final maig 2027 (Semi-presencial tardes de 15h a 21:30h)<\/li>\n<li>GRUP: Inici al maig 27, final juny 27 \u2013 Alumnat FP (Presencial matins de 8h a 14:30h)<\/li>\n<li>GRUP: Inici al maig 27, final juny 27 \u2013 Alumnat FP (Presencial matins de 8h a 14:30h)<\/li>\n<li>GRUP: Inici a finals maig 27, final de curs juny 27 \u2013 Alumnat FP Vall d&#8217;Hebron (Presencial matins de 8h a 14:30h)<\/li>\n<\/ul>\n<p><span style=\"color: #ff6600;\"><strong>Oferta formativa curs 2025-2026:<\/strong><\/span><\/p>\n<ul>\n<li>Cicle Inicial:\n<ul>\n<li><span style=\"color: #000000;\">Grup 1 i Grup 3 Bloc Com\u00fa del 15\/09\/25\u00a0 al 03\/10\/25. Bloc Espec\u00edfic del 14\/10\/25 al 28\/10\/25 (horari de mat\u00ed presencial)<\/span><\/li>\n<li><span style=\"color: #000000;\">Grup 4 Bloc Espec\u00edfic del 14\/10\/25 al 28\/11\/25. Bloc Com\u00fa de l&#8217;01\/12\/25 al 19\/12\/25 (horari de mat\u00ed presencial)<\/span><\/li>\n<li>Grup 6 Bloc Com\u00fa del 06\/10\/25 al 24\/10\/25 (horari de tarda en format virtual)<\/li>\n<li>Grup 29 Bloc Com\u00fa del 16\/03\/26\u00a0 al 10\/04\/26 en horari de mat\u00ed de 8 a 14.30 hores Bloc Espec\u00edfic del 16\/04\/26 al 26\/05\/2026 en horari de mat\u00ed i tarda<\/li>\n<li>Grup 24 Bloc Com\u00fa del 27\/04\/26 al 20\/05\/26 (horari de tarda en format virtual)<\/li>\n<li>Grup 26 Bloc Espec\u00edfic del 04\/05\/26 al 16\/06\/26 (horari de mat\u00ed presencial)<\/li>\n<li><a href=\"https:\/\/agora.xtec.cat\/ins-nauticabcn\/preinscripcio-i-matricula-cicle-inicial-salvament-i-socorrisme-maig-2026-per-alumnat-de-cicles-formatius\/\" target=\"_blank\" rel=\"noopener\"><strong>Grup 30 Vall d&#8217;Hebron Bloc Espec\u00edfic del 27\/05\/26 al 29\/06\/26 (horari mat\u00ed presencial)<\/strong><\/a><\/li>\n<\/ul>\n<\/li>\n<\/ul>\n<p><span style=\"color: #ff6600;\"><strong>Per saber-ne m\u00e9s:<\/strong><\/span><\/p>\n<p>El <strong>cicle inicial<\/strong> d\u2019aquests estudis capacita per dinamitzar, instruir, dirigir i concretar la iniciaci\u00f3 al medi aqu\u00e0tic i esportiva en salvament i socorrisme, i per organitzar, acompanyar i tutelar els socorristes i usuaris en la participaci\u00f3 d\u2019activitats, les mesures de prevenci\u00f3 i rescat necess\u00e0ries per garantir les condicions de seguretat dels usuaris en piscines i instal\u00b7lacions aqu\u00e0tiques intervenint-hi amb efic\u00e0cia en l\u2019ajuda o el rescat en cas d\u2019accident. T\u00e9 una durada de <strong>495 hores<\/strong>. Si se supera el curs, s\u2019obt\u00e9 el certificat de cicle inicial de Salvament i Socorrisme.<\/p>\n<ul>\n<li><a href=\"https:\/\/agora.xtec.cat\/ins-nauticabcn\/wp-content\/uploads\/usu313\/2026\/01\/TEGM____SS10_CA.pdf\" target=\"_blank\" rel=\"noopener\">Fitxa dels Estudis<\/a><\/li>\n<li><a href=\"https:\/\/triaeducativa.gencat.cat\/ca\/estudis\/?salvament-socorrisme&amp;p_id=1951\" target=\"_blank\" rel=\"noopener\">Informaci\u00f3 Estudis Esportius<\/a> (informaci\u00f3 sobre requisits d\u2019acc\u00e9s, etc)<\/li>\n<li><a href=\"https:\/\/triaeducativa.gencat.cat\/ca\/proves\/proves-acces\/esportius\/esportius-prova-especifica\/salvament-socorrisme\/\" target=\"_blank\" rel=\"noopener\">Proves espec\u00edfiques d\u2019acc\u00e9s<\/a><\/li>\n<li><a href=\"https:\/\/agora.xtec.cat\/ins-nauticabcn\/wp-content\/uploads\/usu313\/2024\/02\/cicle-inicial-salvament.pdf\" target=\"_blank\" rel=\"noopener\">Preus p\u00fablics Cicle Inicial<\/a> (informaci\u00f3 provisional a falta de preus oficials per al curs 25-26)<\/li>\n<li><a href=\"https:\/\/sites.google.com\/institutdenautica.barcelona\/ensenyamentsesportius\/home\" target=\"_blank\" rel=\"noopener\">Blog del GM de Socorrisme<\/a><\/li>\n<\/ul>\n\r\n\t<div class=\"slideshow_container slideshow_container_style-light\" style=\" \" data-slideshow-id=\"1509\" data-style-name=\"style-light\" data-style-version=\"2.3.1\" >\r\n\r\n\t\t\t\t\t<div class=\"slideshow_loading_icon\"><\/div>\r\n\t\t\r\n\t\t<div class=\"slideshow_content\" style=\"display: none;\">\r\n\r\n\t\t\t<div class=\"slideshow_view\">\r\n\t<div class=\"slideshow_slide slideshow_slide_video\">\r\n\t\t<div class=\"slideshow_slide_video_id\" style=\"display: none;\" data-show-related-videos=\"0\">S3AorKLPmqY<\/div>\r\n\t<\/div>\r\n<div style=\"clear: both;\"><\/div><\/div>\r\n\t\t<\/div>\r\n\r\n\t\t<div class=\"slideshow_controlPanel slideshow_transparent\" style=\"display: none;\"><ul><li class=\"slideshow_togglePlay\" data-play-text=\"Visualitza\" data-pause-text=\"Pausa\"><\/li><\/ul><\/div>\r\n\r\n\t\t<div class=\"slideshow_button slideshow_previous slideshow_transparent\" role=\"button\" data-previous-text=\"Anterior\" style=\"display: none;\"><\/div>\r\n\t\t<div class=\"slideshow_button slideshow_next slideshow_transparent\" role=\"button\" data-next-text=\"Seg\u00fcent\" style=\"display: none;\"><\/div>\r\n\r\n\t\t<div class=\"slideshow_pagination\" style=\"display: none;\" data-go-to-text=\"V\u00e9s a la diapositiva\"><div class=\"slideshow_pagination_center\"><\/div><\/div>\r\n\r\n\t\t<!-- WordPress Slideshow Version 2.3.1 -->\r\n\r\n\t\t\t<\/div>\r\n\r\n\n","protected":false},"excerpt":{"rendered":"<p>Oferta formativa curs 2026-2027:<\/p>\n<ul>\n<li>Cicle Inicial:<\/li>\n<\/ul>\n<ul style=\"list-style-type: circle;\">\n<li><a href=\"https:\/\/agora.xtec.cat\/ins-nauticabcn\/preinscripcio-i-matricula-cicle-inicial-salvament-i-socorrisme-curs-2026-2027\/\" target=\"_blank\" rel=\"noopener\">GRUP: Inici del curs al setembre, final del curs novembre (Presencial matins de 8h a 14:30h)<\/a><\/li>\n<li><a href=\"https:\/\/agora.xtec.cat\/ins-nauticabcn\/preinscripcio-i-matricula-cicle-inicial-salvament-i-socorrisme-curs-2026-2027\/\" target=\"_blank\" rel=\"noopener\">GRUP: Inici del curs a l&#8217;octubre, final del curs desembre (Presencial matins de 8h a 14:30h)<\/a><\/li>\n<li><a href=\"https:\/\/agora.xtec.cat\/ins-nauticabcn\/matricula-cicle-inicial-cfgm-salvament-i-socorrisme-alumnat-ins-maria-espinalt\/\" target=\"_blank\"&hellip;  <a href=\"https:\/\/agora.xtec.cat\/ins-nauticabcn\/cicle-inicial-de-salvament-i-socorrisme\/\" title=\"Read Cicle Inicial de Salvament i Socorrisme\">Llegeix m\u00e9s\u00bb<\/a><br \/>\n","protected":false},"author":1,"featured_media":0,"parent":0,"menu_order":0,"comment_status":"closed","ping_status":"closed","template":"","meta":{"_bbp_topic_count":0,"_bbp_reply_count":0,"_bbp_total_topic_count":0,"_bbp_total_reply_count":0,"_bbp_voice_count":0,"_bbp_anonymous_reply_count":0,"_bbp_topic_count_hidden":0,"_bbp_reply_count_hidden":0,"_bbp_forum_subforum_count":0,"footnotes":""},"class_list":["post-10016","page","type-page","status-publish","hentry"],"post_mailing_queue_ids":[],"_links":{"self":[{"href":"https:\/\/agora.xtec.cat\/ins-nauticabcn\/wp-json\/wp\/v2\/pages\/10016","targetHints":{"allow":["GET"]}}],"collection":[{"href":"https:\/\/agora.xtec.cat\/ins-nauticabcn\/wp-json\/wp\/v2\/pages"}],"about":[{"href":"https:\/\/agora.xtec.cat\/ins-nauticabcn\/wp-json\/wp\/v2\/types\/page"}],"author":[{"embeddable":true,"href":"https:\/\/agora.xtec.cat\/ins-nauticabcn\/wp-json\/wp\/v2\/users\/1"}],"replies":[{"embeddable":true,"href":"https:\/\/agora.xtec.cat\/ins-nauticabcn\/wp-json\/wp\/v2\/comments?post=10016"}],"version-history":[{"count":6,"href":"https:\/\/agora.xtec.cat\/ins-nauticabcn\/wp-json\/wp\/v2\/pages\/10016\/revisions"}],"predecessor-version":[{"id":10700,"href":"https:\/\/agora.xtec.cat\/ins-nauticabcn\/wp-json\/wp\/v2\/pages\/10016\/revisions\/10700"}],"wp:attachment":[{"href":"https:\/\/agora.xtec.cat\/ins-nauticabcn\/wp-json\/wp\/v2\/media?parent=10016"}],"curies":[{"name":"wp","href":"https:\/\/api.w.org\/{rel}","templated":true}]}}