{"id":6875,"date":"2021-07-13T11:55:28","date_gmt":"2021-07-13T09:55:28","guid":{"rendered":"http:\/\/agora.xtec.cat\/ins-mila-bcn\/?page_id=6875"},"modified":"2023-11-15T14:08:36","modified_gmt":"2023-11-15T13:08:36","slug":"estrategia-digital-de-centre","status":"publish","type":"page","link":"https:\/\/agora.xtec.cat\/ins-mila-bcn\/estrategia-digital-de-centre\/","title":{"rendered":"Estrat\u00e8gia Digital de Centre"},"content":{"rendered":"<p><img loading=\"lazy\" decoding=\"async\" class=\"alignnone size-large wp-image-8486\" src=\"https:\/\/agora.xtec.cat\/ins-mila-bcn\/wp-content\/uploads\/usu1834\/2022\/11\/proap-1024x114.png\" alt=\"\" width=\"1024\" height=\"114\" srcset=\"https:\/\/agora.xtec.cat\/ins-mila-bcn\/wp-content\/uploads\/usu1834\/2022\/11\/proap-1024x114.png 1024w, https:\/\/agora.xtec.cat\/ins-mila-bcn\/wp-content\/uploads\/usu1834\/2022\/11\/proap-300x33.png 300w, https:\/\/agora.xtec.cat\/ins-mila-bcn\/wp-content\/uploads\/usu1834\/2022\/11\/proap-768x85.png 768w, https:\/\/agora.xtec.cat\/ins-mila-bcn\/wp-content\/uploads\/usu1834\/2022\/11\/proap.png 1223w\" sizes=\"auto, (max-width: 1024px) 100vw, 1024px\" \/><\/p>\n<h1><strong>Fases de l&#8217;estrat\u00e8gia digital a l&#8217;INS Mil\u00e0 i Fontanals<\/strong><\/h1>\n<h2>1. Diagnosi<br \/>\n<iframe loading=\"lazy\" src=\"https:\/\/docs.google.com\/presentation\/d\/e\/2PACX-1vSxLHR8PlP5iAfWX8EHs6pxe0l3ziM46678R8UkDGuPLtGS1H__sPVkQ43i_xY2YIq_AA-xhttKp0zt\/embed?start=false&amp;loop=false&amp;delayms=3000\" width=\"960\" height=\"569\" frameborder=\"0\" allowfullscreen=\"allowfullscreen\"><\/iframe><\/h2>\n<h2>2. Objectius i planificaci\u00f3<\/h2>\n<p><iframe loading=\"lazy\" src=\"https:\/\/docs.google.com\/presentation\/d\/e\/2PACX-1vRL-tWQjpTJ_NDXQwgnucAGCh6oFNh2EGsLd_RNMcLJpPYsFIiOWTp0IQZB3KURLuh61LWhSPdYLogA\/embed?start=false&amp;loop=false&amp;delayms=3000\" width=\"960\" height=\"569\" frameborder=\"0\" allowfullscreen=\"allowfullscreen\"><\/iframe><\/p>\n<h2>3. Actuacions \/ Activitats<\/h2>\n<p><iframe loading=\"lazy\" src=\"https:\/\/docs.google.com\/presentation\/d\/e\/2PACX-1vQuTN7GuYiUwcGcMmGBzEEr6x5uV49gM02Zf2cotHZfj2TGNnlJlLOOWnPES6-9wk9SC0-xMjE49ZeN\/embed?start=false&amp;loop=false&amp;delayms=3000\" width=\"960\" height=\"569\" frameborder=\"0\" allowfullscreen=\"allowfullscreen\"><\/iframe><\/p>\n<h2>4. Avaluaci\u00f3<\/h2>\n<p><iframe loading=\"lazy\" src=\"https:\/\/docs.google.com\/presentation\/d\/e\/2PACX-1vQHfM0_sPEV314rQOBISpsTcDXrxKFpWfnLYzzb2Mjk8CY9o7ln9Y4fCovV0f2VPl5MhSr8N8ATtaWx\/embed?start=false&amp;loop=false&amp;delayms=3000\" width=\"960\" height=\"569\" frameborder=\"0\" allowfullscreen=\"allowfullscreen\"><\/iframe><\/p>\n<h2><strong>Cultura digital<\/strong><\/h2>\n<p>Aquesta part del document de l\u2019EDC recull tot el que el centre ja est\u00e0 realitzant en l\u2019\u00e0mbit digital.\u00a0En molts centres, aquestes accions que es duen a terme ja estan documentades. Alguns centres tenen documents espec\u00edfics, altres tenen sistemes de qualitat on estan indicats els procediments relacionats, altres ho incorporen en les NOFC. La casu\u00edstica \u00e9s molt variada. El que \u00e9s important \u00e9s que en l\u2019EDC hi estigui tot referenciat. D\u2019aquesta manera, qualsevol membre de la comunitat educativa que la llegeixi tindr\u00e0 una visi\u00f3 global del centre en l\u2019\u00e0mbit digital.<\/p>\n<p><img loading=\"lazy\" decoding=\"async\" class=\"alignnone size-large\" src=\"https:\/\/projectes.xtec.cat\/edc-suport\/wp-content\/uploads\/usu2435\/2021\/03\/2_Qu%C3%A8-%C3%A9s-la-Cultura-Digital-dun-centre_v3-768x543.jpg\" width=\"768\" height=\"543\" \/><\/p>\n<p>&nbsp;<\/p>\n<h4>Documentaci\u00f3<\/h4>\n<ul style=\"font-size: 16px; font-family: 'Helvetica Neue', Helvetica, Helvetica, Arial, sans-serif;\">\n<li>Cultura digital<\/li>\n<\/ul>\n<h4>Marcs de refer\u00e8ncia<\/h4>\n<ul>\n<li>Compet\u00e8ncies b\u00e0siques de l\u2019\u00e0mbit digital a secund\u00e0ria<\/li>\n<li>Orientacions per a l\u2019avaluaci\u00f3 de la compet\u00e8ncia digital de l\u2019alumnat a l\u2019ESO<\/li>\n<li>Compet\u00e8ncia digital docent del professorat de Catalunya<\/li>\n<li>Pla d\u2019Educaci\u00f3 Digital de Catalunya<\/li>\n<\/ul>\n<h4><\/h4>\n<p><img loading=\"lazy\" decoding=\"async\" class=\"alignnone size-large wp-image-8486\" src=\"https:\/\/agora.xtec.cat\/ins-mila-bcn\/wp-content\/uploads\/usu1834\/2022\/11\/proap-1024x114.png\" alt=\"\" width=\"1024\" height=\"114\" srcset=\"https:\/\/agora.xtec.cat\/ins-mila-bcn\/wp-content\/uploads\/usu1834\/2022\/11\/proap-1024x114.png 1024w, https:\/\/agora.xtec.cat\/ins-mila-bcn\/wp-content\/uploads\/usu1834\/2022\/11\/proap-300x33.png 300w, https:\/\/agora.xtec.cat\/ins-mila-bcn\/wp-content\/uploads\/usu1834\/2022\/11\/proap-768x85.png 768w, https:\/\/agora.xtec.cat\/ins-mila-bcn\/wp-content\/uploads\/usu1834\/2022\/11\/proap.png 1223w\" sizes=\"auto, (max-width: 1024px) 100vw, 1024px\" \/><\/p>\n","protected":false},"excerpt":{"rendered":"<p>Fases de l&#8217;estrat\u00e8gia digital a l&#8217;INS Mil\u00e0 i Fontanals<br \/>\n1. Diagnosi<\/p>\n<p>2. Objectius i planificaci\u00f3<\/p>\n<p>3. Actuacions \/ Activitats<\/p>\n<p>4. Avaluaci\u00f3<\/p>\n<p>Cultura digital<br \/>\nAquesta part del document de l\u2019EDC recull tot el que el centre ja est\u00e0 realitzant en l\u2019\u00e0mbit digital.\u00a0En molts centres, aquestes accions que es duen a terme ja&hellip;  <a href=\"https:\/\/agora.xtec.cat\/ins-mila-bcn\/estrategia-digital-de-centre\/\" title=\"Read Estrat\u00e8gia Digital de Centre\">Llegeix m\u00e9s\u00bb<\/a><\/p>\n","protected":false},"author":16,"featured_media":0,"parent":0,"menu_order":0,"comment_status":"closed","ping_status":"closed","template":"page-templates\/side-menu.php","meta":{"_bbp_topic_count":0,"_bbp_reply_count":0,"_bbp_total_topic_count":0,"_bbp_total_reply_count":0,"_bbp_voice_count":0,"_bbp_anonymous_reply_count":0,"_bbp_topic_count_hidden":0,"_bbp_reply_count_hidden":0,"_bbp_forum_subforum_count":0,"footnotes":""},"class_list":["post-6875","page","type-page","status-publish","hentry"],"post_mailing_queue_ids":[],"_links":{"self":[{"href":"https:\/\/agora.xtec.cat\/ins-mila-bcn\/wp-json\/wp\/v2\/pages\/6875","targetHints":{"allow":["GET"]}}],"collection":[{"href":"https:\/\/agora.xtec.cat\/ins-mila-bcn\/wp-json\/wp\/v2\/pages"}],"about":[{"href":"https:\/\/agora.xtec.cat\/ins-mila-bcn\/wp-json\/wp\/v2\/types\/page"}],"author":[{"embeddable":true,"href":"https:\/\/agora.xtec.cat\/ins-mila-bcn\/wp-json\/wp\/v2\/users\/16"}],"replies":[{"embeddable":true,"href":"https:\/\/agora.xtec.cat\/ins-mila-bcn\/wp-json\/wp\/v2\/comments?post=6875"}],"version-history":[{"count":5,"href":"https:\/\/agora.xtec.cat\/ins-mila-bcn\/wp-json\/wp\/v2\/pages\/6875\/revisions"}],"predecessor-version":[{"id":9633,"href":"https:\/\/agora.xtec.cat\/ins-mila-bcn\/wp-json\/wp\/v2\/pages\/6875\/revisions\/9633"}],"wp:attachment":[{"href":"https:\/\/agora.xtec.cat\/ins-mila-bcn\/wp-json\/wp\/v2\/media?parent=6875"}],"curies":[{"name":"wp","href":"https:\/\/api.w.org\/{rel}","templated":true}]}}