{"id":5663,"date":"2020-06-20T15:27:46","date_gmt":"2020-06-20T13:27:46","guid":{"rendered":"http:\/\/agora.xtec.cat\/ins-mila-bcn\/?page_id=5663"},"modified":"2020-06-20T15:32:10","modified_gmt":"2020-06-20T13:32:10","slug":"documentacio-matricula-eso-nous","status":"publish","type":"page","link":"https:\/\/agora.xtec.cat\/ins-mila-bcn\/documentacio-matricula-eso-nous\/","title":{"rendered":"DOCUMENTACI\u00d3 MATR\u00cdCULA ESO ALUMNES NOUS"},"content":{"rendered":"<h5><b>MATR\u00cdCULA ALUMNES NOUS (alumnes que no estaven al nostre Institut el curs 2019-2020)<\/b><\/h5>\n<p>TELEM\u00c0TICAMENT O AMB CITA PR\u00c8VIA (934417958 de 9 a 14h)<\/p>\n<h5>DOCUMENTACI\u00d3 MATR\u00cdCULA ESO (del 13 al 17 de juliol)<\/h5>\n<ul>\n<li style=\"list-style-type: none;\">\n<ul>\n<li style=\"list-style-type: none;\">\n<ul>\n<li>\n<h5><a href=\"https:\/\/agora.xtec.cat\/ins-mila-bcn\/wp-content\/uploads\/usu1834\/2020\/06\/INSTRUCCIONS-ESO-NOUS-word.pdf\" target=\"_blank\" rel=\"noopener noreferrer\">INSTRUCCIONS ESO (Alumnes nous)<\/a><\/h5>\n<\/li>\n<li>\n<h5><a href=\"https:\/\/agora.xtec.cat\/ins-mila-bcn\/wp-content\/uploads\/usu1834\/2020\/06\/Dades-personals-alumnes-ESO-NOUS-.pdf\" target=\"_blank\" rel=\"noopener noreferrer\">DADES PERSONALS (Alumnes nous)<\/a><\/h5>\n<\/li>\n<li>\n<h5><a href=\"https:\/\/agora.xtec.cat\/ins-mila-bcn\/wp-content\/uploads\/usu1834\/2020\/06\/explicacio\u0301-quota-eso-nous.pdf\" target=\"_blank\" rel=\"noopener noreferrer\">EXPLICACI\u00d3 QUOTA ESO<\/a><\/h5>\n<\/li>\n<li>\n<h5><a href=\"https:\/\/agora.xtec.cat\/ins-mila-bcn\/wp-content\/uploads\/usu1834\/2020\/06\/Explicacio\u0301-autoritzacions.pdf\" target=\"_blank\" rel=\"noopener noreferrer\">EXPLICACI\u00d3 AUTORITZACIONS<\/a><\/h5>\n<\/li>\n<li>\n<h5><a href=\"https:\/\/agora.xtec.cat\/ins-mila-bcn\/wp-content\/uploads\/usu1834\/2020\/06\/Carta-de-compromi\u0301s-educatiu-co\u0300pia.pdf\" target=\"_blank\" rel=\"noopener noreferrer\">CARTA DE COMPROM\u00cdS EDUCATIU<\/a><\/h5>\n<\/li>\n<\/ul>\n<\/li>\n<\/ul>\n<\/li>\n<\/ul>\n","protected":false},"excerpt":{"rendered":"<p>MATR\u00cdCULA ALUMNES NOUS (alumnes que no estaven al nostre Institut el curs 2019-2020)<br \/>\nTELEM\u00c0TICAMENT O AMB CITA PR\u00c8VIA (934417958 de 9 a 14h)<br \/>\nDOCUMENTACI\u00d3 MATR\u00cdCULA ESO (del 13 al 17 de juliol)<\/p>\n<ul>\n<li style=\"list-style-type: none;\">\n<ul>\n<li style=\"list-style-type: none;\">\n<ul>\n<li>\n<a href=\"https:\/\/agora.xtec.cat\/ins-mila-bcn\/wp-content\/uploads\/usu1834\/2020\/06\/INSTRUCCIONS-ESO-NOUS-word.pdf\" target=\"_blank\" rel=\"noopener noreferrer\">INSTRUCCIONS ESO (Alumnes nous)<\/a>\n<\/li>\n<li>\n<a href=\"https:\/\/agora.xtec.cat\/ins-mila-bcn\/wp-content\/uploads\/usu1834\/2020\/06\/Dades-personals-alumnes-ESO-NOUS-.pdf\" target=\"_blank\" rel=\"noopener noreferrer\">DADES&hellip;  <a href=\"https:\/\/agora.xtec.cat\/ins-mila-bcn\/documentacio-matricula-eso-nous\/\" title=\"Read DOCUMENTACI\u00d3 MATR\u00cdCULA ESO ALUMNES NOUS\">Llegeix m\u00e9s\u00bb<\/a><\/p>\n","protected":false},"author":1,"featured_media":0,"parent":0,"menu_order":0,"comment_status":"closed","ping_status":"closed","template":"","meta":{"_bbp_topic_count":0,"_bbp_reply_count":0,"_bbp_total_topic_count":0,"_bbp_total_reply_count":0,"_bbp_voice_count":0,"_bbp_anonymous_reply_count":0,"_bbp_topic_count_hidden":0,"_bbp_reply_count_hidden":0,"_bbp_forum_subforum_count":0,"footnotes":""},"class_list":["post-5663","page","type-page","status-publish","hentry"],"post_mailing_queue_ids":[],"_links":{"self":[{"href":"https:\/\/agora.xtec.cat\/ins-mila-bcn\/wp-json\/wp\/v2\/pages\/5663","targetHints":{"allow":["GET"]}}],"collection":[{"href":"https:\/\/agora.xtec.cat\/ins-mila-bcn\/wp-json\/wp\/v2\/pages"}],"about":[{"href":"https:\/\/agora.xtec.cat\/ins-mila-bcn\/wp-json\/wp\/v2\/types\/page"}],"author":[{"embeddable":true,"href":"https:\/\/agora.xtec.cat\/ins-mila-bcn\/wp-json\/wp\/v2\/users\/1"}],"replies":[{"embeddable":true,"href":"https:\/\/agora.xtec.cat\/ins-mila-bcn\/wp-json\/wp\/v2\/comments?post=5663"}],"version-history":[{"count":2,"href":"https:\/\/agora.xtec.cat\/ins-mila-bcn\/wp-json\/wp\/v2\/pages\/5663\/revisions"}],"predecessor-version":[{"id":5669,"href":"https:\/\/agora.xtec.cat\/ins-mila-bcn\/wp-json\/wp\/v2\/pages\/5663\/revisions\/5669"}],"wp:attachment":[{"href":"https:\/\/agora.xtec.cat\/ins-mila-bcn\/wp-json\/wp\/v2\/media?parent=5663"}],"curies":[{"name":"wp","href":"https:\/\/api.w.org\/{rel}","templated":true}]}}