{"id":5625,"date":"2020-06-20T12:54:10","date_gmt":"2020-06-20T10:54:10","guid":{"rendered":"http:\/\/agora.xtec.cat\/ins-mila-bcn\/?page_id=5625"},"modified":"2020-06-20T19:22:39","modified_gmt":"2020-06-20T17:22:39","slug":"documentacio-matricula-batxillerat","status":"publish","type":"page","link":"https:\/\/agora.xtec.cat\/ins-mila-bcn\/documentacio-matricula-batxillerat\/","title":{"rendered":"DOCUMENTACI\u00d3 MATR\u00cdCULA  BATXILLERAT"},"content":{"rendered":"<h5><b>MATR\u00cdCULA CONTINU\u00cfTAT (alumnes que estaven al nostre Institut el curs 2019-2020)<\/b><\/h5>\n<p>TELEM\u00c0TICAMENT O AMB CITA PR\u00c8VIA (934417958 de 9 a 14h) Veure instruccions en la documentaci\u00f3 de la matr\u00edcula<\/p>\n<h5><strong> DOCUMENTACI\u00d3 MATR\u00cdCULA BATXILLERAT (del 26 de juny al 14 de juliol els alumnes aprovats el juny i del 7 a 10 de setembre els alumnes aprovats el setembre)\u00a0<\/strong><\/h5>\n<ul>\n<li style=\"list-style-type: none;\">\n<ul>\n<li style=\"list-style-type: none;\">\n<ul>\n<li>\n<h5><a href=\"https:\/\/agora.xtec.cat\/ins-mila-bcn\/wp-content\/uploads\/usu1834\/2020\/06\/INSTRUCCIONS-MATRICULACIO\u0301-BAT-CENTRE-.pdf\" target=\"_blank\" rel=\"noopener noreferrer\">INSTRUCCI\u00d3NS MATR\u00cdCULA BATXILLERAT (alumnes del centre)<\/a><\/h5>\n<\/li>\n<li>\n<h5><a href=\"https:\/\/agora.xtec.cat\/ins-mila-bcn\/wp-content\/uploads\/usu1834\/2020\/06\/full-dades-personals-batx-centre.pdf\" target=\"_blank\" rel=\"noopener noreferrer\">FULL DE DADES PERSONALS BATXILLERAT (alumnes del centre)<\/a><\/h5>\n<\/li>\n<li>\n<h5><a href=\"https:\/\/agora.xtec.cat\/ins-mila-bcn\/wp-content\/uploads\/usu1834\/2020\/06\/TRIA-MAT\u00c8RIES-1r-BAT.pdf\" target=\"_blank\" rel=\"noopener noreferrer\">TRIA MAT\u00c8RIES 1r de BATXILLERAT<\/a><\/h5>\n<\/li>\n<li>\n<h5><a href=\"https:\/\/agora.xtec.cat\/ins-mila-bcn\/wp-content\/uploads\/usu1834\/2020\/06\/TRIA-MAT\u00c8RIES-2n-BAT.pdf\" target=\"_blank\" rel=\"noopener noreferrer\">TRIA MAT\u00c8RIES 2n de BATXILLERAT<\/a><\/h5>\n<\/li>\n<li>\n<h5><a href=\"https:\/\/agora.xtec.cat\/ins-mila-bcn\/wp-content\/uploads\/usu1834\/2020\/06\/explicacio\u0301-quota-BAT.pdf\" target=\"_blank\" rel=\"noopener noreferrer\">INFORMACI\u00d3 QUOTA BATXILLERAT<\/a><\/h5>\n<\/li>\n<\/ul>\n<\/li>\n<\/ul>\n<\/li>\n<\/ul>\n<h5><\/h5>\n","protected":false},"excerpt":{"rendered":"<p>MATR\u00cdCULA CONTINU\u00cfTAT (alumnes que estaven al nostre Institut el curs 2019-2020)<br \/>\nTELEM\u00c0TICAMENT O AMB CITA PR\u00c8VIA (934417958 de 9 a 14h) Veure instruccions en la documentaci\u00f3 de la matr\u00edcula<br \/>\n DOCUMENTACI\u00d3 MATR\u00cdCULA BATXILLERAT (del 26 de juny al 14 de juliol els alumnes aprovats el juny i&hellip;  <a href=\"https:\/\/agora.xtec.cat\/ins-mila-bcn\/documentacio-matricula-batxillerat\/\" title=\"Read DOCUMENTACI\u00d3 MATR\u00cdCULA  BATXILLERAT\">Llegeix m\u00e9s\u00bb<\/a><\/p>\n","protected":false},"author":1,"featured_media":0,"parent":0,"menu_order":0,"comment_status":"closed","ping_status":"closed","template":"","meta":{"_bbp_topic_count":0,"_bbp_reply_count":0,"_bbp_total_topic_count":0,"_bbp_total_reply_count":0,"_bbp_voice_count":0,"_bbp_anonymous_reply_count":0,"_bbp_topic_count_hidden":0,"_bbp_reply_count_hidden":0,"_bbp_forum_subforum_count":0,"footnotes":""},"class_list":["post-5625","page","type-page","status-publish","hentry"],"post_mailing_queue_ids":[],"_links":{"self":[{"href":"https:\/\/agora.xtec.cat\/ins-mila-bcn\/wp-json\/wp\/v2\/pages\/5625","targetHints":{"allow":["GET"]}}],"collection":[{"href":"https:\/\/agora.xtec.cat\/ins-mila-bcn\/wp-json\/wp\/v2\/pages"}],"about":[{"href":"https:\/\/agora.xtec.cat\/ins-mila-bcn\/wp-json\/wp\/v2\/types\/page"}],"author":[{"embeddable":true,"href":"https:\/\/agora.xtec.cat\/ins-mila-bcn\/wp-json\/wp\/v2\/users\/1"}],"replies":[{"embeddable":true,"href":"https:\/\/agora.xtec.cat\/ins-mila-bcn\/wp-json\/wp\/v2\/comments?post=5625"}],"version-history":[{"count":3,"href":"https:\/\/agora.xtec.cat\/ins-mila-bcn\/wp-json\/wp\/v2\/pages\/5625\/revisions"}],"predecessor-version":[{"id":5685,"href":"https:\/\/agora.xtec.cat\/ins-mila-bcn\/wp-json\/wp\/v2\/pages\/5625\/revisions\/5685"}],"wp:attachment":[{"href":"https:\/\/agora.xtec.cat\/ins-mila-bcn\/wp-json\/wp\/v2\/media?parent=5625"}],"curies":[{"name":"wp","href":"https:\/\/api.w.org\/{rel}","templated":true}]}}