{"id":3352,"date":"2019-02-14T00:03:57","date_gmt":"2019-02-13T23:03:57","guid":{"rendered":"http:\/\/agora.xtec.cat\/ins-mila-bcn\/?page_id=3352"},"modified":"2023-01-31T13:09:10","modified_gmt":"2023-01-31T12:09:10","slug":"en-residencia-al-mila-i-fontanals","status":"publish","type":"page","link":"https:\/\/agora.xtec.cat\/ins-mila-bcn\/en-residencia-al-mila-i-fontanals\/","title":{"rendered":"En Resid\u00e8ncia al Mil\u00e0 i Fontanals"},"content":{"rendered":"<p><a href=\"https:\/\/blocsenresidencia.bcn.cat\/milaifontanals2023\/\" target=\"_blank\" rel=\"noopener\">14a EDICI\u00d3 2022 \/ 2023: Sabina Witt EN RESID\u00c8NCIA a l&#8217;Institut Mil\u00e0 i Fontanals<\/a><\/p>\n<p><a href=\"https:\/\/blocsenresidencia.bcn.cat\/milaifontanals2023\/\" target=\"_blank\" rel=\"noopener\"><img loading=\"lazy\" decoding=\"async\" class=\"alignnone wp-image-8768 size-full\" src=\"https:\/\/agora.xtec.cat\/ins-mila-bcn\/wp-content\/uploads\/usu1834\/2023\/01\/2223enresidencia.png\" alt=\"\" width=\"944\" height=\"703\" srcset=\"https:\/\/agora.xtec.cat\/ins-mila-bcn\/wp-content\/uploads\/usu1834\/2023\/01\/2223enresidencia.png 944w, https:\/\/agora.xtec.cat\/ins-mila-bcn\/wp-content\/uploads\/usu1834\/2023\/01\/2223enresidencia-300x223.png 300w, https:\/\/agora.xtec.cat\/ins-mila-bcn\/wp-content\/uploads\/usu1834\/2023\/01\/2223enresidencia-768x572.png 768w, https:\/\/agora.xtec.cat\/ins-mila-bcn\/wp-content\/uploads\/usu1834\/2023\/01\/2223enresidencia-200x150.png 200w\" sizes=\"auto, (max-width: 944px) 100vw, 944px\" \/><\/a><\/p>\n<p><a href=\"https:\/\/blocsenresidencia.bcn.cat\/milaifontanals2021\" target=\"_blank\" rel=\"noopener noreferrer\"><strong>12a EDICI\u00d3 2020 \/ 2021:<\/strong> Juliane Heinemann EN RESiD\u00c8NCiA a l&#8217;Institut Mil\u00e0 i Fontanals<\/a><\/p>\n<p><a href=\"https:\/\/blocsenresidencia.bcn.cat\/milaifontanals2021\" target=\"_blank\" rel=\"noopener noreferrer\"><img loading=\"lazy\" decoding=\"async\" class=\"alignnone wp-image-5990 size-full\" src=\"https:\/\/agora.xtec.cat\/ins-mila-bcn\/wp-content\/uploads\/usu1834\/2020\/10\/juliane-heinemann-foto.jpg\" alt=\"\" width=\"500\" height=\"300\" srcset=\"https:\/\/agora.xtec.cat\/ins-mila-bcn\/wp-content\/uploads\/usu1834\/2020\/10\/juliane-heinemann-foto.jpg 500w, https:\/\/agora.xtec.cat\/ins-mila-bcn\/wp-content\/uploads\/usu1834\/2020\/10\/juliane-heinemann-foto-300x180.jpg 300w\" sizes=\"auto, (max-width: 500px) 100vw, 500px\" \/><\/a><\/p>\n<p><a href=\"http:\/\/blocsenresidencia.bcn.cat\/milaifontanals1819\/\" target=\"_blank\" rel=\"noopener noreferrer\"><strong>10a EDICI\u00d3 2018 \/ 2019:<\/strong>\u00a0Seraf\u00edn \u00c1lvarez EN RESiD\u00c8NCiA a l&#8217;Institut Mil\u00e0 i Fontanals<\/a><\/p>\n<p><a href=\"http:\/\/blocsenresidencia.bcn.cat\/milaifontanals1819\/\"><img loading=\"lazy\" decoding=\"async\" class=\"size-large wp-image-3404 alignnone\" src=\"https:\/\/agora.xtec.cat\/ins-mila-bcn\/wp-content\/uploads\/usu1834\/2019\/02\/IMG_1928-1024x768-1024x768.jpg\" alt=\"\" width=\"1024\" height=\"768\" srcset=\"https:\/\/agora.xtec.cat\/ins-mila-bcn\/wp-content\/uploads\/usu1834\/2019\/02\/IMG_1928-1024x768.jpg 1024w, https:\/\/agora.xtec.cat\/ins-mila-bcn\/wp-content\/uploads\/usu1834\/2019\/02\/IMG_1928-1024x768-300x225.jpg 300w, https:\/\/agora.xtec.cat\/ins-mila-bcn\/wp-content\/uploads\/usu1834\/2019\/02\/IMG_1928-1024x768-768x576.jpg 768w, https:\/\/agora.xtec.cat\/ins-mila-bcn\/wp-content\/uploads\/usu1834\/2019\/02\/IMG_1928-1024x768-200x150.jpg 200w\" sizes=\"auto, (max-width: 1024px) 100vw, 1024px\" \/><\/a><\/p>\n<p>&nbsp;<\/p>\n<p><a href=\"http:\/\/blocsenresidencia.bcn.cat\/milaifontanals1718\" target=\"_blank\" rel=\"noopener noreferrer\"><strong>9a EDICI\u00d3 2017 \/ 2018:<\/strong> Maria Arnal EN RESiD\u00c8NCiA a l&#8217;Institut Mil\u00e0 i Fontanals<\/a><\/p>\n<p style=\"text-align: left;\"><a href=\"http:\/\/blocsenresidencia.bcn.cat\/milaifontanals1718\"><img loading=\"lazy\" decoding=\"async\" class=\"size-large wp-image-3406 alignnone\" src=\"https:\/\/agora.xtec.cat\/ins-mila-bcn\/wp-content\/uploads\/usu1834\/2019\/02\/DSC_0093bC-1024x625.jpg\" alt=\"\" width=\"1024\" height=\"625\" srcset=\"https:\/\/agora.xtec.cat\/ins-mila-bcn\/wp-content\/uploads\/usu1834\/2019\/02\/DSC_0093bC-1024x625.jpg 1024w, https:\/\/agora.xtec.cat\/ins-mila-bcn\/wp-content\/uploads\/usu1834\/2019\/02\/DSC_0093bC-300x183.jpg 300w, https:\/\/agora.xtec.cat\/ins-mila-bcn\/wp-content\/uploads\/usu1834\/2019\/02\/DSC_0093bC-768x469.jpg 768w\" sizes=\"auto, (max-width: 1024px) 100vw, 1024px\" \/><\/a><\/p>\n<p><a href=\"http:\/\/blocsenresidencia.bcn.cat\/milaifontanals1718\"><img loading=\"lazy\" decoding=\"async\" class=\"size-large wp-image-3418 alignnone\" src=\"https:\/\/agora.xtec.cat\/ins-mila-bcn\/wp-content\/uploads\/usu1834\/2019\/02\/DSC7103-1024x683.jpg\" alt=\"\" width=\"1024\" height=\"683\" srcset=\"https:\/\/agora.xtec.cat\/ins-mila-bcn\/wp-content\/uploads\/usu1834\/2019\/02\/DSC7103-1024x683.jpg 1024w, https:\/\/agora.xtec.cat\/ins-mila-bcn\/wp-content\/uploads\/usu1834\/2019\/02\/DSC7103-300x200.jpg 300w, https:\/\/agora.xtec.cat\/ins-mila-bcn\/wp-content\/uploads\/usu1834\/2019\/02\/DSC7103-768x512.jpg 768w\" sizes=\"auto, (max-width: 1024px) 100vw, 1024px\" \/><\/a><\/p>\n<p>&nbsp;<\/p>\n<p style=\"text-align: left;\"><a href=\"http:\/\/blocsenresidencia.bcn.cat\/milaifontanals1617\/\" target=\"_blank\" rel=\"noopener noreferrer\"><strong>8a EDICI\u00d3 2016 \/ 2017:\u00a0<\/strong>Ricard Trigo EN RESiD\u00c8NCiA a l&#8217;Institut Mil\u00e0 i Fontanals<\/a><\/p>\n<p style=\"text-align: left;\"><a href=\"http:\/\/blocsenresidencia.bcn.cat\/milaifontanals1617\/\"><img loading=\"lazy\" decoding=\"async\" class=\"size-full wp-image-3410 alignnone\" src=\"https:\/\/agora.xtec.cat\/ins-mila-bcn\/wp-content\/uploads\/usu1834\/2019\/02\/8_edicio_2016_17_foto_ricard_trigo_bio.jpg\" alt=\"\" width=\"300\" height=\"253\" \/><\/a><\/p>\n<p>&nbsp;<\/p>\n<p style=\"text-align: left;\"><a href=\"http:\/\/blocsenresidencia.bcn.cat\/milaifontanals1516\/\"><strong>7a EDICI\u00d3 2015 \/ 2016:<\/strong>\u00a0Lolo &amp; Sosaku EN RESiD\u00c8NCiA a l&#8217;Institut Mil\u00e0 i Fontanals<\/a><\/p>\n<p style=\"text-align: left;\"><a href=\"http:\/\/blocsenresidencia.bcn.cat\/milaifontanals1516\/\"><img loading=\"lazy\" decoding=\"async\" class=\"size-large wp-image-3412 alignnone\" src=\"https:\/\/agora.xtec.cat\/ins-mila-bcn\/wp-content\/uploads\/usu1834\/2019\/02\/P1080696-1038x576-1024x568.jpg\" alt=\"\" width=\"1024\" height=\"568\" srcset=\"https:\/\/agora.xtec.cat\/ins-mila-bcn\/wp-content\/uploads\/usu1834\/2019\/02\/P1080696-1038x576-1024x568.jpg 1024w, https:\/\/agora.xtec.cat\/ins-mila-bcn\/wp-content\/uploads\/usu1834\/2019\/02\/P1080696-1038x576-300x166.jpg 300w, https:\/\/agora.xtec.cat\/ins-mila-bcn\/wp-content\/uploads\/usu1834\/2019\/02\/P1080696-1038x576-768x426.jpg 768w, https:\/\/agora.xtec.cat\/ins-mila-bcn\/wp-content\/uploads\/usu1834\/2019\/02\/P1080696-1038x576.jpg 1038w\" sizes=\"auto, (max-width: 1024px) 100vw, 1024px\" \/><\/a><\/p>\n<p>&nbsp;<\/p>\n<p style=\"text-align: left;\"><a href=\"http:\/\/blocsenresidencia.bcn.cat\/milaifontanals1415\/\"><strong><span class=\"edicion-actual edition\">6a EDICI\u00d3 2014 \/ 2015<\/span>:<\/strong>\u00a0Jordi Mitj\u00e0 EN RESiD\u00c8NCiA a l&#8217;Institut Mil\u00e0 i Fontanals<\/a><\/p>\n<p><a href=\"http:\/\/blocsenresidencia.bcn.cat\/milaifontanals1415\/\"><img loading=\"lazy\" decoding=\"async\" class=\"size-full wp-image-3414 alignnone\" src=\"https:\/\/agora.xtec.cat\/ins-mila-bcn\/wp-content\/uploads\/usu1834\/2019\/02\/14.jpg\" alt=\"\" width=\"775\" height=\"519\" srcset=\"https:\/\/agora.xtec.cat\/ins-mila-bcn\/wp-content\/uploads\/usu1834\/2019\/02\/14.jpg 775w, https:\/\/agora.xtec.cat\/ins-mila-bcn\/wp-content\/uploads\/usu1834\/2019\/02\/14-300x201.jpg 300w, https:\/\/agora.xtec.cat\/ins-mila-bcn\/wp-content\/uploads\/usu1834\/2019\/02\/14-768x514.jpg 768w\" sizes=\"auto, (max-width: 775px) 100vw, 775px\" \/><\/a><\/p>\n<p><iframe loading=\"lazy\" title=\"6a Edici\u00f3 2014_2015 \/ Creadors EN RESiD\u00c8NCiA \/ Resum\" src=\"https:\/\/player.vimeo.com\/video\/167074796?dnt=1&amp;app_id=122963\" width=\"500\" height=\"281\" frameborder=\"0\" allow=\"autoplay; fullscreen; picture-in-picture; clipboard-write\"><\/iframe><\/p>\n<p style=\"text-align: left;\"><a href=\"http:\/\/blocsenresidencia.bcn.cat\/milaifontanals\/\"><span class=\"edicion-actual edition\"><strong>5a EDICI\u00d3 2013 \/ 2014:<\/strong>\u00a0<\/span>loscorderos EN RESiD\u00c8NCiA a l&#8217;Institut Mil\u00e0 i Fontanals<\/a><\/p>\n<p><a href=\"http:\/\/blocsenresidencia.bcn.cat\/milaifontanals\/\"><img loading=\"lazy\" decoding=\"async\" class=\"size-full wp-image-3422 alignnone\" src=\"https:\/\/agora.xtec.cat\/ins-mila-bcn\/wp-content\/uploads\/usu1834\/2019\/02\/5_edicio_2013_14_foto_los_corderos_bio.jpg\" alt=\"\" width=\"300\" height=\"253\" \/><\/a><\/p>\n<p><a href=\"http:\/\/blocsenresidencia.bcn.cat\/milaifontanals\/\"><img loading=\"lazy\" decoding=\"async\" class=\"alignleft size-full wp-image-3416\" src=\"https:\/\/agora.xtec.cat\/ins-mila-bcn\/wp-content\/uploads\/usu1834\/2019\/02\/grup.jpg\" alt=\"\" width=\"1000\" height=\"667\" srcset=\"https:\/\/agora.xtec.cat\/ins-mila-bcn\/wp-content\/uploads\/usu1834\/2019\/02\/grup.jpg 1000w, https:\/\/agora.xtec.cat\/ins-mila-bcn\/wp-content\/uploads\/usu1834\/2019\/02\/grup-300x200.jpg 300w, https:\/\/agora.xtec.cat\/ins-mila-bcn\/wp-content\/uploads\/usu1834\/2019\/02\/grup-768x512.jpg 768w\" sizes=\"auto, (max-width: 1000px) 100vw, 1000px\" \/><\/a><\/p>\n<p>&nbsp;<\/p>\n<p>&nbsp;<\/p>\n<p>&nbsp;<\/p>\n","protected":false},"excerpt":{"rendered":"<p><a href=\"https:\/\/blocsenresidencia.bcn.cat\/milaifontanals2023\/\" target=\"_blank\" rel=\"noopener\">14a EDICI\u00d3 2022 \/ 2023: Sabina Witt EN RESID\u00c8NCIA a l&#8217;Institut Mil\u00e0 i Fontanals<\/a><br \/>\n<a href=\"https:\/\/blocsenresidencia.bcn.cat\/milaifontanals2023\/\" target=\"_blank\" rel=\"noopener\"><\/a><br \/>\n<a href=\"https:\/\/blocsenresidencia.bcn.cat\/milaifontanals2021\" target=\"_blank\" rel=\"noopener noreferrer\">12a EDICI\u00d3 2020 \/ 2021: Juliane Heinemann EN RESiD\u00c8NCiA a l&#8217;Institut Mil\u00e0 i Fontanals<\/a><br \/>\n<a href=\"https:\/\/blocsenresidencia.bcn.cat\/milaifontanals2021\" target=\"_blank\" rel=\"noopener noreferrer\"><\/a><br \/>\n<a href=\"http:\/\/blocsenresidencia.bcn.cat\/milaifontanals1819\/\" target=\"_blank\" rel=\"noopener noreferrer\">10a&hellip;  <a href=\"https:\/\/agora.xtec.cat\/ins-mila-bcn\/en-residencia-al-mila-i-fontanals\/\" title=\"Read En Resid\u00e8ncia al Mil\u00e0 i Fontanals\">Llegeix m\u00e9s\u00bb<\/a><\/p>\n","protected":false},"author":1,"featured_media":0,"parent":0,"menu_order":0,"comment_status":"closed","ping_status":"closed","template":"","meta":{"_bbp_topic_count":0,"_bbp_reply_count":0,"_bbp_total_topic_count":0,"_bbp_total_reply_count":0,"_bbp_voice_count":0,"_bbp_anonymous_reply_count":0,"_bbp_topic_count_hidden":0,"_bbp_reply_count_hidden":0,"_bbp_forum_subforum_count":0,"footnotes":""},"class_list":["post-3352","page","type-page","status-publish","hentry"],"post_mailing_queue_ids":[],"_links":{"self":[{"href":"https:\/\/agora.xtec.cat\/ins-mila-bcn\/wp-json\/wp\/v2\/pages\/3352","targetHints":{"allow":["GET"]}}],"collection":[{"href":"https:\/\/agora.xtec.cat\/ins-mila-bcn\/wp-json\/wp\/v2\/pages"}],"about":[{"href":"https:\/\/agora.xtec.cat\/ins-mila-bcn\/wp-json\/wp\/v2\/types\/page"}],"author":[{"embeddable":true,"href":"https:\/\/agora.xtec.cat\/ins-mila-bcn\/wp-json\/wp\/v2\/users\/1"}],"replies":[{"embeddable":true,"href":"https:\/\/agora.xtec.cat\/ins-mila-bcn\/wp-json\/wp\/v2\/comments?post=3352"}],"version-history":[{"count":4,"href":"https:\/\/agora.xtec.cat\/ins-mila-bcn\/wp-json\/wp\/v2\/pages\/3352\/revisions"}],"predecessor-version":[{"id":8769,"href":"https:\/\/agora.xtec.cat\/ins-mila-bcn\/wp-json\/wp\/v2\/pages\/3352\/revisions\/8769"}],"wp:attachment":[{"href":"https:\/\/agora.xtec.cat\/ins-mila-bcn\/wp-json\/wp\/v2\/media?parent=3352"}],"curies":[{"name":"wp","href":"https:\/\/api.w.org\/{rel}","templated":true}]}}