{"id":1217,"date":"2018-06-03T19:36:36","date_gmt":"2018-06-03T17:36:36","guid":{"rendered":"http:\/\/agora.xtec.cat\/ins-mila-bcn\/?page_id=1217"},"modified":"2022-11-10T12:15:41","modified_gmt":"2022-11-10T11:15:41","slug":"ampa","status":"publish","type":"page","link":"https:\/\/agora.xtec.cat\/ins-mila-bcn\/serveis\/ampa\/","title":{"rendered":"AMPA"},"content":{"rendered":"<p>L\u2019AMPA \u00e9s l\u2019espai que ens permet a les fam\u00edlies participar de manera activa en l\u2019educaci\u00f3 dels nostres fills\/es dins l\u2019institut. El nostre objectiu \u00e9s aconseguir tenir una AMPA forta i activa i que les nostres reivindicacions prenguin for\u00e7a. Per aix\u00f2 us demanem que us hi apunteu. Tothom \u00e9s benvingut, independentment del grau d\u2019implicaci\u00f3 i disponibilitat. L\u2019AMPA del Mil\u00e0 som totes i tots.<br \/>\nLa quota de soci \u00e9s de 15\u20ac per curs i fam\u00edlia, sense cap afegit per tenir altres germans al centre. Aquesta petita aportaci\u00f3 econ\u00f2mica ens permetr\u00e0 a l\u2019AMPA tirar endavant les activitats, el suport al centre i tot all\u00f2 que ens proposem tots plegats.<br \/>\nEl projecte educatiu de l\u2019Institut \u00e9s engrescador i de qualitat. Tot bon projecte educatiu necessita una AMPA, que treballi colze a colze, en la mesura de les seves possibilitats, per aquest motiu es va revifar el curs 2017-2018.<br \/>\nQuins s\u00f3n els nostres objectius?<br \/>\n&#8211; Subvencionar les col\u00f2nies-viatges de l\u2019alumnat.<br \/>\n&#8211; Subvencionar i col\u00b7laborar amb les activitats extraescolars i garantir-ne l\u2019asseguran\u00e7a de responsabilitat civil.<br \/>\n&#8211; Participar activament en el Consell Escolar del centre.<br \/>\n&#8211; Afavorir la relaci\u00f3 i coordinaci\u00f3 entre les fam\u00edlies i el personal docent.<br \/>\n&#8211; Promoure espais de formaci\u00f3, tallers.. per l\u2019alumnat i les fam\u00edlies.<br \/>\n&#8211; Construir xarxa amb altres entitats del barri i\/o districtes propers.<br \/>\n&#8211; Entrega a l\u2019alumnat de la carpeta personalitzada, des del curs 2021-2022.<br \/>\nProjectes puntuals realitzats:<br \/>\n&#8211; Febrer 2019, obsequi d\u2019una taula de ping-pong plegable<br \/>\n&#8211; Febrer 2020, instal\u00b7laci\u00f3 d\u2019un roc\u00f2drom a una cantonada del pati gran<br \/>\nLa veu de les fam\u00edlies \u00e9s clau per ajudar al desenvolupament i el benestar dels<br \/>\nnostres fills\/es. Sens dubte, l\u2019espai idoni \u00e9s l\u2019AMPA.<\/p>\n<p>Us hi esperem!!<br \/>\nPodeu contactar amb la Junta, fer suggeriments, aportar idees.. mitjan\u00e7ant l\u2019adre\u00e7a<br \/>\nelectr\u00f2nica <u><strong>ampa.mila@insmilabcn.cat<\/strong><\/u><br \/>\nInstagram: l.ampa.del.mila_bcn<\/p>\n<p>&nbsp;<\/p>\n","protected":false},"excerpt":{"rendered":"<p>L\u2019AMPA \u00e9s l\u2019espai que ens permet a les fam\u00edlies participar de manera activa en l\u2019educaci\u00f3 dels nostres fills\/es dins l\u2019institut. El nostre objectiu \u00e9s aconseguir tenir una AMPA forta i activa i que les nostres reivindicacions prenguin for\u00e7a. Per aix\u00f2 us demanem que us hi&hellip;  <a href=\"https:\/\/agora.xtec.cat\/ins-mila-bcn\/serveis\/ampa\/\" title=\"Read AMPA\">Llegeix m\u00e9s\u00bb<\/a><\/p>\n","protected":false},"author":1,"featured_media":0,"parent":63,"menu_order":0,"comment_status":"closed","ping_status":"closed","template":"page-templates\/side-menu.php","meta":{"_bbp_topic_count":0,"_bbp_reply_count":0,"_bbp_total_topic_count":0,"_bbp_total_reply_count":0,"_bbp_voice_count":0,"_bbp_anonymous_reply_count":0,"_bbp_topic_count_hidden":0,"_bbp_reply_count_hidden":0,"_bbp_forum_subforum_count":0,"footnotes":""},"class_list":["post-1217","page","type-page","status-publish","hentry"],"post_mailing_queue_ids":[],"_links":{"self":[{"href":"https:\/\/agora.xtec.cat\/ins-mila-bcn\/wp-json\/wp\/v2\/pages\/1217","targetHints":{"allow":["GET"]}}],"collection":[{"href":"https:\/\/agora.xtec.cat\/ins-mila-bcn\/wp-json\/wp\/v2\/pages"}],"about":[{"href":"https:\/\/agora.xtec.cat\/ins-mila-bcn\/wp-json\/wp\/v2\/types\/page"}],"author":[{"embeddable":true,"href":"https:\/\/agora.xtec.cat\/ins-mila-bcn\/wp-json\/wp\/v2\/users\/1"}],"replies":[{"embeddable":true,"href":"https:\/\/agora.xtec.cat\/ins-mila-bcn\/wp-json\/wp\/v2\/comments?post=1217"}],"version-history":[{"count":3,"href":"https:\/\/agora.xtec.cat\/ins-mila-bcn\/wp-json\/wp\/v2\/pages\/1217\/revisions"}],"predecessor-version":[{"id":8561,"href":"https:\/\/agora.xtec.cat\/ins-mila-bcn\/wp-json\/wp\/v2\/pages\/1217\/revisions\/8561"}],"up":[{"embeddable":true,"href":"https:\/\/agora.xtec.cat\/ins-mila-bcn\/wp-json\/wp\/v2\/pages\/63"}],"wp:attachment":[{"href":"https:\/\/agora.xtec.cat\/ins-mila-bcn\/wp-json\/wp\/v2\/media?parent=1217"}],"curies":[{"name":"wp","href":"https:\/\/api.w.org\/{rel}","templated":true}]}}