{"id":1195,"date":"2023-02-06T10:13:09","date_gmt":"2023-02-06T09:13:09","guid":{"rendered":"https:\/\/agora.xtec.cat\/ins-latalaia\/?page_id=1195"},"modified":"2025-05-08T12:21:39","modified_gmt":"2025-05-08T10:21:39","slug":"sollicitud-de-titol-de-batxiller","status":"publish","type":"page","link":"https:\/\/agora.xtec.cat\/ins-latalaia\/secretaria\/sollicitud-de-titol-destudis-postobligatoris\/sollicitud-de-titol-de-batxiller\/","title":{"rendered":"Sol\u00b7licitud de t\u00edtol de batxiller"},"content":{"rendered":"<p><a href=\"https:\/\/agora.xtec.cat\/ins-latalaia\/wp-content\/uploads\/usu2131\/2023\/02\/sollicitud-TITOL-BATXILLERAT-1.jpg\"><img loading=\"lazy\" decoding=\"async\" class=\"alignnone wp-image-1261\" src=\"https:\/\/agora.xtec.cat\/ins-latalaia\/wp-content\/uploads\/usu2131\/2023\/02\/sollicitud-TITOL-BATXILLERAT-1.jpg\" alt=\"Sol\u00b7licitud t\u00edtol Batxillerat\" width=\"326\" height=\"308\" \/><\/a><\/p>\n<h4><strong>\u00a0 \u00a0 \u00a0\u00a0<a href=\"https:\/\/web.gencat.cat\/ca\/tramits\/tramits-temes\/titols-academics-no-universitaris?category=742b7874-a82c-11e3-a972-000c29052e2c\" target=\"_blank\" rel=\"noopener\">Acc\u00e9s al formulari de tramitaci\u00f3 de t\u00edtols acad\u00e8mics i professionals no universitaris<\/a><\/strong><\/h4>\n<p>&nbsp;<\/p>\n<p style=\"text-align: justify;\"><span style=\"font-weight: 400;\">Els estudis de Batxillerat s\u00f3n estudis postobligatoris i, a difer\u00e8ncia del t\u00edtol de graduat en educaci\u00f3 secund\u00e0ria obligat\u00f2ria, per sol\u00b7licitar el t\u00edtol cal abonar la <\/span><a href=\"https:\/\/educacio.gencat.cat\/ca\/departament\/normativa\/taxes-preus-publics\/taxes\"><span style=\"font-weight: 400;\">taxa per l&#8217;expedici\u00f3 de t\u00edtols acad\u00e8mics i professionals<\/span><\/a><span style=\"font-weight: 400;\">.<\/span><\/p>\n<p>Amb aquest tr\u00e0mit pots demanar una primera expedici\u00f3 del teu t\u00edtol, un duplicat o una actualitzaci\u00f3 d&#8217;un t\u00edtol.<\/p>\n<ul>\n<li>Una\u00a0<strong>primera expedici\u00f3<\/strong>\u00a0\u00e9s la sol\u00b7licitud d&#8217;un t\u00edtol per primera vegada.<\/li>\n<li>Un\u00a0<strong>duplicat de t\u00edtol<\/strong>\u00a0\u00e9s un t\u00edtol exactament igual al t\u00edtol que se&#8217;t va lliurar inicialment.<\/li>\n<li>Una\u00a0<strong>actualitzaci\u00f3 de t\u00edtol<\/strong>\u00a0\u00e9s una c\u00f2pia del t\u00edtol expedit inicialment per\u00f2 amb modificaci\u00f3 d&#8217;una o m\u00e9s dades personals.<\/li>\n<\/ul>\n<p>Per poder reflectir una modificaci\u00f3 de les teves dades personals en un t\u00edtol acad\u00e8mic, cal que aquestes noves dades constin al teu document d&#8217;identitat.<\/p>\n<div class=\"list_needToKnow-group-item-title\"><strong><span class=\"list_needToKnow-group-item-span\" role=\"heading\" aria-level=\"3\">Requisits<\/span><\/strong><\/div>\n<div><\/div>\n<div class=\"wrapper_list_needToKnow-group-article\">\n<div class=\"link-dotted\">\n<div class=\"list_needToKnow-group-item-paragraph\">\n<ul>\n<li>Tenir dret a l&#8217;expedici\u00f3 d&#8217;un t\u00edtol de batxiller, o tenir-ne un d&#8217;expedit, o<\/li>\n<li>Tenir un t\u00edtol de graduat o graduada en educaci\u00f3 secund\u00e0ria obligat\u00f2ria, o<\/li>\n<li>Tenir un t\u00edtol professional b\u00e0sic de formaci\u00f3 professional.<\/li>\n<\/ul>\n<p>En tots els casos, ha de ser un t\u00edtol obtingut en un centre educatiu de Catalunya, ja sigui de forma presencial, a dist\u00e0ncia o a trav\u00e9s d&#8217;una prova lliure.<\/p>\n<\/div>\n<\/div>\n<\/div>\n<p><strong>Important<\/strong>:<\/p>\n<ol>\n<li>Si has finalitzat el batxillerat abans del curs 2016-2017, i vols sol\u00b7licitar el teu t\u00edtol per primera vegada, haur\u00e0s d&#8217;adre\u00e7ar-te pr\u00e8viament al centre on vas finalitzar l&#8217;ensenyament.<\/li>\n<li>Si el teu document d&#8217;identitat \u00e9s diferent del que tenies quan vas finalitzar els estudis, haur\u00e0s d&#8217;adre\u00e7ar-te al teu centre per tal que des de secretaria incorporin el teu nou document d&#8217;identitat al sistema. D&#8217;aquesta manera, quan accedeixis al tr\u00e0mit identificant-te amb el teu document d&#8217;identitat actual, podr\u00e0s visualitzar tot el que vas cursar amb el document d&#8217;identitat anterior.<\/li>\n<li>Quan el teu pagament s&#8217;hagi conciliat (triga entre 24 i 48 hores), la teva sol\u00b7licitud passar\u00e0 a l&#8217;estat &#8220;Registrada&#8221; i podr\u00e0s descarregar el teu resguard de t\u00edtol. Recorda que haur\u00e0s de passar per la secretaria del teu centre per tal que te&#8217;l signin i te&#8217;l segellin.<\/li>\n<\/ol>\n<p style=\"text-align: justify;\"><span style=\"font-weight: 400;\">El t\u00edtol impr\u00e8s en cartolina de mida DIN-A3 triga uns dos anys a arribar al centre. Un cop arriba al centre contactarem amb vosaltres enviant-vos un missatge de correu-e i\/o trucant-vos als tel\u00e8fons de contacte que heu informat.<\/span><\/p>\n<p style=\"text-align: right;\">Data d&#8217;actualitzaci\u00f3: 8.05.2025<\/p>\n","protected":false},"excerpt":{"rendered":"<p><a href=\"https:\/\/agora.xtec.cat\/ins-latalaia\/wp-content\/uploads\/usu2131\/2023\/02\/sollicitud-TITOL-BATXILLERAT-1.jpg\"><\/a><br \/>\n\u00a0 \u00a0 \u00a0\u00a0<a href=\"https:\/\/web.gencat.cat\/ca\/tramits\/tramits-temes\/titols-academics-no-universitaris?category=742b7874-a82c-11e3-a972-000c29052e2c\" target=\"_blank\" rel=\"noopener\">Acc\u00e9s al formulari de tramitaci\u00f3 de t\u00edtols acad\u00e8mics i professionals no universitaris<\/a><br \/>\n&nbsp;<br \/>\nEls estudis de Batxillerat s\u00f3n estudis postobligatoris i, a difer\u00e8ncia del t\u00edtol de graduat en educaci\u00f3 secund\u00e0ria obligat\u00f2ria, per sol\u00b7licitar el t\u00edtol cal abonar la <a href=\"https:\/\/educacio.gencat.cat\/ca\/departament\/normativa\/taxes-preus-publics\/taxes\">taxa per&hellip;  <a href=\"https:\/\/agora.xtec.cat\/ins-latalaia\/secretaria\/sollicitud-de-titol-destudis-postobligatoris\/sollicitud-de-titol-de-batxiller\/\" title=\"Read Sol\u00b7licitud de t\u00edtol de batxiller\">Llegeix m\u00e9s\u00bb<\/a><\/p>\n","protected":false},"author":50,"featured_media":0,"parent":1191,"menu_order":0,"comment_status":"closed","ping_status":"closed","template":"","meta":{"_bbp_topic_count":0,"_bbp_reply_count":0,"_bbp_total_topic_count":0,"_bbp_total_reply_count":0,"_bbp_voice_count":0,"_bbp_anonymous_reply_count":0,"_bbp_topic_count_hidden":0,"_bbp_reply_count_hidden":0,"_bbp_forum_subforum_count":0,"footnotes":""},"class_list":["post-1195","page","type-page","status-publish","hentry"],"post_mailing_queue_ids":[],"_links":{"self":[{"href":"https:\/\/agora.xtec.cat\/ins-latalaia\/wp-json\/wp\/v2\/pages\/1195","targetHints":{"allow":["GET"]}}],"collection":[{"href":"https:\/\/agora.xtec.cat\/ins-latalaia\/wp-json\/wp\/v2\/pages"}],"about":[{"href":"https:\/\/agora.xtec.cat\/ins-latalaia\/wp-json\/wp\/v2\/types\/page"}],"author":[{"embeddable":true,"href":"https:\/\/agora.xtec.cat\/ins-latalaia\/wp-json\/wp\/v2\/users\/50"}],"replies":[{"embeddable":true,"href":"https:\/\/agora.xtec.cat\/ins-latalaia\/wp-json\/wp\/v2\/comments?post=1195"}],"version-history":[{"count":7,"href":"https:\/\/agora.xtec.cat\/ins-latalaia\/wp-json\/wp\/v2\/pages\/1195\/revisions"}],"predecessor-version":[{"id":1975,"href":"https:\/\/agora.xtec.cat\/ins-latalaia\/wp-json\/wp\/v2\/pages\/1195\/revisions\/1975"}],"up":[{"embeddable":true,"href":"https:\/\/agora.xtec.cat\/ins-latalaia\/wp-json\/wp\/v2\/pages\/1191"}],"wp:attachment":[{"href":"https:\/\/agora.xtec.cat\/ins-latalaia\/wp-json\/wp\/v2\/media?parent=1195"}],"curies":[{"name":"wp","href":"https:\/\/api.w.org\/{rel}","templated":true}]}}